000
CXUS55 KPUB 011210
CF6LAA
PRELIMINARY LOCAL CLIMATOLOGICAL DATA (WS FORM: F-6)
STATION: LAMAR CO
MONTH: MARCH
YEAR: 2023
LATITUDE: 38 4 N
LONGITUDE: 102 41 W
TEMPERATURE IN F: :PCPN: SNOW: WIND :SUNSHINE: SKY :PK WND
================================================================================
1 2 3 4 5 6A 6B 7 8 9 10 11 12 13 14 15 16 17 18
12Z AVG MX 2MIN
DY MAX MIN AVG DEP HDD CDD WTR SNW DPTH SPD SPD DIR MIN PSBL S-S WX SPD DR
================================================================================
1 53 13 33 -5 32 0 0.00 M M 9.8 23 140 M M 1 36 140
2 42 20 31 -8 34 0 T M M 7.8 18 80 M M 5 1 23 70
3 59 15 37 -2 28 0 0.00 M M 8.2 24 20 M M 2 1 32 360
4 52 24 38 -2 27 0 0.00 M M 11.0 24 160 M M 2 33 170
5 73 31 52 12 13 0 0.00 M M 19.1 37 260 M M 1 51 270
6 55 22 39 -2 26 0 0.00 M M 10.2 25 90 M M 0 35 100
7 32 28 30 -11 35 0 0.00 M M 6.7 21 100 M M 10 1 28 90
8 41 29 35 -6 30 0 0.00 M M 8.3 21 130 M M 8 28 120
9 56 27 42 0 23 0 0.00 M M 7.6 18 20 M M 5 1 24 20
10 71 24 48 6 17 0 0.00 M M 10.0 23 200 M M 0 30 190
11 58 31 45 2 20 0 0.00 M M 11.3 29 10 M M 2 40 40
12 47 32 40 -3 25 0 0.00 M M 8.1 15 110 M M 8 22 60
13 52 27 40 -4 25 0 0.00 M M 11.3 22 130 M M 4 30 140
14 69 16 43 -1 22 0 0.00 M M 8.3 24 190 M M 0 35 180
15 77 31 54 10 11 0 0.00 M M 9.9 35 360 M M 0 46 360
16 58 18 38 -7 27 0 0.02 M M 17.4 38 10 M M 6 18 53 10
17 47 16 32 -13 33 0 0.00 M M 7.2 18 260 M M 5 29 270
18 49 10 30 -15 35 0 0.00 M M 9.2 22 360 M M 1 32 270
19 63 7 35 -11 30 0 0.00 M M 7.9 22 220 M M 0 30 210
20 65 27 46 0 19 0 0.00 M M 4.7 18 220 M M 0 24 220
21 64 24 44 -2 21 0 0.00 M M 7.5 21 270 M M 0 27 280
22 81 23 52 5 13 0 0.00 M M 15.9 38 240 M M 0 56 250
23 57 32 45 -2 20 0 T M M 10.6 25 160 M M 6 1 37 150
24 54 29 42 -6 23 0 T M M 6.5 22 270 M M 6 1 28 270
25 50 16 33 -15 32 0 0.00 M M 9.8 30 350 M M 1 42 350
26 51 12 32 -16 33 0 0.00 M M 9.2 22 180 M M 2 29 170
27 48 21 35 -13 30 0 0.00 M M 16.6 35 350 M M 1 1 49 340
28 56 9 33 -16 32 0 0.00 M M 12.1 28 180 M M 0 39 190
29 57 23 40 -9 25 0 0.00 M M 8.9 21 90 M M 0 30 90
30 83 19 51 2 14 0 0.00 M M 12.8 37 220 M M 0 58 220
31 65 30 48 -1 17 0 0.00 M M 17.3 41 290 M M 0 67 290
================================================================================
SM 1785 686 772 0 0.02 M 321.2 M 76
================================================================================
AV 57.6 22.1 10.4 FASTST M M 2 MAX(MPH)
MISC ----> 41 290 67 290
================================================================================
NOTES:
# LAST OF SEVERAL OCCURRENCES
COLUMN 17 PEAK WIND IN M.P.H.
PRELIMINARY LOCAL CLIMATOLOGICAL DATA (WS FORM: F-6) , PAGE 2
STATION: LAMAR CO
MONTH: MARCH
YEAR: 2023
LATITUDE: 38 4 N
LONGITUDE: 102 41 W
[TEMPERATURE DATA] [PRECIPITATION DATA] SYMBOLS USED IN COLUMN 16
AVERAGE MONTHLY: 39.9 TOTAL FOR MONTH: 0.02 1 = FOG OR MIST
DPTR FM NORMAL: -4.5 DPTR FM NORMAL: -0.57 2 = FOG REDUCING VISIBILITY
HIGHEST: 83 ON 30 GRTST 24HR 0.02 ON 16-16 TO 1/4 MILE OR LESS
LOWEST: 7 ON 19 3 = THUNDER
SNOW, ICE PELLETS, HAIL 4 = ICE PELLETS
TOTAL MONTH: M 5 = HAIL
GRTST 24HR M ON M 6 = FREEZING RAIN OR DRIZZLE
GRTST DEPTH: M ON M 7 = DUSTSTORM OR SANDSTORM:
VSBY 1/2 MILE OR LESS
8 = SMOKE OR HAZE
[NO. OF DAYS WITH] [WEATHER - DAYS WITH] 9 = BLOWING SNOW
X = TORNADO
MAX 32 OR BELOW: 1 0.01 INCH OR MORE: 1
MAX 90 OR ABOVE: 0 0.10 INCH OR MORE: 0
MIN 32 OR BELOW: 31 0.50 INCH OR MORE: 0
MIN 0 OR BELOW: 0 1.00 INCH OR MORE: 0
[HDD (BASE 65) ]
TOTAL THIS MO. 772 CLEAR (SCALE 0-3) 21
DPTR FM NORMAL 133 PTCLDY (SCALE 4-7) 9
TOTAL FM JUL 1 5124 CLOUDY (SCALE 8-10) 1
DPTR FM NORMAL 363
[CDD (BASE 65) ]
TOTAL THIS MO. 0
DPTR FM NORMAL -1 [PRESSURE DATA]
TOTAL FM JAN 1 0 HIGHEST SLP 30.50 ON 28
DPTR FM NORMAL -1 LOWEST SLP 29.25 ON 30
[REMARKS]
#FINAL-03-23#