000
CXUS55 KPUB 011210
CF6LAA
PRELIMINARY LOCAL CLIMATOLOGICAL DATA (WS FORM: F-6)
STATION: LAMAR CO
MONTH: AUGUST
YEAR: 2021
LATITUDE: 38 4 N
LONGITUDE: 102 41 W
TEMPERATURE IN F: :PCPN: SNOW: WIND :SUNSHINE: SKY :PK WND
================================================================================
1 2 3 4 5 6A 6B 7 8 9 10 11 12 13 14 15 16 17 18
12Z AVG MX 2MIN
DY MAX MIN AVG DEP HDD CDD WTR SNW DPTH SPD SPD DIR MIN PSBL S-S WX SPD DR
================================================================================
1 81 62 72 -7 0 7 0.35 M M 6.2 15 50 M M 7 18 23 60
2 88 59 74 -5 0 9 0.00 M M 7.7 22 190 M M 1 18 34 180
3 93 65 79 1 0 14 0.01 M M 10.5 26 210 M M 2 3 41 210
4 81 60 71 -7 0 6 0.41 M M 6.7 23 150 M M 5 13 33 120
5 92 56 74 -4 0 9 0.00 M M 4.6 13 160 M M 1 128 18 150
6 101 59 80 2 0 15 0.00 M M 7.1 18 190 M M 0 27 190
7 99 57 78 0 0 13 0.00 M M 9.2 28 40 M M 0 8 37 50
8 96 55 76 -2 0 11 0.00 M M 8.1 17 270 M M 0 8 22 160
9 102 61 82 4 0 17 0.00 M M 5.8 15 170 M M 0 8 21 160
10 98 61 80 2 0 15 0.00 M M 6.4 16 360 M M 0 22 350
11 102 59 81 4 0 16 0.00 M M 6.8 17 160 M M 0 22 160
12 102 58 80 3 0 15 0.29 M M 6.5 31 20 M M 1 38 43 10
13 87 62 75 -2 0 10 0.00 M M 7.9 16 120 M M 1 22 130
14 95 57 76 -1 0 11 0.00 M M 11.2 22 190 M M 0 31 210
15 98 64 81 4 0 16 T M M 8.5 35 340 M M 1 3 46 340
16 94 56 75 -2 0 10 0.00 M M 7.9 26 170 M M 0 35 170
17 95 52 74 -2 0 9 0.00 M M 8.3 22 130 M M 1 12 29 160
18 95 63 79 3 0 14 0.00 M M 16.1 28 160 M M 0 40 180
19 100 68 84 8 0 19 0.00 M M 11.6 26 160 M M 1 39 170
20 91 57 74 -2 0 9 0.00 M M 8.6 20 70 M M 1 24 80
21 88 63 76 0 0 11 0.00 M M 11.3 23 120 M M 3 32 140
22 104 63 84 8 0 19 0.00 M M 10.9 24 250 M M 0 36 250
23 103 57 80 5 0 15 0.00 M M 7.9 17 250 M M 0 23 280
24 105 63 84 9 0 19 0.00 M M 9.3 20 300 M M 0 29 10
25 100 61 81 6 0 16 T M M 10.6 24 140 M M 1 3 34 90
26 105 69 87 12 0 22 T M M 12.7 36 210 M M 1 3 50 220
27 101 59 80 5 0 15 0.00 M M 9.5 28 200 M M 0 39 190
28 103 70 87 13 0 22 0.00 M M 12.6 24 190 M M 0 34 190
29 83 63 73 -1 0 8 0.00 M M 9.1 23 20 M M 4 32 20
30 98 60 79 5 0 14 0.00 M M 10.0 22 180 M M 0 30 180
31 103 54 79 5 0 14 0.00 M M 7.8 18 160 M M 0 26 180
================================================================================
SM 2983 1873 0 420 1.06 M 277.4 M 31
================================================================================
AV 96.2 60.4 8.9 FASTST M M 1 MAX(MPH)
MISC ----> 36 210 50 220
================================================================================
NOTES:
# LAST OF SEVERAL OCCURRENCES
COLUMN 17 PEAK WIND IN M.P.H.
PRELIMINARY LOCAL CLIMATOLOGICAL DATA (WS FORM: F-6) , PAGE 2
STATION: LAMAR CO
MONTH: AUGUST
YEAR: 2021
LATITUDE: 38 4 N
LONGITUDE: 102 41 W
[TEMPERATURE DATA] [PRECIPITATION DATA] SYMBOLS USED IN COLUMN 16
AVERAGE MONTHLY: 78.3 TOTAL FOR MONTH: 1.06 1 = FOG OR MIST
DPTR FM NORMAL: 1.8 DPTR FM NORMAL: -1.16 2 = FOG REDUCING VISIBILITY
HIGHEST: 105 ON 26,24 GRTST 24HR 0.44 ON 31- 1 TO 1/4 MILE OR LESS
LOWEST: 52 ON 17 3 = THUNDER
SNOW, ICE PELLETS, HAIL 4 = ICE PELLETS
TOTAL MONTH: M 5 = HAIL
GRTST 24HR M ON M 6 = FREEZING RAIN OR DRIZZLE
GRTST DEPTH: M ON M 7 = DUSTSTORM OR SANDSTORM:
VSBY 1/2 MILE OR LESS
8 = SMOKE OR HAZE
[NO. OF DAYS WITH] [WEATHER - DAYS WITH] 9 = BLOWING SNOW
X = TORNADO
MAX 32 OR BELOW: 0 0.01 INCH OR MORE: 4
MAX 90 OR ABOVE: 25 0.10 INCH OR MORE: 3
MIN 32 OR BELOW: 0 0.50 INCH OR MORE: 0
MIN 0 OR BELOW: 0 1.00 INCH OR MORE: 0
[HDD (BASE 65) ]
TOTAL THIS MO. 0 CLEAR (SCALE 0-3) 27
DPTR FM NORMAL -2 PTCLDY (SCALE 4-7) 4
TOTAL FM JUL 1 0 CLOUDY (SCALE 8-10) 0
DPTR FM NORMAL -1
[CDD (BASE 65) ]
TOTAL THIS MO. 420
DPTR FM NORMAL 62 [PRESSURE DATA]
TOTAL FM JAN 1 1169 HIGHEST SLP 30.25 ON 1
DPTR FM NORMAL 23 LOWEST SLP 29.53 ON 19
[REMARKS]
#FINAL-08-21#