000
CXUS55 KPUB 011951
CF6LAA
PRELIMINARY LOCAL CLIMATOLOGICAL DATA (WS FORM: F-6)
STATION: LAMAR CO
MONTH: AUGUST
YEAR: 2020
LATITUDE: 38 4 N
LONGITUDE: 102 41 W
TEMPERATURE IN F: :PCPN: SNOW: WIND :SUNSHINE: SKY :PK WND
================================================================================
1 2 3 4 5 6A 6B 7 8 9 10 11 12 13 14 15 16 17 18
12Z AVG MX 2MIN
DY MAX MIN AVG DEP HDD CDD WTR SNW DPTH SPD SPD DIR MIN PSBL S-S WX SPD DR
================================================================================
1 92 57 75 -3 0 10 0.27 M M 4.5 33 330 M M 1 3 46 330
2 87 59 73 -5 0 8 0.00 M M 10.8 21 100 M M 1 30 80
3 87 59 73 -4 0 8 0.00 M M 13.7 24 120 M M 2 31 120
4 93 59 76 -1 0 11 0.52 M M 15.7 38 140 M M 2 13 49 140
5 93 59 76 -1 0 11 T M M 9.7 23 170 M M 0 30 170
6 94 66 80 3 0 15 T M M 15.0 29 140 M M 1 13 45 20
7 101 59 80 3 0 15 0.00 M M 10.2 29 190 M M 0 41 210
8 102 64 83 6 0 18 0.00 M M 8.9 21 220 M M 0 30 210
9 104 59 82 5 0 17 0.00 M M 7.9 23 160 M M 0 30 160
10 97 60 79 2 0 14 0.00 M M 9.6 22 110 M M 0 33 130
11 102 59 81 5 0 16 T M M 12.3 28 190 M M 0 40 170
12 95 67 81 5 0 16 0.00 M M 12.4 25 70 M M 2 32 110
13 101 68 85 9 0 20 0.00 M M 8.6 22 150 M M 2 1 29 160
14 101 62 82 6 0 17 0.00 M M 9.3 31 80 M M 0 1 43 90
15 94 63 79 3 0 14 0.00 M M 11.1 23 130 M M 2 12 30 170
16 96 64 80 4 0 15 0.00 M M 11.1 36 70 M M 0 18 48 60
17 96 53 75 -1 0 10 0.00 M M 8.1 22 150 M M 0 29 140
18 102 56 79 4 0 14 0.00 M M 7.9 26 170 M M 0 37 170
19 94 70 82 7 0 17 T M M M M M M M 0 M M
20 97 62 80 5 0 15 0.02 M M M M M M M 1 3 M M
21 96 64 80 5 0 15 0.00 0.0 M 6.9 16 300 M M 1 8 21 310
22 102 56 79 5 0 14 0.00 0.0 M 6.9 23 160 M M 0 33 160
23 100 59 80 6 0 15 0.00 0.0 M 11.7 25 180 M M 0 36 180
24 103 66 85 11 0 20 0.00 0.0 M 13.1 29 180 M M 0 39 150
25 102 68 85 11 0 20 0.00 0.0 M M M M M M 0 M M
26 102 66 84 10 0 19 0.00 0.0 M M M M M M 0 M M
27 103 65 84 11 0 19 0.00 M M 8.8 16 130 M M 0 25 170
28 97 57 77 4 0 12 0.33 M M 12.3 30 170 M M 1 43 160
29 75 62 69 -4 0 4 T M M 6.5 15 160 M M 5 1 21 120
30 95 57 76 3 0 11 0.00 M M 5.7 17 190 M M 3 12 23 200
31 80 62 71 -1 0 6 T 0.0 0 11.6 28 120 M M 0 35 120
================================================================================
SM 2983 1907 0 436 1.14 0.0 270.3 M 24
================================================================================
AV 96.2 61.5 10.0 FASTST M M 1 MAX(MPH)
MISC ----> 38 140 49 140
================================================================================
NOTES:
COLUMN 3; SUPPLEMENTED LOW TEMPERATURES USING BACKUP COOP OBSERVER (05-4770)
SUPPLIED LOW TEMPERATURE ON 20TH, 25TH AND 26TH...DUE TO COMMS FAILURE RESULTING
IN DATA LOSS.
COLUMN 3; 8/19...LOW DETERMINED FROM 5 MIN OBS, IN CONJUCTION WITH DAILY SUMMARY
TRANSMITTED ON THE 20TH (WHICH ACTUALLY WAS THE LOW FROM THE 19TH).
COLUMN 17 PEAK WIND IN M.P.H.
PRELIMINARY LOCAL CLIMATOLOGICAL DATA (WS FORM: F-6) , PAGE 2
STATION: LAMAR CO
MONTH: AUGUST
YEAR: 2020
LATITUDE: 38 4 N
LONGITUDE: 102 41 W
[TEMPERATURE DATA] [PRECIPITATION DATA] SYMBOLS USED IN COLUMN 16
AVERAGE MONTHLY: 78.9 TOTAL FOR MONTH: 1.14 1 = FOG OR MIST
DPTR FM NORMAL: 3.5 DPTR FM NORMAL: -1.14 2 = FOG REDUCING VISIBILITY
HIGHEST: 104 ON 9 GRTST 24HR 0.52 ON 4-4 TO 1/4 MILE OR LESS
LOWEST: 53 ON 17 3 = THUNDER
SNOW, ICE PELLETS, HAIL 4 = ICE PELLETS
TOTAL MONTH: 0.0 INCH 5 = HAIL
GRTST 24HR 0.0 6 = FREEZING RAIN OR DRIZZLE
GRTST DEPTH: 0 7 = DUSTSTORM OR SANDSTORM:
VSBY 1/2 MILE OR LESS
8 = SMOKE OR HAZE
[NO. OF DAYS WITH] [WEATHER - DAYS WITH] 9 = BLOWING SNOW
X = TORNADO
MAX 32 OR BELOW: 0 0.01 INCH OR MORE: 4
MAX 90 OR ABOVE: 27 0.10 INCH OR MORE: 3
MIN 32 OR BELOW: 0 0.50 INCH OR MORE: 1
MIN 0 OR BELOW: 0 1.00 INCH OR MORE: 0
[HDD (BASE 65) ]
TOTAL THIS MO. 0 CLEAR (SCALE 0-3) 30
DPTR FM NORMAL -3 PTCLDY (SCALE 4-7) 1
TOTAL FM JUL 1 0 CLOUDY (SCALE 8-10) 0
DPTR FM NORMAL -2
[CDD (BASE 65) ]
TOTAL THIS MO. 436
DPTR FM NORMAL 111 [PRESSURE DATA]
TOTAL FM JAN 1 1435 HIGHEST SLP M ON M
DPTR FM NORMAL 446 LOWEST SLP 29.71 ON 31
[REMARKS]
#FINAL-08-20#