000
CXUS55 KPUB 011210
CF6LAA
PRELIMINARY LOCAL CLIMATOLOGICAL DATA (WS FORM: F-6)
STATION: LAMAR CO
MONTH: APRIL
YEAR: 2020
LATITUDE: 38 4 N
LONGITUDE: 102 41 W
TEMPERATURE IN F: :PCPN: SNOW: WIND :SUNSHINE: SKY :PK WND
================================================================================
1 2 3 4 5 6A 6B 7 8 9 10 11 12 13 14 15 16 17 18
12Z AVG MX 2MIN
DY MAX MIN AVG DEP HDD CDD WTR SNW DPTH SPD SPD DIR MIN PSBL S-S WX SPD DR
================================================================================
1 80 38 59 11 6 0 0.00 0.0 M 7.1 16 60 M M 0 24 70
2 48 26 37 -11 28 0 0.00 0.0 M 15.4 25 10 M M 9 35 350
3 50 23 37 -11 28 0 0.00 0.0 M 9.5 16 360 M M 4 24 20
4 68 19 44 -5 21 0 0.00 M M 11.4 26 130 M M 1 37 140
5 81 27 54 5 11 0 0.00 M M 8.3 24 190 M M 0 33 190
6 84 38 61 12 4 0 0.00 M M 7.8 24 290 M M 0 33 290
7 84 41 63 13 2 0 0.00 M M 7.9 15 160 M M 0 20 160
8 81 35 58 8 7 0 0.00 M M 10.4 25 30 M M 0 34 10
9 64 36 50 0 15 0 0.00 M M 8.7 20 80 M M 1 26 80
10 80 36 58 8 7 0 0.00 M M 11.3 33 210 M M 1 41 210
11 81 38 60 9 5 0 0.00 M M 10.4 22 260 M M 0 30 270
12 60 29 45 -6 20 0 T M M 21.6 38 20 M M 9 56 20
13 39 24 32 -19 33 0 T M M 10.4 20 140 M M 10 1 36 130
14 49 18 34 -18 31 0 T M M 6.8 16 260 M M 3 1 28 220
15 65 16 41 -11 24 0 0.00 M M 6.3 17 70 M M 1 25 80
16 52 26 39 -13 26 0 0.00 M M 12.9 30 360 M M 6 37 10
17 59 25 42 -11 23 0 T M M 7.1 20 200 M M 4 1 25 190
18 75 37 56 3 9 0 0.00 M M 9.8 32 340 M M 1 8 45 340
19 72 34 53 0 12 0 0.00 M M 6.8 18 10 M M 1 3 26 350
20 74 31 53 -1 12 0 0.00 M M 5.9 14 300 M M 0 20 340
21 63 35 49 -5 16 0 0.18 M M 9.4 32 200 M M 2 1 43 200
22 77 36 57 3 8 0 T M M 4.2 12 330 M M 2 1 30 320
23 78 39 59 5 6 0 0.01 0.0 M 8.3 33 360 M M M 52 310
24 68 41 55 0 10 0 0.03 0.0 M M 31 360 M M 6 40 360
25 68 32 50 -5 15 0 T 0.0 M 7.1 21 330 M M 6 29 330
26 84 38 61 5 4 0 0.00 0.0 M 7.4 20 20 M M 0 27 20
27 86 44 65 9 0 0 0.00 M M 7.8 18 180 M M 0 26 160
28 86 43 65 9 0 0 0.00 M M 12.3 32 40 M M 0 41 20
29 79 36 58 2 7 0 0.00 M M M 24 10 M M M 8 36 10
30 92 44 68 11 0 3 0.00 M M 5.9 59 180 M M M 29 19
================================================================================
SM 2127 985 390 3 0.22 0.0 258.2 M 67
================================================================================
AV 70.9 32.8 9.2 FASTST M M 2 MAX(MPH)
MISC ----> 59 180 56 20
================================================================================
NOTES:
# LAST OF SEVERAL OCCURRENCES
COLUMN 17 PEAK WIND IN M.P.H.
PRELIMINARY LOCAL CLIMATOLOGICAL DATA (WS FORM: F-6) , PAGE 2
STATION: LAMAR CO
MONTH: APRIL
YEAR: 2020
LATITUDE: 38 4 N
LONGITUDE: 102 41 W
[TEMPERATURE DATA] [PRECIPITATION DATA] SYMBOLS USED IN COLUMN 16
AVERAGE MONTHLY: 51.9 TOTAL FOR MONTH: 0.22 1 = FOG OR MIST
DPTR FM NORMAL: -0.3 DPTR FM NORMAL: -1.10 2 = FOG REDUCING VISIBILITY
HIGHEST: 92 ON 30 GRTST 24HR 0.18 ON 21-21 TO 1/4 MILE OR LESS
LOWEST: 16 ON 15 3 = THUNDER
SNOW, ICE PELLETS, HAIL 4 = ICE PELLETS
TOTAL MONTH: 0.0 INCH 5 = HAIL
GRTST 24HR 0.0 6 = FREEZING RAIN OR DRIZZLE
GRTST DEPTH: M ON M 7 = DUSTSTORM OR SANDSTORM:
VSBY 1/2 MILE OR LESS
8 = SMOKE OR HAZE
[NO. OF DAYS WITH] [WEATHER - DAYS WITH] 9 = BLOWING SNOW
X = TORNADO
MAX 32 OR BELOW: 0 0.01 INCH OR MORE: 3
MAX 90 OR ABOVE: 1 0.10 INCH OR MORE: 1
MIN 32 OR BELOW: 12 0.50 INCH OR MORE: 0
MIN 0 OR BELOW: 0 1.00 INCH OR MORE: 0
[HDD (BASE 65) ]
TOTAL THIS MO. 390 CLEAR (SCALE 0-3) 18
DPTR FM NORMAL -1 PTCLDY (SCALE 4-7) 6
TOTAL FM JUL 1 5116 CLOUDY (SCALE 8-10) 6
DPTR FM NORMAL -284
[CDD (BASE 65) ]
TOTAL THIS MO. 3
DPTR FM NORMAL -2 [PRESSURE DATA]
TOTAL FM JAN 1 3 HIGHEST SLP M ON M
DPTR FM NORMAL -2 LOWEST SLP 29.24 ON 11
[REMARKS]
#FINAL-04-20#