000
CXUS53 KIND 010600
CF6LAF
PRELIMINARY LOCAL CLIMATOLOGICAL DATA (WS FORM: F-6)
STATION: LAFAYETTE IN
MONTH: JUNE
YEAR: 2023
LATITUDE: 40 25 N
LONGITUDE: 86 56 W
TEMPERATURE IN F: :PCPN: SNOW: WIND :SUNSHINE: SKY :PK WND
================================================================================
1 2 3 4 5 6A 6B 7 8 9 10 11 12 13 14 15 16 17 18
12Z AVG MX 2MIN
DY MAX MIN AVG DEP HDD CDD WTR SNW DPTH SPD SPD DIR MIN PSBL S-S WX SPD DR
================================================================================
1 91 61 76 9 0 11 0.00 M M 4.1 16 100 M M 2 22 110
2 92 59 76 9 0 11 0.00 M M 5.8 16 80 M M 0 23 90
3 93 62 78 10 0 13 0.00 M M 6.1 15 60 M M 1 21 30
4 84 65 75 7 0 10 0.00 M M 10.8 18 60 M M 0 23 60
5 83 49 66 -2 0 1 0.00 M M 6.4 16 50 M M 0 8 20 50
6 88 51 70 2 0 5 T M M 4.5 20 20 M M 4 18 25 10
7 79 51 65 -4 0 0 0.00 M M 7.4 18 10 M M 3 8 28 10
8 78 43 61 -8 4 0 0.00 M M 5.1 17 20 M M 0 8 23 20
9 81 41 61 -8 4 0 0.00 M M 3.7 14 40 M M 0 20 50
10 85 49 67 -3 0 2 0.00 M M 3.9 15 240 M M 0 23 290
11 69 55 62 -8 3 0 0.12 M M 8.2 20 340 M M 7 1 29 340
12 69 51 60 -10 5 0 T M M 8.3 18 280 M M 7 25 290
13 70 55 63 -7 2 0 M M M 5.7 16 320 M M 9 1 23 340
14 77 58 68 -3 0 3 0.00 M M 5.0 12 330 M M 6 1 16 360
15 87 56 72 1 0 7 T M M 6.8 17 360 M M 2 18 25 20
16 74 50 62 -9 3 0 0.00 M M 6.9 14 40 M M 6 20 60
17 83 49 66 -5 0 1 0.00 M M 2.1 9 330 M M 1 1 14 330
18 85 54 70 -2 0 5 0.00 M M 3.3 14 100 M M 0 18 20 160
19 88 62 75 3 0 10 0.00 M M 9.0 18 90 M M 1 8 27 90
20 91 65 78 6 0 13 0.00 M M 12.2 28 100 M M 0 35 110
21 90 66 78 6 0 13 0.00 M M 11.6 25 80 M M 0 34 100
22 85 64 75 3 0 10 0.00 M M 8.0 20 100 M M 5 8 32 60
23 84 64 74 2 0 9 0.00 M M 2.4 10 290 M M 7 16 270
24 91 58 75 2 0 10 0.00 M M 2.6 13 290 M M 0 19 280
25 92 67 80 7 0 15 0.48 M M 11.3 26 250 M M 4 13 41 250
26 78 65 72 -1 0 7 T M M 12.9 24 280 M M 7 18 35 280
27 77 57 67 -6 0 2 0.00 M M 6.7 16 350 M M 9 18 23 310
28 82 52 67 -6 0 2 0.00 M M 3.0 13 130 M M 10 128 19 110
29 85 64 75 2 0 10 0.40 M M 5.5 35 260 M M 5 138 54 250
30 86 61 74 1 0 9 0.00 M M 3.1 22 270 M M 4 128 31 270
================================================================================
SM 2497 1704 21 179 1.00 M 192.4 M 100
================================================================================
AV 83.2 56.8 6.4 FASTST M M 3 MAX(MPH)
MISC ----> 35 260 54 250
================================================================================
NOTES:
# LAST OF SEVERAL OCCURRENCES
COLUMN 17 PEAK WIND IN M.P.H.
PRELIMINARY LOCAL CLIMATOLOGICAL DATA (WS FORM: F-6) , PAGE 2
STATION: LAFAYETTE IN
MONTH: JUNE
YEAR: 2023
LATITUDE: 40 25 N
LONGITUDE: 86 56 W
[TEMPERATURE DATA] [PRECIPITATION DATA] SYMBOLS USED IN COLUMN 16
AVERAGE MONTHLY: 70.0 TOTAL FOR MONTH: 1.00 1 = FOG OR MIST
DPTR FM NORMAL: -0.7 DPTR FM NORMAL: -3.56 2 = FOG REDUCING VISIBILITY
HIGHEST: 93 ON 3 GRTST 24HR 0.48 ON 25-25 TO 1/4 MILE OR LESS
LOWEST: 41 ON 9 3 = THUNDER
SNOW, ICE PELLETS, HAIL 4 = ICE PELLETS
TOTAL MONTH: M 5 = HAIL
GRTST 24HR M ON M 6 = FREEZING RAIN OR DRIZZLE
GRTST DEPTH: M ON M 7 = DUSTSTORM OR SANDSTORM:
VSBY 1/2 MILE OR LESS
8 = SMOKE OR HAZE
[NO. OF DAYS WITH] [WEATHER - DAYS WITH] 9 = BLOWING SNOW
X = TORNADO
MAX 32 OR BELOW: 0 0.01 INCH OR MORE: 3
MAX 90 OR ABOVE: 7 0.10 INCH OR MORE: 3
MIN 32 OR BELOW: 0 0.50 INCH OR MORE: 0
MIN 0 OR BELOW: 0 1.00 INCH OR MORE: 0
[HDD (BASE 65) ]
TOTAL THIS MO. 21 CLEAR (SCALE 0-3) 15
DPTR FM NORMAL -3 PTCLDY (SCALE 4-7) 12
TOTAL FM JUL 1 5133 CLOUDY (SCALE 8-10) 3
DPTR FM NORMAL -688
[CDD (BASE 65) ]
TOTAL THIS MO. 179
DPTR FM NORMAL -14 [PRESSURE DATA]
TOTAL FM JAN 1 253 HIGHEST SLP M ON M
DPTR FM NORMAL -14 LOWEST SLP 29.57 ON 25
[REMARKS]
#FINAL-06-23#