000
CXUS53 KGRR 011017
CF6LAN
PRELIMINARY LOCAL CLIMATOLOGICAL DATA (WS FORM: F-6)
STATION: LANSING
MONTH: JULY
YEAR: 2020
LATITUDE: 42 46 N
LONGITUDE: 84 36 W
TEMPERATURE IN F: :PCPN: SNOW: WIND :SUNSHINE: SKY :PK WND
================================================================================
1 2 3 4 5 6A 6B 7 8 9 10 11 12 13 14 15 16 17 18
12Z AVG MX 2MIN
DY MAX MIN AVG DEP HDD CDD WTR SNW DPTH SPD SPD DIR MIN PSBL S-S WX SPD DR
================================================================================
1 88 63 76 5 0 11 0.00 0.0 0 5.0 12 60 M M 1 16 130
2 93 64 79 8 0 14 0.00 0.0 0 3.2 12 360 M M 1 18 60
3 95 66 81 10 0 16 0.00 0.0 0 4.1 14 320 M M 1 23 300
4 89 67 78 7 0 13 0.00 0.0 0 4.5 13 30 M M 0 8 21 60
5 93 63 78 6 0 13 0.00 0.0 0 2.7 13 260 M M 2 18 17 220
6 94 67 81 9 0 16 0.00 0.0 0 2.7 13 240 M M 1 18 15 250
7 95 68 82 10 0 17 0.00 0.0 0 4.9 20 350 M M 1 27 340
8 94 68 81 9 0 16 0.06 0.0 0 3.3 24 180 M M 3 13 30 180
9 95 70 83 11 0 18 0.01 0.0 0 4.7 21 320 M M 1 13 30 290
10 81 69 75 3 0 10 1.41 0.0 0 7.2 22 310 M M 6 138 32 320
11 86 63 75 3 0 10 0.00 0.0 0 9.6 21 280 M M 1 29 290
12 82 60 71 -1 0 6 0.00 0.0 0 5.0 14 310 M M 4 18 320
13 81 57 69 -3 0 4 0.00 0.0 0 3.8 12 30 M M 2 16 30
14 84 59 72 0 0 7 0.00 0.0 0 4.6 14 210 M M 0 19 210
15 88 68 78 6 0 13 T 0.0 0 9.0 16 180 M M 1 22 190
16 79 68 74 2 0 9 0.43 0.0 0 5.2 12 60 M M 8 1 15 10
17 87 62 75 3 0 10 0.00 0.0 0 6.9 16 200 M M 0 22 250
18 91 66 79 7 0 14 0.00 0.0 0 9.8 23 200 M M 1 30 210
19 83 70 77 5 0 12 0.66 0.0 0 11.5 29 240 M M 1 138 42 250
20 84 66 75 3 0 10 0.00 0.0 0 8.3 20 270 M M 1 25 280
21 83 65 74 2 0 9 0.00 0.0 0 4.6 14 210 M M 6 19 200
22 84 67 76 4 0 11 0.00 0.0 0 10.0 20 250 M M 6 25 260
23 84 62 73 1 0 8 0.00 0.0 0 6.0 13 20 M M 4 12 16 50
24 83 59 71 -1 0 6 0.00 0.0 0 3.6 12 360 M M 0 16 70
25 88 61 75 4 0 10 0.00 0.0 0 4.1 13 260 M M 1 17 220
26 93 68 81 10 0 16 0.00 0.0 0 10.7 21 200 M M 1 27 270
27 87 67 77 6 0 12 T 0.0 0 11.1 20 260 M M 5 25 270
28 85 64 75 4 0 10 T 0.0 0 10.8 22 260 M M 1 31 280
29 86 66 76 5 0 11 0.35 0.0 0 7.4 16 260 M M 4 13 21 250
30 81 59 70 -1 0 5 0.00 0.0 0 5.0 10 70 M M 0 15 360
31 82 59 71 0 0 6 0.00 0.0 0 6.3 14 50 M M 1 18 60
================================================================================
SM 2698 2001 0 343 2.92 0.0 195.6 M 65
================================================================================
AV 87.0 64.6 6.3 FASTST M M 2 MAX(MPH)
MISC ----> # 29 240 # 42 250
================================================================================
NOTES:
# LAST OF SEVERAL OCCURRENCES
COLUMN 17 PEAK WIND IN M.P.H.
PRELIMINARY LOCAL CLIMATOLOGICAL DATA (WS FORM: F-6) , PAGE 2
STATION: LANSING
MONTH: JULY
YEAR: 2020
LATITUDE: 42 46 N
LONGITUDE: 84 36 W
[TEMPERATURE DATA] [PRECIPITATION DATA] SYMBOLS USED IN COLUMN 16
AVERAGE MONTHLY: 75.8 TOTAL FOR MONTH: 2.92 1 = FOG OR MIST
DPTR FM NORMAL: 4.3 DPTR FM NORMAL: 0.08 2 = FOG REDUCING VISIBILITY
HIGHEST: 95 ON 9, 7 GRTST 24HR 1.41 ON 10-10 TO 1/4 MILE OR LESS
LOWEST: 57 ON 13 3 = THUNDER
SNOW, ICE PELLETS, HAIL 4 = ICE PELLETS
TOTAL MONTH: 0.0 INCH 5 = HAIL
GRTST 24HR 0.0 6 = FREEZING RAIN OR DRIZZLE
GRTST DEPTH: 0 7 = DUSTSTORM OR SANDSTORM:
VSBY 1/2 MILE OR LESS
8 = SMOKE OR HAZE
[NO. OF DAYS WITH] [WEATHER - DAYS WITH] 9 = BLOWING SNOW
X = TORNADO
MAX 32 OR BELOW: 0 0.01 INCH OR MORE: 6
MAX 90 OR ABOVE: 9 0.10 INCH OR MORE: 4
MIN 32 OR BELOW: 0 0.50 INCH OR MORE: 2
MIN 0 OR BELOW: 0 1.00 INCH OR MORE: 1
[HDD (BASE 65) ]
TOTAL THIS MO. 0 CLEAR (SCALE 0-3) 23
DPTR FM NORMAL -11 PTCLDY (SCALE 4-7) 8
TOTAL FM JUL 1 0 CLOUDY (SCALE 8-10) 0
DPTR FM NORMAL -11
[CDD (BASE 65) ]
TOTAL THIS MO. 343
DPTR FM NORMAL 130 [PRESSURE DATA]
TOTAL FM JAN 1 572 HIGHEST SLP 30.20 ON 24
DPTR FM NORMAL 186 LOWEST SLP 29.72 ON 10
[REMARKS]
#FINAL-07-20#