000
CXUS55 KCYS 151039
CF6LAR
PRELIMINARY LOCAL CLIMATOLOGICAL DATA (WS FORM: F-6)
STATION: LARAMIE WYOMING AIRPORT
MONTH: AUGUST
YEAR: 2021
LATITUDE: 41 18 N
LONGITUDE: 105 40 W
TEMPERATURE IN F: :PCPN: SNOW: WIND :SUNSHINE: SKY :PK WND
================================================================================
1 2 3 4 5 6A 6B 7 8 9 10 11 12 13 14 15 16 17 18
12Z AVG MX 2MIN
DY MAX MIN AVG DEP HDD CDD WTR SNW DPTH SPD SPD DIR MIN PSBL S-S WX SPD DR
================================================================================
1 76 45 61 -4 4 0 0.00 M M 11.3 25 140 M M 0 18 33 140
2 81 45 63 -2 2 0 0.00 M M 7.3 18 220 M M 2 18 24 200
3 69 54 62 -3 3 0 0.16 M M 6.8 18 300 M M 9 13 23 300
4 75 49 62 -3 3 0 0.00 M M 8.1 23 310 M M 3 1 32 330
5 85 45 65 0 0 0 0.00 M M 6.9 17 260 M M 1 8 22 260
6 83 49 66 1 0 1 T M M 12.4 51 230 M M 2 77 250
7 73 49 61 -3 4 0 0.00 M M 10.4 22 320 M M 3 8 32 320
8 84 47 66 2 0 1 0.00 M M 9.3 18 260 M M 0 8 29 320
9 86 49 68 4 0 3 T M M 14.1 46 220 M M 1 8 77 230
10 83 47 65 1 0 0 0.00 M M 13.2 33 270 M M 0 8 45 270
11 85 43 64 0 1 0 0.00 M M 11.2 28 270 M M 0 37 260
12 81 46 64 0 1 0 0.00 M M 11.6 24 140 M M 0 32 150
13 83 50 67 3 0 2 0.05 M M 13.4 31 150 M M 1 3 40 140
14 87 50 69 6 0 4 0.00 M M 6.9 15 180 M M 2 21 360
15 83 51 67 4 0 2 0.21 M M 9.1 41 320 M M 4 3 52 310
16 83 44 64 1 1 0 0.00 M M 5.8 20 210 M M 0 25 210
17 87 49 68 5 0 3 0.00 M M 9.9 22 170 M M 1 29 160
18 83 53 68 6 0 3 0.14 M M 9.5 30 230 M M 4 13 36 230
19 73 51 62 0 3 0 T M M 10.7 33 230 M M 8 44 230
20 64 42 53 -9 12 0 0.03 M M 17.6 37 270 M M 5 1 50 270
21 74 40 57 -5 8 0 0.00 M M 18.3 38 200 M M 1 46 200
22 78 42 60 -2 5 0 0.00 M M 14.8 36 260 M M 1 55 250
23 81 42 62 1 3 0 0.00 M M 11.3 31 220 M M 0 41 230
24 83 44 64 3 1 0 0.00 M M 9.5 22 280 M M 0 37 210
25 84 44 64 3 1 0 0.00 M M 14.4 24 150 M M 0 8 36 230
26 80 48 64 3 1 0 0.11 M M 14.3 39 210 M M 2 3 55 200
27 83 45 64 4 1 0 0.00 M M 10.6 26 240 M M 1 36 210
28 83 42 63 3 2 0 0.00 M M 8.2 28 290 M M 0 36 290
29 74 46 60 0 5 0 0.00 M M 17.0 30 150 M M 0 40 150
30 84 42 63 3 2 0 0.00 M M 10.6 29 280 M M 0 8 39 280
31 85 45 65 5 0 0 0.00 M M 8.4 30 280 M M 1 49 290
================================================================================
SM 2493 1438 63 19 0.70 M 342.9 M 52
================================================================================
AV 80.4 46.4 11.1 FASTST M M 2 MAX(MPH)
MISC ----> 51 230 # 77 250
================================================================================
NOTES:
# LAST OF SEVERAL OCCURRENCES
COLUMN 17 PEAK WIND IN M.P.H.
PRELIMINARY LOCAL CLIMATOLOGICAL DATA (WS FORM: F-6) , PAGE 2
STATION: LARAMIE WYOMING AIRPORT
MONTH: AUGUST
YEAR: 2021
LATITUDE: 41 18 N
LONGITUDE: 105 40 W
[TEMPERATURE DATA] [PRECIPITATION DATA] SYMBOLS USED IN COLUMN 16
AVERAGE MONTHLY: 63.4 TOTAL FOR MONTH: 0.70 1 = FOG OR MIST
DPTR FM NORMAL: 0.6 DPTR FM NORMAL: -0.44 2 = FOG REDUCING VISIBILITY
HIGHEST: 87 ON 17,14 GRTST 24HR 0.21 ON 15-15 TO 1/4 MILE OR LESS
LOWEST: 40 ON 21 3 = THUNDER
SNOW, ICE PELLETS, HAIL 4 = ICE PELLETS
TOTAL MONTH: M 5 = HAIL
GRTST 24HR M ON M 6 = FREEZING RAIN OR DRIZZLE
GRTST DEPTH: M ON M 7 = DUSTSTORM OR SANDSTORM:
VSBY 1/2 MILE OR LESS
8 = SMOKE OR HAZE
[NO. OF DAYS WITH] [WEATHER - DAYS WITH] 9 = BLOWING SNOW
X = TORNADO
MAX 32 OR BELOW: 0 0.01 INCH OR MORE: 6
MAX 90 OR ABOVE: 0 0.10 INCH OR MORE: 4
MIN 32 OR BELOW: 0 0.50 INCH OR MORE: 0
MIN 0 OR BELOW: 0 1.00 INCH OR MORE: 0
[HDD (BASE 65) ]
TOTAL THIS MO. 63 CLEAR (SCALE 0-3) 26
DPTR FM NORMAL -31 PTCLDY (SCALE 4-7) 4
TOTAL FM JUL 1 74 CLOUDY (SCALE 8-10) 1
DPTR FM NORMAL -75
[CDD (BASE 65) ]
TOTAL THIS MO. 19
DPTR FM NORMAL -5 [PRESSURE DATA]
TOTAL FM JAN 1 158 HIGHEST SLP 30.28 ON 1
DPTR FM NORMAL 75 LOWEST SLP 29.62 ON 31
[REMARKS]
#FINAL-08-21#