000
CXUS55 KCYS 061737
CF6LAR
PRELIMINARY LOCAL CLIMATOLOGICAL DATA (WS FORM: F-6)
STATION: LARAMIE WYOMING AIRPORT
MONTH: JANUARY
YEAR: 2021
LATITUDE: 41 18 N
LONGITUDE: 105 40 W
TEMPERATURE IN F: :PCPN: SNOW: WIND :SUNSHINE: SKY :PK WND
================================================================================
1 2 3 4 5 6A 6B 7 8 9 10 11 12 13 14 15 16 17 18
12Z AVG MX 2MIN
DY MAX MIN AVG DEP HDD CDD WTR SNW DPTH SPD SPD DIR MIN PSBL S-S WX SPD DR
================================================================================
1 29 0 15 -6 50 0 0.00 M M 5.7 13 360 M M 6 12 16 360
2 33 0 17 -5 48 0 0.00 M M 16.8 36 270 M M 1 45 270
3 35 18 27 5 38 0 0.00 M M 25.2 49 250 M M 1 59 250
4 39 21 30 8 35 0 0.00 M M 19.0 32 250 M M 1 41 240
5 36 14 25 3 40 0 T M M 14.5 32 310 M M 7 1 44 290
6 30 6 18 -4 47 0 0.00 M M 6.7 14 280 M M 0 17 280
7 37 8 23 1 42 0 0.00 M M 7.0 23 280 M M 2 30 270
8 27 5 16 -6 49 0 T M M 6.6 16 360 M M 4 8 21 350
9 24 1 13 -9 52 0 0.01 M M 4.0 12 80 M M 8 18 15 90
10 18 -8 5 -17 60 0 T M M 3.5 9 20 M M 7 128 13 30
11 29 -13 8 -14 57 0 T M M 5.0 20 360 M M 1 128 25 360
12 41 0 21 -1 44 0 0.00 M M 14.7 38 250 M M 0 51 250
13 47 20 34 12 31 0 0.01 M M 30.2 59 290 M M 2 12 81 290
14 24 10 17 -5 48 0 0.00 M M 26.9 40 310 M M 3 50 310
15 42 10 26 4 39 0 0.00 M M 18.9 40 310 M M 0 49 300
16 36 18 27 5 38 0 T M M 16.0 33 260 M M 5 41 270
17 39 14 27 5 38 0 0.00 M M 13.7 31 270 M M 8 42 270
18 30 8 19 -3 46 0 0.01 M M 14.0 32 320 M M 6 1 44 330
19 26 1 14 -8 51 0 0.00 M M 6.3 23 220 M M 2 29 210
20 42 21 32 10 33 0 0.00 M M 23.5 37 270 M M 1 50 240
21 41 27 34 12 31 0 0.00 M M 18.4 32 260 M M 4 43 260
22 40 24 32 10 33 0 T M M 11.2 21 150 M M 7 28 230
23 42 9 26 4 39 0 0.07 M M 7.9 23 300 M M 7 18 35 290
24 35 8 22 0 43 0 0.00 M M 8.4 17 230 M M 1 23 220
25 23 4 14 -8 51 0 0.02 M M 4.5 15 150 M M 6 18 19 150
26 15 3 9 -13 56 0 T M M 13.5 26 150 M M 9 19 32 160
27 36 3 20 -2 45 0 0.00 M M 19.7 39 240 M M 0 48 230
28 49 25 37 15 28 0 0.00 M M 15.3 30 230 M M 0 41 240
29 49 19 34 12 31 0 0.00 M M 18.7 46 230 M M 0 59 220
30 39 18 29 7 36 0 0.00 M M 10.6 26 300 M M 4 34 300
31 40 9 25 3 40 0 0.00 M M 6.3 17 240 M M 0 23 240
================================================================================
SM 1073 303 1319 0 0.12 M 412.7 M 103
================================================================================
AV 34.6 9.8 13.3 FASTST M M 3 MAX(MPH)
MISC ----> 59 290 81 290
================================================================================
NOTES:
# LAST OF SEVERAL OCCURRENCES
COLUMN 17 PEAK WIND IN M.P.H.
PRELIMINARY LOCAL CLIMATOLOGICAL DATA (WS FORM: F-6) , PAGE 2
STATION: LARAMIE WYOMING AIRPORT
MONTH: JANUARY
YEAR: 2021
LATITUDE: 41 18 N
LONGITUDE: 105 40 W
[TEMPERATURE DATA] [PRECIPITATION DATA] SYMBOLS USED IN COLUMN 16
AVERAGE MONTHLY: 22.2 TOTAL FOR MONTH: 0.12 1 = FOG OR MIST
DPTR FM NORMAL: 0.5 DPTR FM NORMAL: -0.15 2 = FOG REDUCING VISIBILITY
HIGHEST: 49 ON 29,28 GRTST 24HR 0.07 ON 23-23 TO 1/4 MILE OR LESS
LOWEST: -13 ON 11 3 = THUNDER
SNOW, ICE PELLETS, HAIL 4 = ICE PELLETS
TOTAL MONTH: M 5 = HAIL
GRTST 24HR M ON M 6 = FREEZING RAIN OR DRIZZLE
GRTST DEPTH: M ON M 7 = DUSTSTORM OR SANDSTORM:
VSBY 1/2 MILE OR LESS
8 = SMOKE OR HAZE
[NO. OF DAYS WITH] [WEATHER - DAYS WITH] 9 = BLOWING SNOW
X = TORNADO
MAX 32 OR BELOW: 11 0.01 INCH OR MORE: 5
MAX 90 OR ABOVE: 0 0.10 INCH OR MORE: 0
MIN 32 OR BELOW: 31 0.50 INCH OR MORE: 0
MIN 0 OR BELOW: 5 1.00 INCH OR MORE: 0
[HDD (BASE 65) ]
TOTAL THIS MO. 1319 CLEAR (SCALE 0-3) 16
DPTR FM NORMAL -23 PTCLDY (SCALE 4-7) 14
TOTAL FM JUL 1 4734 CLOUDY (SCALE 8-10) 1
DPTR FM NORMAL -273
[CDD (BASE 65) ]
TOTAL THIS MO. 0
DPTR FM NORMAL 0 [PRESSURE DATA]
TOTAL FM JAN 1 0 HIGHEST SLP 30.64 ON 11
DPTR FM NORMAL 0 LOWEST SLP 29.52 ON 29
[REMARKS]
#FINAL-01-21#