000
CXUS54 KLUB 220730
CF6LBB
PRELIMINARY LOCAL CLIMATOLOGICAL DATA (WS FORM: F-6)
STATION: LUBBOCK
MONTH: APRIL
YEAR: 2024
LATITUDE: 33 39 N
LONGITUDE: 101 49 W
TEMPERATURE IN F: :PCPN: SNOW: WIND :SUNSHINE: SKY :PK WND
================================================================================
1 2 3 4 5 6A 6B 7 8 9 10 11 12 13 14 15 16 17 18
12Z AVG MX 2MIN
DY MAX MIN AVG DEP HDD CDD WTR SNW DPTH SPD SPD DIR MIN PSBL S-S WX SPD DR
================================================================================
1 78 49 64 6 1 0 T 0.0 0 12.9 41 270 M M 7 53 270
2 63 37 50 -8 15 0 0.00 0.0 0 16.1 30 330 M M 3 50 10
3 77 34 56 -2 9 0 0.00 0.0 0 8.2 17 360 M M 0 25 350
4 84 42 63 5 2 0 0.00 0.0 0 9.9 24 200 M M 0 33 200
5 84 59 72 13 0 7 0.00 0.0 0 19.6 33 180 M M 4 46 180
6 73 50 62 3 3 0 0.00 0.0 0 21.5 45 260 M M 1 8 65 260
7 76 46 61 2 4 0 0.00 0.0 0 20.0 37 280 M M 1 56 270
8 72 36 54 -5 11 0 0.01 0.0 0 11.8 23 60 M M 7 31 70
9 54 44 49 -11 16 0 0.72 0.0 0 21.8 37 40 M M 9 13 51 50
10 68 44 56 -4 9 0 T 0.0 0 15.6 28 350 M M 5 37 340
11 71 42 57 -3 8 0 0.00 0.0 0 9.9 17 140 M M 0 24 150
12 85 45 65 5 0 0 0.00 0.0 0 14.7 28 170 M M 5 36 190
13 90 51 71 11 0 6 0.00 0.0 0 12.0 26 260 M M 3 33 260
14 91 55 73 12 0 8 0.00 0.0 0 9.5 25 240 M M 4 35 240
15 90 63 77 16 0 12 0.00 0.0 0 14.8 35 260 M M 5 50 260
16 84 53 69 8 0 4 0.00 0.0 0 16.2 33 280 M M 5 42 280
17 90 50 70 9 0 5 0.00 0.0 0 7.5 23 220 M M 4 33 240
18 71 51 61 -1 4 0 0.00 0.0 0 15.2 31 360 M M 3 8 40 360
19 63 43 53 -9 12 0 0.00 0.0 0 11.8 22 70 M M 9 29 70
20 55 40 48 -14 17 0 0.49 0.0 0 14.8 28 40 M M 10 13 36 50
21 61 44 53 -9 12 0 0.00 0.0 0 8.5 18 80 M M 6 26 80
================================================================================
SM 1580 978 123 42 1.22 0.0 292.3 M 91
================================================================================
AV 75.2 46.6 13.9 FASTST M M 4 MAX(MPH)
MISC ----> 45 260 65 260
================================================================================
NOTES:
# LAST OF SEVERAL OCCURRENCES
COLUMN 17 PEAK WIND IN M.P.H.
PRELIMINARY LOCAL CLIMATOLOGICAL DATA (WS FORM: F-6) , PAGE 2
STATION: LUBBOCK
MONTH: APRIL
YEAR: 2024
LATITUDE: 33 39 N
LONGITUDE: 101 49 W
[TEMPERATURE DATA] [PRECIPITATION DATA] SYMBOLS USED IN COLUMN 16
AVERAGE MONTHLY: 60.9 TOTAL FOR MONTH: 1.22 1 = FOG OR MIST
DPTR FM NORMAL: 0.9 DPTR FM NORMAL: 0.38 2 = FOG REDUCING VISIBILITY
HIGHEST: 91 ON 14 GRTST 24HR 0.73 ON 8- 9 TO 1/4 MILE OR LESS
LOWEST: 34 ON 3 3 = THUNDER
SNOW, ICE PELLETS, HAIL 4 = ICE PELLETS
TOTAL MONTH: 0.0 INCH 5 = HAIL
GRTST 24HR 0.0 6 = FREEZING RAIN OR DRIZZLE
GRTST DEPTH: 0 7 = DUSTSTORM OR SANDSTORM:
VSBY 1/2 MILE OR LESS
8 = SMOKE OR HAZE
[NO. OF DAYS WITH] [WEATHER - DAYS WITH] 9 = BLOWING SNOW
X = TORNADO
MAX 32 OR BELOW: 0 0.01 INCH OR MORE: 3
MAX 90 OR ABOVE: 4 0.10 INCH OR MORE: 2
MIN 32 OR BELOW: 0 0.50 INCH OR MORE: 1
MIN 0 OR BELOW: 0 1.00 INCH OR MORE: 0
[HDD (BASE 65) ]
TOTAL THIS MO. 123 CLEAR (SCALE 0-3) 6
DPTR FM NORMAL -13 PTCLDY (SCALE 4-7) 12
TOTAL FM JUL 1 2818 CLOUDY (SCALE 8-10) 3
DPTR FM NORMAL -350
[CDD (BASE 65) ]
TOTAL THIS MO. 42
DPTR FM NORMAL 11 [PRESSURE DATA]
TOTAL FM JAN 1 46 HIGHEST SLP M ON M
DPTR FM NORMAL 5 LOWEST SLP 29.45 ON 15
[REMARKS]