000
CXUS52 KILM 021337
CLMLBT
CLIMATE REPORT
NATIONAL WEATHER SERVICE WILMINGTON NC
937 AM EDT MON OCT 02 2023
...................................
...THE LUMBERTON NORTH CAROLINA CLIMATE SUMMARY FOR THE MONTH OF SEPTEMBER 2023...
CLIMATE NORMAL PERIOD 1991 TO 2020
CLIMATE RECORD PERIOD 1903 TO 2023
WEATHER OBSERVED NORMAL DEPART LAST YEAR`S
VALUE DATE(S) VALUE FROM VALUE DATE(S)
NORMAL
................................................................
TEMPERATURE (F)
RECORD
HIGH 104 09/04/1925
LOW 35 09/23/1983
HIGHEST 96 09/06 MM MM 96
LOWEST 51 09/16 MM MM 44
AVG. MAXIMUM 84.1 84.2 -0.1 86.7
AVG. MINIMUM 62.7 64.8 -2.1 63.6
MEAN 73.4 74.5 -1.1 75.2
DAYS MAX >= 90 5 7.2 -2.2 13
DAYS MAX <= 32 0 0.0 0.0 0
DAYS MIN <= 32 0 0.0 0.0 0
DAYS MIN <= 0 0 0.0 0.0 0
PRECIPITATION (INCHES)
RECORD
MAXIMUM 19.00 2018
MINIMUM 0.26 1985
TOTALS 2.23 4.93 -2.70
DAILY AVG. 0.07 0.16 -0.09
DAYS >= .01 6 10.3 -4.3
DAYS >= .10 5 6.1 -1.1
DAYS >= .50 3 2.7 0.3
DAYS >= 1.00 0 1.2 -1.2
GREATEST
24 HR. TOTAL 0.93 09/09 TO 09/10 3.47 09/29 TO 09/30
STORM TOTAL 0.93
(MM/DD(HH))
DEGREE DAYS
HEATING TOTAL 1 7 -6 6
SINCE 7/1 1 5 -4
COOLING TOTAL 263 292 -29 317
SINCE 1/1 1910 1985 -75
FREEZE DATES
RECORD
EARLIEST 10/03/1981
LATEST 05/10/1980
EARLIEST MM
LATEST 03/21
................................................................
WIND (MPH)
AVERAGE WIND SPEED 4.8
RESULTANT WIND SPEED/DIRECTION 2/020
HIGHEST WIND SPEED/DIRECTION 25/350 DATE 09/22
HIGHEST GUST SPEED/DIRECTION 39/350 DATE 09/22
39/330 09/23
SKY COVER
AVERAGE SKY COVER 0.29
AVERAGE RH (PERCENT) 76
WEATHER CONDITIONS. NUMBER OF DAYS WITH
THUNDERSTORM 3 MIXED PRECIP MM
HEAVY RAIN 5 RAIN 6
LIGHT RAIN 7 FREEZING RAIN 0
LT FREEZING RAIN 0 HAIL MM
HEAVY SNOW 0 SNOW 0
LIGHT SNOW 0 SLEET MM
FOG 15 FOG W/VIS <= 1/4 MILE 3
HAZE 0
- INDICATES NEGATIVE NUMBERS.
R INDICATES RECORD WAS SET OR TIED.
MM INDICATES DATA IS MISSING.
T INDICATES TRACE AMOUNT.
$$