000
CXUS54 KHGX 020623
CF6LBX
PRELIMINARY LOCAL CLIMATOLOGICAL DATA (WS FORM: F-6)
STATION: ANGLETON/LAKE_JACKS
MONTH: JANUARY
YEAR: 2022
LATITUDE: 29 6 N
LONGITUDE: 95 28 W
TEMPERATURE IN F: :PCPN: SNOW: WIND :SUNSHINE: SKY :PK WND
================================================================================
1 2 3 4 5 6A 6B 7 8 9 10 11 12 13 14 15 16 17 18
12Z AVG MX 2MIN
DY MAX MIN AVG DEP HDD CDD WTR SNW DPTH SPD SPD DIR MIN PSBL S-S WX SPD DR
================================================================================
1 82 69 76 21 0 11 T 0.0 0 12.7 23 200 M M 8 128 38 190
2 72 35 54 -1 11 0 T 0.0 0 15.4 28 340 M M 5 12 40 360
3 55 28 42 -13 23 0 0.00 0.0 0 3.8 14 10 M M 0 17 20
4 68 33 51 -4 14 0 0.00 0.0 0 6.5 20 180 M M 2 26 200
5 78 47 63 8 2 0 0.00 0.0 0 3.6 17 190 M M 4 12 26 200
6 77 45 61 6 4 0 0.00 0.0 0 5.8 16 360 M M 6 12 23 10
7 61 40 51 -4 14 0 T 0.0 0 9.8 16 90 M M 8 18 26 100
8 78 61 70 15 0 5 0.08 0.0 0 15.2 29 170 M M 10 1 38 160
9 84 57 71 16 0 6 0.05 0.0 0 12.1 24 180 M M 8 13 31 190
10 64 43 54 -1 11 0 0.00 0.0 0 14.2 23 10 M M 4 34 20
11 60 36 48 -7 17 0 0.00 0.0 0 7.3 16 50 M M 3 21 30
12 63 46 55 0 10 0 0.00 0.0 0 2.8 10 40 M M 9 1 16 360
13 74 40 57 2 8 0 0.00 0.0 0 2.3 10 320 M M 0 18 17 300
14 76 41 59 4 6 0 0.00 0.0 0 4.7 17 190 M M 3 128 26 200
15 62 40 51 -4 14 0 T 0.0 0 13.5 30 340 M M 1 1 51 340
16 58 34 46 -9 19 0 0.00 0.0 0 5.5 15 330 M M 0 27 320
17 70 31 51 -4 14 0 0.00 0.0 0 2.4 13 150 M M 0 17 160
18 76 43 60 5 5 0 0.00 0.0 0 9.2 25 180 M M 5 34 190
19 79 60 70 15 0 5 0.62 0.0 0 12.3 24 190 M M 8 13 35 200
20 60 40 50 -5 15 0 0.02 0.0 0 15.9 28 10 M M 10 13 37 360
21 50 32 41 -14 24 0 0.06 0.0 0 8.1 20 360 M M 5 26 360
22 57 28 43 -12 22 0 0.00 0.0 0 7.7 15 20 M M 0 20 10
23 59 33 46 -9 19 0 0.00 0.0 0 2.7 12 50 M M 9 17 40
24 56 48 52 -3 13 0 0.39 0.0 0 6.2 15 10 M M 10 1 20 20
25 58 48 53 -2 12 0 0.00 0.0 0 8.3 17 10 M M 10 1 21 360
26 56 42 49 -7 16 0 0.00 0.0 0 7.4 16 40 M M 8 25 40
27 66 43 55 -1 10 0 0.00 0.0 0 4.8 13 60 M M 6 15 60
28 61 36 49 -7 16 0 T 0.0 0 8.4 21 360 M M 4 27 20
29 63 30 47 -9 18 0 0.00 0.0 0 3.4 15 170 M M 0 19 190
30 72 35 54 -2 11 0 0.00 0.0 0 5.0 17 190 M M 2 18 23 180
31 65 59 62 6 3 0 1.56 0.0 0 9.1 17 100 M M 9 13 26 110
================================================================================
SM 2060 1303 351 27 2.78 0.0 246.1 M 157
================================================================================
AV 66.5 42.0 7.9 FASTST M M 5 MAX(MPH)
MISC ----> 30 340 51 340
================================================================================
NOTES:
# LAST OF SEVERAL OCCURRENCES
COLUMN 17 PEAK WIND IN M.P.H.
PRELIMINARY LOCAL CLIMATOLOGICAL DATA (WS FORM: F-6) , PAGE 2
STATION: ANGLETON/LAKE_JACKS
MONTH: JANUARY
YEAR: 2022
LATITUDE: 29 6 N
LONGITUDE: 95 28 W
[TEMPERATURE DATA] [PRECIPITATION DATA] SYMBOLS USED IN COLUMN 16
AVERAGE MONTHLY: 54.2 TOTAL FOR MONTH: 2.78 1 = FOG OR MIST
DPTR FM NORMAL: -0.9 DPTR FM NORMAL: -1.41 2 = FOG REDUCING VISIBILITY
HIGHEST: 84 ON 9 GRTST 24HR 4.43 ON 8- 9 TO 1/4 MILE OR LESS
LOWEST: 28 ON 22, 3 3 = THUNDER
SNOW, ICE PELLETS, HAIL 4 = ICE PELLETS
TOTAL MONTH: 0.0 INCH 5 = HAIL
GRTST 24HR 0.0 6 = FREEZING RAIN OR DRIZZLE
GRTST DEPTH: 0 7 = DUSTSTORM OR SANDSTORM:
VSBY 1/2 MILE OR LESS
8 = SMOKE OR HAZE
[NO. OF DAYS WITH] [WEATHER - DAYS WITH] 9 = BLOWING SNOW
X = TORNADO
MAX 32 OR BELOW: 0 0.01 INCH OR MORE: 7
MAX 90 OR ABOVE: 0 0.10 INCH OR MORE: 3
MIN 32 OR BELOW: 5 0.50 INCH OR MORE: 2
MIN 0 OR BELOW: 0 1.00 INCH OR MORE: 1
[HDD (BASE 65) ]
TOTAL THIS MO. 351 CLEAR (SCALE 0-3) 11
DPTR FM NORMAL 19 PTCLDY (SCALE 4-7) 10
TOTAL FM JUL 1 531 CLOUDY (SCALE 8-10) 10
DPTR FM NORMAL -237
[CDD (BASE 65) ]
TOTAL THIS MO. 27
DPTR FM NORMAL 4 [PRESSURE DATA]
TOTAL FM JAN 1 27 HIGHEST SLP 30.57 ON 3
DPTR FM NORMAL 4 LOWEST SLP 29.66 ON 1
[REMARKS]
#FINAL-01-22#