000
CXUS54 KLCH 010830
CF6LCH
PRELIMINARY LOCAL CLIMATOLOGICAL DATA (WS FORM: F-6)
STATION: LAKE CHARLES
MONTH: APRIL
YEAR: 2023
LATITUDE: 30 7 N
LONGITUDE: 93 13 W
TEMPERATURE IN F: :PCPN: SNOW: WIND :SUNSHINE: SKY :PK WND
================================================================================
1 2 3 4 5 6A 6B 7 8 9 10 11 12 13 14 15 16 17 18
12Z AVG MX 2MIN
DY MAX MIN AVG DEP HDD CDD WTR SNW DPTH SPD SPD DIR MIN PSBL S-S WX SPD DR
================================================================================
1 88 63 76 10 0 11 0.00 0.0 0 5.4 14 320 M M 4 18 21 230
2 83 63 73 7 0 8 T 0.0 M 11.0 18 180 M M 4 26 190
3 81 72 77 10 0 12 0.00 0.0 M 12.9 23 200 M M 8 1 31 200
4 84 72 78 11 0 13 0.00 0.0 M 18.1 30 150 M M 6 18 40 170
5 82 73 78 11 0 13 0.00 0.0 M 14.3 30 170 M M 6 18 39 160
6 75 56 66 -1 0 1 5.74 0.0 M 14.4 32 20 M M 8 13 42 20
7 63 55 59 -8 6 0 1.77 0.0 M 12.5 25 50 M M 10 13 36 50
8 71 53 62 -6 3 0 0.00 0.0 M 9.4 17 60 M M 9 1 23 10
9 65 58 62 -6 3 0 0.00 0.0 M 8.5 16 50 M M 10 1 20 50
10 70 57 64 -4 1 0 0.00 0.0 M 8.1 16 50 M M 7 20 50
11 76 59 68 0 0 3 0.22 0.0 M 10.1 23 140 M M 8 13 32 60
12 76 56 66 -2 0 1 T 0.0 M 9.3 23 50 M M 4 29 70
13 73 52 63 -6 2 0 0.00 0.0 M 5.1 20 50 M M 3 25 50
14 78 53 66 -3 0 1 0.00 0.0 M 7.5 17 170 M M 3 1 24 190
15 80 64 72 3 0 7 0.89 0.0 M 7.7 24 330 M M 5 138 36 320
16 73 53 63 -6 2 0 0.00 0.0 M 11.9 24 10 M M 0 3 31 360
17 74 47 61 -8 4 0 0.00 0.0 M 4.9 13 160 M M 0 16 150
18 71 54 63 -7 2 0 0.00 0.0 M 8.1 22 150 M M 1 27 150
19 80 58 69 -1 0 4 0.00 0.0 0 10.2 18 160 M M 5 1 25 160
20 81 64 73 3 0 8 0.00 0.0 0 12.1 21 160 M M 6 1 29 170
21 76 63 70 0 0 5 0.96 0.0 M 9.6 26 330 M M 5 13 37 330
22 77 53 65 -5 0 0 0.00 0.0 0 9.4 20 70 M M 2 24 70
23 66 56 61 -10 4 0 0.00 0.0 M 12.6 22 40 M M 4 29 40
24 73 54 64 -7 1 0 0.00 0.0 M 12.0 18 50 M M 4 32 30
25 77 56 67 -4 0 2 0.00 0.0 0 7.0 15 70 M M 4 20 70
26 80 60 70 -1 0 5 0.00 0.0 0 7.8 17 150 M M 5 21 130
27 78 60 69 -3 0 4 0.91 0.0 M 9.0 30 330 M M 4 13 41 310
28 79 54 67 -5 0 2 0.00 0.0 M 5.6 14 120 M M 0 18 110
29 75 54 65 -7 0 0 0.00 0.0 M 15.0 26 320 M M 5 41 330
30 80 52 66 -6 0 1 0.00 0.0 M 8.2 16 240 M M 0 24 220
================================================================================
SM 2285 1744 28 101 10.49 0.0 297.7 M 140
================================================================================
AV 76.2 58.1 9.9 FASTST M M 5 MAX(MPH)
MISC ----> 32 20 42 20
================================================================================
NOTES:
# LAST OF SEVERAL OCCURRENCES
COLUMN 17 PEAK WIND IN M.P.H.
PRELIMINARY LOCAL CLIMATOLOGICAL DATA (WS FORM: F-6) , PAGE 2
STATION: LAKE CHARLES
MONTH: APRIL
YEAR: 2023
LATITUDE: 30 7 N
LONGITUDE: 93 13 W
[TEMPERATURE DATA] [PRECIPITATION DATA] SYMBOLS USED IN COLUMN 16
AVERAGE MONTHLY: 67.2 TOTAL FOR MONTH: 10.49 1 = FOG OR MIST
DPTR FM NORMAL: -1.9 DPTR FM NORMAL: 6.05 2 = FOG REDUCING VISIBILITY
HIGHEST: 88 ON 1 GRTST 24HR 7.24 ON 6- 7 TO 1/4 MILE OR LESS
LOWEST: 47 ON 17 3 = THUNDER
SNOW, ICE PELLETS, HAIL 4 = ICE PELLETS
TOTAL MONTH: 0.0 INCH 5 = HAIL
GRTST 24HR 0.0 6 = FREEZING RAIN OR DRIZZLE
GRTST DEPTH: 0 7 = DUSTSTORM OR SANDSTORM:
VSBY 1/2 MILE OR LESS
8 = SMOKE OR HAZE
[NO. OF DAYS WITH] [WEATHER - DAYS WITH] 9 = BLOWING SNOW
X = TORNADO
MAX 32 OR BELOW: 0 0.01 INCH OR MORE: 6
MAX 90 OR ABOVE: 0 0.10 INCH OR MORE: 6
MIN 32 OR BELOW: 0 0.50 INCH OR MORE: 5
MIN 0 OR BELOW: 0 1.00 INCH OR MORE: 2
[HDD (BASE 65) ]
TOTAL THIS MO. 28 CLEAR (SCALE 0-3) 8
DPTR FM NORMAL -6 PTCLDY (SCALE 4-7) 17
TOTAL FM JUL 1 1225 CLOUDY (SCALE 8-10) 5
DPTR FM NORMAL -87
[CDD (BASE 65) ]
TOTAL THIS MO. 101
DPTR FM NORMAL -58 [PRESSURE DATA]
TOTAL FM JAN 1 328 HIGHEST SLP 30.29 ON 10
DPTR FM NORMAL 60 LOWEST SLP 29.71 ON 29
[REMARKS]
#FINAL-04-23#