000
CXUS56 KLOX 011155
CF6LGB
PRELIMINARY LOCAL CLIMATOLOGICAL DATA (WS FORM: F-6)
STATION: LONG BEACH AIRPORT CA
MONTH: APRIL
YEAR: 2023
LATITUDE: 33 49 N
LONGITUDE: 118 9 W
TEMPERATURE IN F: :PCPN: SNOW: WIND :SUNSHINE: SKY :PK WND
================================================================================
1 2 3 4 5 6A 6B 7 8 9 10 11 12 13 14 15 16 17 18
12Z AVG MX 2MIN
DY MAX MIN AVG DEP HDD CDD WTR SNW DPTH SPD SPD DIR MIN PSBL S-S WX SPD DR
================================================================================
1 74 51 63 2 2 0 0.00 M M 4.7 17 290 M M 0 20 290
2 69 53 61 0 4 0 0.00 M M 5.4 14 310 M M 3 16 310
3 67 55 61 0 4 0 T M M 13.4 28 330 M M 4 36 330
4 67 53 60 -2 5 0 T M M 14.6 26 310 M M 0 33 310
5 72 49 61 -1 4 0 0.00 M M 5.0 18 290 M M 0 21 290
6 79 51 65 3 0 0 0.00 M M 6.5 21 290 M M 0 24 290
7 72 54 63 1 2 0 0.00 M M 6.1 14 300 M M 0 18 170
8 73 55 64 2 1 0 0.00 M M 5.4 17 310 M M 1 22 290
9 77 55 66 4 0 1 0.00 M M 4.6 14 310 M M 4 8 15 310
10 69 54 62 0 3 0 0.00 M M 4.6 12 150 M M 6 128 18 170
11 67 57 62 0 3 0 0.00 M M 4.7 12 180 M M 7 8 14 190
12 62 54 58 -4 7 0 0.05 M M 5.9 10 180 M M 9 18 14 150
13 61 54 58 -4 7 0 0.02 M M 6.0 14 160 M M 10 18 19 170
14 64 54 59 -3 6 0 T M M 6.9 13 200 M M 7 18 16 210
15 70 51 61 -1 4 0 0.00 M M 5.4 16 300 M M 0 20 300
16 65 52 59 -4 6 0 0.00 M M 3.3 12 320 M M 2 8 15 200
17 64 54 59 -4 6 0 0.00 M M 5.2 12 310 M M 8 16 210
18 66 56 61 -2 4 0 0.00 M M 6.4 16 290 M M 5 21 180
19 69 50 60 -3 5 0 0.00 M M 4.9 16 300 M M 0 20 310
20 81 52 67 4 0 2 0.00 M M 4.7 16 280 M M 0 19 280
21 89 56 73 10 0 8 0.00 M M 5.0 21 290 M M 0 24 290
22 80 57 69 6 0 4 0.00 M M 5.2 13 290 M M 0 15 290
23 66 59 63 -1 2 0 0.00 M M 6.6 13 210 M M 5 1 17 200
24 68 58 63 -1 2 0 0.00 M M 6.3 12 190 M M 8 16 210
25 68 58 63 -1 2 0 0.00 M M 6.4 12 300 M M 7 16 210
26 75 55 65 1 0 0 0.00 M M 5.5 14 280 M M 5 18 18 290
27 74 56 65 1 0 0 0.00 M M 4.9 12 300 M M 5 18 15 190
28 72 56 64 0 1 0 0.00 M M 4.9 12 300 M M 4 18 15 160
29 72 56 64 0 1 0 0.00 M M 5.1 13 310 M M 5 18 17 310
30 62 55 59 -5 6 0 0.01 M M 3.8 10 120 M M 10 18 13 160
================================================================================
SM 2114 1630 87 15 0.08 M 177.4 M 115
================================================================================
AV 70.5 54.3 5.9 FASTST M M 4 MAX(MPH)
MISC ----> 28 330 36 330
================================================================================
NOTES:
# LAST OF SEVERAL OCCURRENCES
COLUMN 17 PEAK WIND IN M.P.H.
PRELIMINARY LOCAL CLIMATOLOGICAL DATA (WS FORM: F-6) , PAGE 2
STATION: LONG BEACH AIRPORT CA
MONTH: APRIL
YEAR: 2023
LATITUDE: 33 49 N
LONGITUDE: 118 9 W
[TEMPERATURE DATA] [PRECIPITATION DATA] SYMBOLS USED IN COLUMN 16
AVERAGE MONTHLY: 62.4 TOTAL FOR MONTH: 0.08 1 = FOG OR MIST
DPTR FM NORMAL: -0.3 DPTR FM NORMAL: -0.48 2 = FOG REDUCING VISIBILITY
HIGHEST: 89 ON 21 GRTST 24HR 0.07 ON 12-13 TO 1/4 MILE OR LESS
LOWEST: 49 ON 5 3 = THUNDER
SNOW, ICE PELLETS, HAIL 4 = ICE PELLETS
TOTAL MONTH: M 5 = HAIL
GRTST 24HR M ON M 6 = FREEZING RAIN OR DRIZZLE
GRTST DEPTH: M ON M 7 = DUSTSTORM OR SANDSTORM:
VSBY 1/2 MILE OR LESS
8 = SMOKE OR HAZE
[NO. OF DAYS WITH] [WEATHER - DAYS WITH] 9 = BLOWING SNOW
X = TORNADO
MAX 32 OR BELOW: 0 0.01 INCH OR MORE: 3
MAX 90 OR ABOVE: 0 0.10 INCH OR MORE: 0
MIN 32 OR BELOW: 0 0.50 INCH OR MORE: 0
MIN 0 OR BELOW: 0 1.00 INCH OR MORE: 0
[HDD (BASE 65) ]
TOTAL THIS MO. 87 CLEAR (SCALE 0-3) 12
DPTR FM NORMAL -13 PTCLDY (SCALE 4-7) 15
TOTAL FM JUL 1 1097 CLOUDY (SCALE 8-10) 3
DPTR FM NORMAL -32
[CDD (BASE 65) ]
TOTAL THIS MO. 15
DPTR FM NORMAL -15 [PRESSURE DATA]
TOTAL FM JAN 1 16 HIGHEST SLP 30.15 ON 9
DPTR FM NORMAL -35 LOWEST SLP 29.77 ON 22
[REMARKS]
#FINAL-04-23#