000
CXUS56 KLOX 011255
CF6LGB
PRELIMINARY LOCAL CLIMATOLOGICAL DATA (WS FORM: F-6)
STATION: LONG BEACH AIRPORT CA
MONTH: DECEMBER
YEAR: 2021
LATITUDE: 33 49 N
LONGITUDE: 118 9 W
TEMPERATURE IN F: :PCPN: SNOW: WIND :SUNSHINE: SKY :PK WND
================================================================================
1 2 3 4 5 6A 6B 7 8 9 10 11 12 13 14 15 16 17 18
12Z AVG MX 2MIN
DY MAX MIN AVG DEP HDD CDD WTR SNW DPTH SPD SPD DIR MIN PSBL S-S WX SPD DR
================================================================================
1 68 48 58 0 7 0 0.00 M M 2.5 12 300 M M 5 128 13 300
2 62 52 57 -1 8 0 0.00 M M 3.1 9 300 M M 7 128 11 310
3 64 52 58 0 7 0 0.00 M M 3.6 14 280 M M 6 18 16 290
4 65 51 58 0 7 0 0.00 M M 3.6 13 290 M M 5 18 16 300
5 64 49 57 0 8 0 0.00 M M 1.6 6 290 M M 4 18 8 200
6 61 46 54 -3 11 0 0.00 M M 3.7 14 130 M M 7 128 14 150
7 64 52 58 1 7 0 0.02 M M 2.8 7 170 M M 6 18 10 160
8 67 49 58 1 7 0 0.00 M M 2.7 13 210 M M 2 18 15 200
9 59 53 56 -1 9 0 0.02 M M 7.5 16 270 M M 7 1 22 290
10 62 43 53 -4 12 0 0.00 M M 2.4 8 160 M M 0 1 15 150
11 68 44 56 -1 9 0 0.00 M M 3.8 9 220 M M 0 18 12 230
12 65 42 54 -2 11 0 0.00 M M 2.4 10 300 M M 0 8 12 300
13 61 46 54 -2 11 0 T M M 4.4 12 160 M M 8 18 15 160
14 60 43 52 -4 13 0 0.88 M M 12.7 29 290 M M 7 18 38 270
15 58 38 48 -8 17 0 0.00 M M 3.6 10 220 M M 0 13 200
16 58 40 49 -7 16 0 0.07 M M 3.4 10 300 M M 4 18 14 290
17 68 46 57 1 8 0 0.00 M M 2.9 12 300 M M 3 18 13 300
18 69 42 56 0 9 0 0.00 M M 3.7 10 290 M M 0 18 12 290
19 62 39 51 -5 14 0 0.00 M M 1.7 8 180 M M 0 18 12 160
20 66 41 54 -2 11 0 0.00 M M 1.4 8 280 M M 0 18 10 280
21 69 50 60 4 5 0 0.00 M M 1.6 9 320 M M 0 18 10 310
22 67 46 57 1 8 0 T M M 2.7 8 310 M M 2 18 10 310
23 58 52 55 -1 10 0 1.32 M M 6.8 21 130 M M 10 18 26 150
24 61 51 56 0 9 0 0.41 M M 6.4 18 270 M M 7 13 25 290
25 59 51 55 -1 10 0 0.29 M M 4.9 16 220 M M 9 1 23 220
26 59 46 53 -3 12 0 0.02 M M 5.4 18 280 M M 2 1 24 280
27 57 42 50 -6 15 0 0.04 M M 5.0 16 250 M M 5 1 23 220
28 56 47 52 -4 13 0 0.00 M M 5.8 17 210 M M 5 22 210
29 57 43 50 -6 15 0 0.60 M M 6.4 17 120 M M 8 1 22 130
30 56 50 53 -3 12 0 2.07 M M 6.9 18 130 M M 8 1 23 130
31 60 46 53 -4 12 0 0.00 M M 5.0 17 290 M M 3 1 20 290
================================================================================
SM 1930 1440 323 0 5.74 M 130.4 M 130
================================================================================
AV 62.3 46.5 4.2 FASTST M M 4 MAX(MPH)
MISC ----> 29 290 38 270
================================================================================
NOTES:
# LAST OF SEVERAL OCCURRENCES
COLUMN 17 PEAK WIND IN M.P.H.
PRELIMINARY LOCAL CLIMATOLOGICAL DATA (WS FORM: F-6) , PAGE 2
STATION: LONG BEACH AIRPORT CA
MONTH: DECEMBER
YEAR: 2021
LATITUDE: 33 49 N
LONGITUDE: 118 9 W
[TEMPERATURE DATA] [PRECIPITATION DATA] SYMBOLS USED IN COLUMN 16
AVERAGE MONTHLY: 54.4 TOTAL FOR MONTH: 5.74 1 = FOG OR MIST
DPTR FM NORMAL: -2.3 DPTR FM NORMAL: 3.59 2 = FOG REDUCING VISIBILITY
HIGHEST: 69 ON 21,18 GRTST 24HR 2.42 ON 29-30 TO 1/4 MILE OR LESS
LOWEST: 38 ON 15 3 = THUNDER
SNOW, ICE PELLETS, HAIL 4 = ICE PELLETS
TOTAL MONTH: M 5 = HAIL
GRTST 24HR M ON M 6 = FREEZING RAIN OR DRIZZLE
GRTST DEPTH: M ON M 7 = DUSTSTORM OR SANDSTORM:
VSBY 1/2 MILE OR LESS
8 = SMOKE OR HAZE
[NO. OF DAYS WITH] [WEATHER - DAYS WITH] 9 = BLOWING SNOW
X = TORNADO
MAX 32 OR BELOW: 0 0.01 INCH OR MORE: 11
MAX 90 OR ABOVE: 0 0.10 INCH OR MORE: 6
MIN 32 OR BELOW: 0 0.50 INCH OR MORE: 4
MIN 0 OR BELOW: 0 1.00 INCH OR MORE: 2
[HDD (BASE 65) ]
TOTAL THIS MO. 323 CLEAR (SCALE 0-3) 12
DPTR FM NORMAL 62 PTCLDY (SCALE 4-7) 15
TOTAL FM JUL 1 423 CLOUDY (SCALE 8-10) 4
DPTR FM NORMAL 21
[CDD (BASE 65) ]
TOTAL THIS MO. 0
DPTR FM NORMAL -2 [PRESSURE DATA]
TOTAL FM JAN 1 1156 HIGHEST SLP 30.27 ON 15
DPTR FM NORMAL -10 LOWEST SLP 29.70 ON 31
[REMARKS]
#FINAL-12-21#