000
CXUS56 KLOX 011155
CF6LGB
PRELIMINARY LOCAL CLIMATOLOGICAL DATA (WS FORM: F-6)
STATION: LONG BEACH AIRPORT CA
MONTH: JULY
YEAR: 2021
LATITUDE: 33 49 N
LONGITUDE: 118 9 W
TEMPERATURE IN F: :PCPN: SNOW: WIND :SUNSHINE: SKY :PK WND
================================================================================
1 2 3 4 5 6A 6B 7 8 9 10 11 12 13 14 15 16 17 18
12Z AVG MX 2MIN
DY MAX MIN AVG DEP HDD CDD WTR SNW DPTH SPD SPD DIR MIN PSBL S-S WX SPD DR
================================================================================
1 84 63 74 3 0 9 0.00 M M 6.0 17 290 M M 4 19 290
2 82 64 73 1 0 8 0.00 M M 4.7 13 310 M M 2 18 16 180
3 84 64 74 2 0 9 0.00 M M 6.6 16 310 M M 2 18 19 310
4 80 62 71 -1 0 6 0.00 M M 6.5 15 290 M M 4 8 19 290
5 80 61 71 -1 0 6 0.00 M M 6.2 14 300 M M 3 18 17 320
6 80 62 71 -1 0 6 0.00 M M 5.2 13 290 M M 4 8 15 300
7 73 64 69 -3 0 4 0.00 M M 5.8 14 170 M M 3 17 180
8 78 65 72 0 0 7 0.00 M M 4.5 13 160 M M 1 17 160
9 87 67 77 4 0 12 0.00 M M 5.3 13 290 M M 0 15 150
10 83 67 75 2 0 10 0.00 M M 5.3 15 180 M M 0 20 190
11 77 66 72 -1 0 7 0.00 M M 5.8 13 190 M M 1 18 180
12 74 66 70 -3 0 5 0.00 M M 5.3 13 190 M M 3 18 220
13 82 67 75 2 0 10 0.00 M M 6.2 14 160 M M 1 18 19 170
14 77 68 73 0 0 8 0.00 M M 5.3 12 190 M M 2 18 180
15 83 67 75 2 0 10 0.00 M M 6.4 14 290 M M 2 8 18 280
16 85 67 76 3 0 11 0.00 M M 5.7 13 300 M M 2 17 320
17 86 67 77 3 0 12 0.00 M M 5.3 13 320 M M 1 19 290
18 87 68 78 4 0 13 0.00 M M 6.8 17 290 M M 0 20 290
19 89 69 79 5 0 14 0.00 M M 5.8 16 300 M M 0 8 20 310
20 89 67 78 4 0 13 0.00 M M 5.5 15 290 M M 0 18 18 280
21 87 67 77 3 0 12 0.00 M M 6.0 13 280 M M 0 18 17 290
22 78 68 73 -1 0 8 0.00 M M 6.8 13 200 M M 4 18 18 200
23 81 67 74 0 0 9 0.00 M M 5.1 12 300 M M 5 18 15 190
24 79 67 73 -1 0 8 0.00 M M 4.3 13 180 M M 2 15 180
25 77 67 72 -2 0 7 0.00 M M 5.8 14 180 M M 2 18 190
26 77 67 72 -2 0 7 0.03 M M 5.7 13 200 M M 6 15 190
27 81 66 74 0 0 9 0.00 M M 8.6 15 290 M M 5 8 19 290
28 85 65 75 1 0 10 0.00 M M 7.1 15 290 M M 0 1 19 290
29 83 64 74 0 0 9 0.00 M M 6.1 16 300 M M 0 18 19 300
30 84 64 74 0 0 9 0.00 M M 5.8 16 300 M M 0 18 20 290
31 80 64 72 -2 0 7 0.00 M M 7.2 16 310 M M 0 18 19 310
================================================================================
SM 2532 2037 0 275 0.03 M 182.7 M 59
================================================================================
AV 81.7 65.7 5.9 FASTST M M 2 MAX(MPH)
MISC ----> # 17 290 # 20 190
================================================================================
NOTES:
# LAST OF SEVERAL OCCURRENCES
COLUMN 17 PEAK WIND IN M.P.H.
PRELIMINARY LOCAL CLIMATOLOGICAL DATA (WS FORM: F-6) , PAGE 2
STATION: LONG BEACH AIRPORT CA
MONTH: JULY
YEAR: 2021
LATITUDE: 33 49 N
LONGITUDE: 118 9 W
[TEMPERATURE DATA] [PRECIPITATION DATA] SYMBOLS USED IN COLUMN 16
AVERAGE MONTHLY: 73.7 TOTAL FOR MONTH: 0.03 1 = FOG OR MIST
DPTR FM NORMAL: 0.6 DPTR FM NORMAL: -0.02 2 = FOG REDUCING VISIBILITY
HIGHEST: 89 ON 20,19 GRTST 24HR 0.03 ON 26-26 TO 1/4 MILE OR LESS
LOWEST: 61 ON 5 3 = THUNDER
SNOW, ICE PELLETS, HAIL 4 = ICE PELLETS
TOTAL MONTH: M 5 = HAIL
GRTST 24HR M ON M 6 = FREEZING RAIN OR DRIZZLE
GRTST DEPTH: M ON M 7 = DUSTSTORM OR SANDSTORM:
VSBY 1/2 MILE OR LESS
8 = SMOKE OR HAZE
[NO. OF DAYS WITH] [WEATHER - DAYS WITH] 9 = BLOWING SNOW
X = TORNADO
MAX 32 OR BELOW: 0 0.01 INCH OR MORE: 1
MAX 90 OR ABOVE: 0 0.10 INCH OR MORE: 0
MIN 32 OR BELOW: 0 0.50 INCH OR MORE: 0
MIN 0 OR BELOW: 0 1.00 INCH OR MORE: 0
[HDD (BASE 65) ]
TOTAL THIS MO. 0 CLEAR (SCALE 0-3) 24
DPTR FM NORMAL 0 PTCLDY (SCALE 4-7) 7
TOTAL FM JUL 1 0 CLOUDY (SCALE 8-10) 0
DPTR FM NORMAL 0
[CDD (BASE 65) ]
TOTAL THIS MO. 275
DPTR FM NORMAL 22 [PRESSURE DATA]
TOTAL FM JAN 1 494 HIGHEST SLP 30.05 ON 23
DPTR FM NORMAL 18 LOWEST SLP 29.77 ON 7
[REMARKS]
#FINAL-07-21#