000
CXUS56 KLOX 011155
CF6LGB
PRELIMINARY LOCAL CLIMATOLOGICAL DATA (WS FORM: F-6)
STATION: LONG BEACH AIRPORT CA
MONTH: OCTOBER
YEAR: 2023
LATITUDE: 33 49 N
LONGITUDE: 118 9 W
TEMPERATURE IN F: :PCPN: SNOW: WIND :SUNSHINE: SKY :PK WND
================================================================================
1 2 3 4 5 6A 6B 7 8 9 10 11 12 13 14 15 16 17 18
12Z AVG MX 2MIN
DY MAX MIN AVG DEP HDD CDD WTR SNW DPTH SPD SPD DIR MIN PSBL S-S WX SPD DR
================================================================================
1 70 61 66 -5 0 1 0.01 M M 5.3 13 220 M M 4 16 200
2 75 57 66 -5 0 1 0.00 M M 4.5 16 310 M M 1 19 310
3 85 60 73 2 0 8 0.00 M M 4.3 16 290 M M 0 18 290
4 93 63 78 8 0 13 0.00 M M 4.1 18 290 M M 0 8 23 290
5 98 64 81 11 0 16 0.00 M M 5.1 20 290 M M 0 22 290
6 93 64 79 9 0 14 0.00 M M 3.4 12 320 M M 0 14 320
7 87 64 76 6 0 11 0.00 M M 3.5 12 300 M M 4 128 13 180
8 85 63 74 4 0 9 0.00 M M 5.4 13 310 M M 1 128 16 310
9 78 62 70 0 0 5 0.00 M M 4.3 14 280 M M 4 18 17 290
10 74 61 68 -1 0 3 0.00 M M 5.6 13 190 M M 4 17 170
11 76 62 69 0 0 4 0.00 M M 5.9 15 290 M M 3 20 270
12 82 60 71 2 0 6 0.00 M M 4.0 17 310 M M 0 19 310
13 76 62 69 0 0 4 0.00 M M 3.2 13 310 M M 0 18 14 310
14 84 60 72 3 0 7 0.00 M M 3.7 15 300 M M 0 18 20 290
15 88 60 74 5 0 9 0.00 M M 3.6 14 290 M M 0 17 300
16 84 61 73 5 0 8 0.00 M M 4.4 14 300 M M 3 128 17 290
17 76 64 70 2 0 5 0.00 M M 3.4 10 190 M M 4 18 12 180
18 78 64 71 3 0 6 0.00 M M 3.8 10 140 M M 4 128 13 150
19 83 62 73 5 0 8 0.00 M M 4.9 12 300 M M 3 128 14 310
20 90 65 78 10 0 13 0.00 M M 5.3 17 290 M M 0 18 23 280
21 86 63 75 7 0 10 0.00 M M 4.4 17 280 M M 0 22 290
22 77 59 68 1 0 3 0.00 M M 5.0 17 280 M M 3 24 290
23 75 64 70 3 0 5 0.00 M M 4.4 10 180 M M 4 15 140
24 74 60 67 0 0 2 T M M 3.7 12 200 M M 3 14 180
25 72 65 69 2 0 4 T M M 5.9 12 220 M M 8 18 140
26 75 63 69 2 0 4 0.00 M M 4.6 15 310 M M 4 17 300
27 73 59 66 -1 0 1 0.00 M M 3.5 14 300 M M 2 17 300
28 74 57 66 0 0 1 0.00 M M 3.2 15 280 M M 0 8 18 280
29 83 55 69 3 0 4 0.00 M M 4.6 18 90 M M 0 29 60
30 84 50 67 1 0 2 0.00 M M 5.4 14 50 M M 0 8 19 50
31 90 54 72 6 0 7 0.00 M M 5.7 16 300 M M 0 18 300
================================================================================
SM 2518 1888 0 194 0.01 M 138.1 M 59
================================================================================
AV 81.2 60.9 4.5 FASTST M M 2 MAX(MPH)
MISC ----> 20 290 29 60
================================================================================
NOTES:
# LAST OF SEVERAL OCCURRENCES
COLUMN 17 PEAK WIND IN M.P.H.
PRELIMINARY LOCAL CLIMATOLOGICAL DATA (WS FORM: F-6) , PAGE 2
STATION: LONG BEACH AIRPORT CA
MONTH: OCTOBER
YEAR: 2023
LATITUDE: 33 49 N
LONGITUDE: 118 9 W
[TEMPERATURE DATA] [PRECIPITATION DATA] SYMBOLS USED IN COLUMN 16
AVERAGE MONTHLY: 71.1 TOTAL FOR MONTH: 0.01 1 = FOG OR MIST
DPTR FM NORMAL: 2.7 DPTR FM NORMAL: -0.52 2 = FOG REDUCING VISIBILITY
HIGHEST: 98 ON 5 GRTST 24HR 0.01 ON 30- 1 TO 1/4 MILE OR LESS
LOWEST: 50 ON 30 3 = THUNDER
SNOW, ICE PELLETS, HAIL 4 = ICE PELLETS
TOTAL MONTH: M 5 = HAIL
GRTST 24HR M ON M 6 = FREEZING RAIN OR DRIZZLE
GRTST DEPTH: M ON M 7 = DUSTSTORM OR SANDSTORM:
VSBY 1/2 MILE OR LESS
8 = SMOKE OR HAZE
[NO. OF DAYS WITH] [WEATHER - DAYS WITH] 9 = BLOWING SNOW
X = TORNADO
MAX 32 OR BELOW: 0 0.01 INCH OR MORE: 1
MAX 90 OR ABOVE: 5 0.10 INCH OR MORE: 0
MIN 32 OR BELOW: 0 0.50 INCH OR MORE: 0
MIN 0 OR BELOW: 0 1.00 INCH OR MORE: 0
[HDD (BASE 65) ]
TOTAL THIS MO. 0 CLEAR (SCALE 0-3) 22
DPTR FM NORMAL -19 PTCLDY (SCALE 4-7) 9
TOTAL FM JUL 1 0 CLOUDY (SCALE 8-10) 0
DPTR FM NORMAL -17
[CDD (BASE 65) ]
TOTAL THIS MO. 194
DPTR FM NORMAL 70 [PRESSURE DATA]
TOTAL FM JAN 1 1158 HIGHEST SLP 30.11 ON 30
DPTR FM NORMAL 23 LOWEST SLP 29.63 ON 11
[REMARKS]
#FINAL-10-23#