000
CXUS54 KFWD 072148
CF6LHB
PRELIMINARY LOCAL CLIMATOLOGICAL DATA (WS FORM: F-6)
STATION: HEARNE
MONTH: JUNE
YEAR: 2022
LATITUDE: 30 52 N
LONGITUDE: 96 36 W
TEMPERATURE IN F: :PCPN: SNOW: WIND :SUNSHINE: SKY :PK WND
================================================================================
1 2 3 4 5 6A 6B 7 8 9 10 11 12 13 14 15 16 17 18
12Z AVG MX 2MIN
DY MAX MIN AVG DEP HDD CDD WTR SNW DPTH SPD SPD DIR MIN PSBL S-S WX SPD DR
================================================================================
1 90 76 83 M 0 18 0.00 M M 5.2 12 170 M M 6 18 210
2 86 70 78 M 0 13 0.09 M M 4.5 22 330 M M 3 29 330
3 88 67 78 M 0 13 0.00 M M 2.9 9 340 M M 3 22 40
4 91 68 80 M 0 15 0.00 M M 4.0 12 170 M M 4 M M
5 95 71 83 M 0 18 0.00 M M 7.5 14 150 M M 2 18 130
6 96 76 86 M 0 21 0.00 M M 13.0 18 170 M M 4 24 190
7 97 78 88 M 0 23 0.00 M M 10.2 16 170 M M 4 21 170
8 95 77 86 M 0 21 0.00 M M 6.9 14 200 M M 4 20 200
9 97 73 85 M 0 20 0.00 M M 2.8 8 180 M M 1 1 M M
10 100 76 88 M 0 23 0.00 M M 5.7 13 190 M M 2 16 190
11 100 76 88 M 0 23 0.00 M M 6.8 10 200 M M 0 17 190
12 101 77 89 M 0 24 0.00 M M 9.3 13 160 M M 2 17 160
13 100 77 89 M 0 24 0.00 M M 10.9 17 200 M M 3 23 170
14 98 78 88 M 0 23 0.00 M M 11.9 20 160 M M 3 26 150
15 97 78 88 M 0 23 0.00 M M 9.0 13 190 M M 3 20 190
16 99 75 87 M 0 22 0.00 M M 3.5 10 170 M M 1 M M
17 98 75 87 M 0 22 0.00 M M 3.5 7 140 M M 2 M M
18 98 76 87 M 0 22 0.00 M M 3.1 8 150 M M 1 M M
19 100 74 87 M 0 22 0.00 M M 3.0 8 140 M M 1 M M
20 100 74 87 M 0 22 0.00 M M 2.6 8 170 M M 0 8 M M
21 101 77 89 M 0 24 0.00 M M 3.9 8 120 M M 2 M M
22 98 74 86 M 0 21 0.00 M M 2.7 7 210 M M 1 M M
23 101 76 89 M 0 24 0.00 M M 4.2 8 160 M M 0 M M
24 101 76 89 M 0 24 0.00 M M 4.8 10 150 M M 0 M M
25 100 75 88 M 0 23 0.00 M M 4.8 10 190 M M 1 17 0
26 101 74 88 M 0 23 0.00 M M 2.8 8 70 M M 0 M M
27 100 75 88 M 0 23 0.14 M M 6.5 14 40 M M 3 21 40
28 95 74 85 M 0 20 0.01 M M 5.5 16 10 M M 4 21 10
29 98 71 85 M 0 20 0.00 M M 4.4 8 140 M M 1 16 140
30 97 73 85 M 0 20 0.00 M M 4.4 10 140 M M 1 18 110
================================================================================
SM 2918 2237 0 634 0.24 M 170.3 M 62
================================================================================
AV 97.3 74.6 5.7 FASTST M M 2 MAX(MPH)
MISC ----> 22 330 29 330
================================================================================
NOTES:
# LAST OF SEVERAL OCCURRENCES
COLUMN 17 PEAK WIND IN M.P.H.
PRELIMINARY LOCAL CLIMATOLOGICAL DATA (WS FORM: F-6) , PAGE 2
STATION: HEARNE
MONTH: JUNE
YEAR: 2022
LATITUDE: 30 52 N
LONGITUDE: 96 36 W
[TEMPERATURE DATA] [PRECIPITATION DATA] SYMBOLS USED IN COLUMN 16
AVERAGE MONTHLY: 85.9 TOTAL FOR MONTH: 0.24 1 = FOG OR MIST
DPTR FM NORMAL: 0.0 DPTR FM NORMAL: M 2 = FOG REDUCING VISIBILITY
HIGHEST: 101 ON 26,24 GRTST 24HR 0.14 ON 27-27 TO 1/4 MILE OR LESS
LOWEST: 67 ON 3 3 = THUNDER
SNOW, ICE PELLETS, HAIL 4 = ICE PELLETS
TOTAL MONTH: M 5 = HAIL
GRTST 24HR M ON M 6 = FREEZING RAIN OR DRIZZLE
GRTST DEPTH: M ON M 7 = DUSTSTORM OR SANDSTORM:
VSBY 1/2 MILE OR LESS
8 = SMOKE OR HAZE
[NO. OF DAYS WITH] [WEATHER - DAYS WITH] 9 = BLOWING SNOW
X = TORNADO
MAX 32 OR BELOW: 0 0.01 INCH OR MORE: 3
MAX 90 OR ABOVE: 28 0.10 INCH OR MORE: 1
MIN 32 OR BELOW: 0 0.50 INCH OR MORE: 0
MIN 0 OR BELOW: 0 1.00 INCH OR MORE: 0
[HDD (BASE 65) ]
TOTAL THIS MO. 0 CLEAR (SCALE 0-3) 22
DPTR FM NORMAL M PTCLDY (SCALE 4-7) 8
TOTAL FM JUL 1 247 CLOUDY (SCALE 8-10) 0
DPTR FM NORMAL M
[CDD (BASE 65) ]
TOTAL THIS MO. 634
DPTR FM NORMAL M [PRESSURE DATA]
TOTAL FM JAN 1 1374 HIGHEST SLP M ON M
DPTR FM NORMAL M LOWEST SLP M ON M
[REMARKS]
#FINAL-06-22#