000
CXUS55 KBOU 010900
CF6LIC
PRELIMINARY LOCAL CLIMATOLOGICAL DATA (WS FORM: F-6)
STATION: LIMON CO
MONTH: JUNE
YEAR: 2023
LATITUDE: 39 10 N
LONGITUDE: 103 42 W
TEMPERATURE IN F: :PCPN: SNOW: WIND :SUNSHINE: SKY :PK WND
================================================================================
1 2 3 4 5 6A 6B 7 8 9 10 11 12 13 14 15 16 17 18
12Z AVG MX 2MIN
DY MAX MIN AVG DEP HDD CDD WTR SNW DPTH SPD SPD DIR MIN PSBL S-S WX SPD DR
================================================================================
1 77 49 63 3 2 0 0.11 M M 5.6 26 310 M M 5 3 33 300
2 75 45 60 0 5 0 0.00 M M 8.8 26 140 M M 2 34 140
3 62 53 58 -3 7 0 0.17 M M 6.6 16 10 M M 9 1 19 20
4 62 53 58 -3 7 0 0.57 M M 6.7 20 100 M M 10 1 25 110
5 69 51 60 -1 5 0 T M M 8.3 25 160 M M 6 3 32 160
6 75 48 62 0 3 0 0.00 M M 9.6 20 170 M M 2 1 26 160
7 77 49 63 1 2 0 0.00 M M 8.1 21 140 M M 2 12 31 130
8 77 49 63 1 2 0 0.12 M M 5.8 23 290 M M 2 3 32 290
9 81 52 67 4 0 2 0.12 M M 5.8 28 270 M M 2 3 39 260
10 77 49 63 0 2 0 T M M 7.9 32 310 M M 1 3 42 310
11 70 47 59 -4 6 0 1.94 M M 9.1 23 110 M M 7 13 30 140
12 61 48 55 -9 10 0 1.24 M M 10.9 30 330 M M 8 138 40 320
13 65 42 54 -10 11 0 T M M 7.9 26 320 M M 3 1 33 310
14 75 46 61 -3 4 0 T M M 4.9 9 260 M M 1 14 270
15 76 48 62 -2 3 0 0.09 M M 7.0 20 150 M M 4 3 29 180
16 70 50 60 -5 5 0 1.81 M M 8.7 24 40 M M 7 13 32 50
17 68 46 57 -8 8 0 0.58 M M 5.4 38 290 M M 2 13 49 300
18 81 44 63 -2 2 0 0.00 M M 6.5 17 160 M M 0 24 160
19 87 49 68 3 0 3 0.00 M M 8.4 21 190 M M 0 30 200
20 82 54 68 2 0 3 0.00 M M 6.1 16 360 M M 2 12 23 350
21 83 50 67 1 0 2 0.11 M M 12.7 30 110 M M 2 3 43 110
22 77 58 68 2 0 3 0.16 M M 12.9 38 130 M M 5 13 48 110
23 85 56 71 5 0 6 0.01 M M 11.8 30 140 M M 4 1 40 120
24 83 50 67 0 0 2 0.00 M M 7.5 17 200 M M 0 25 200
25 79 51 65 -2 0 0 0.00 M M 8.1 16 150 M M 1 25 180
26 86 51 69 2 0 4 0.00 M M 12.6 29 140 M M 0 3 39 150
27 90 56 73 5 0 8 0.01 M M 12.8 36 210 M M 3 123 53 200
28 87 57 72 4 0 7 0.00 M M 9.6 21 10 M M 2 28 30
29 81 58 70 2 0 5 0.00 M M 14.2 30 150 M M 1 40 160
30 74 51 63 -5 2 0 0.00 M M 11.1 30 360 M M 5 3 36 360
================================================================================
SM 2292 1510 86 45 7.04 M 261.4 M 98
================================================================================
AV 76.4 50.3 8.7 FASTST M M 3 MAX(MPH)
MISC ----> # 38 130 53 200
================================================================================
NOTES:
# LAST OF SEVERAL OCCURRENCES
COLUMN 17 PEAK WIND IN M.P.H.
PRELIMINARY LOCAL CLIMATOLOGICAL DATA (WS FORM: F-6) , PAGE 2
STATION: LIMON CO
MONTH: JUNE
YEAR: 2023
LATITUDE: 39 10 N
LONGITUDE: 103 42 W
[TEMPERATURE DATA] [PRECIPITATION DATA] SYMBOLS USED IN COLUMN 16
AVERAGE MONTHLY: 63.4 TOTAL FOR MONTH: 7.04 1 = FOG OR MIST
DPTR FM NORMAL: -0.9 DPTR FM NORMAL: 4.84 2 = FOG REDUCING VISIBILITY
HIGHEST: 90 ON 27 GRTST 24HR 3.18 ON 11-12 TO 1/4 MILE OR LESS
LOWEST: 42 ON 13 3 = THUNDER
SNOW, ICE PELLETS, HAIL 4 = ICE PELLETS
TOTAL MONTH: M 5 = HAIL
GRTST 24HR M ON M 6 = FREEZING RAIN OR DRIZZLE
GRTST DEPTH: M ON M 7 = DUSTSTORM OR SANDSTORM:
VSBY 1/2 MILE OR LESS
8 = SMOKE OR HAZE
[NO. OF DAYS WITH] [WEATHER - DAYS WITH] 9 = BLOWING SNOW
X = TORNADO
MAX 32 OR BELOW: 0 0.01 INCH OR MORE: 14
MAX 90 OR ABOVE: 1 0.10 INCH OR MORE: 11
MIN 32 OR BELOW: 0 0.50 INCH OR MORE: 5
MIN 0 OR BELOW: 0 1.00 INCH OR MORE: 3
[HDD (BASE 65) ]
TOTAL THIS MO. 86 CLEAR (SCALE 0-3) 18
DPTR FM NORMAL 2 PTCLDY (SCALE 4-7) 10
TOTAL FM JUL 1 7025 CLOUDY (SCALE 8-10) 2
DPTR FM NORMAL 0
[CDD (BASE 65) ]
TOTAL THIS MO. 45
DPTR FM NORMAL -19 [PRESSURE DATA]
TOTAL FM JAN 1 47 HIGHEST SLP M ON M
DPTR FM NORMAL -22 LOWEST SLP 29.57 ON 27
[REMARKS]
#FINAL-06-23#