000
CXUS55 KBOU 010900
CF6LIC
PRELIMINARY LOCAL CLIMATOLOGICAL DATA (WS FORM: F-6)
STATION: LIMON CO
MONTH: JUNE
YEAR: 2022
LATITUDE: 39 10 N
LONGITUDE: 103 42 W
TEMPERATURE IN F: :PCPN: SNOW: WIND :SUNSHINE: SKY :PK WND
================================================================================
1 2 3 4 5 6A 6B 7 8 9 10 11 12 13 14 15 16 17 18
12Z AVG MX 2MIN
DY MAX MIN AVG DEP HDD CDD WTR SNW DPTH SPD SPD DIR MIN PSBL S-S WX SPD DR
================================================================================
1 55 43 49 -11 16 0 0.30 M M 8.8 20 360 M M 9 18 25 360
2 67 40 54 -6 11 0 0.00 M M 9.9 21 160 M M 5 28 150
3 80 39 60 -1 5 0 0.00 M M 9.8 23 280 M M 2 1 31 160
4 87 41 64 3 1 0 0.00 M M 6.1 26 80 M M 0 40 310
5 84 56 70 9 0 5 0.00 M M 7.5 18 360 M M 2 29 360
6 82 46 64 2 1 0 0.21 M M 8.8 38 340 M M 5 3 56 320
7 77 51 64 2 1 0 T M M 11.4 26 30 M M 3 3 36 30
8 75 52 64 2 1 0 0.00 M M 10.8 20 150 M M 4 29 180
9 89 54 72 9 0 7 0.00 M M 7.1 17 170 M M 2 23 180
10 89 53 71 8 0 6 0.00 M M 7.4 15 160 M M 0 22 160
11 97 54 76 13 0 11 T M M 7.6 29 190 M M 0 3 39 210
12 96 54 75 11 0 10 0.00 M M 6.6 20 310 M M 0 27 260
13 97 50 74 10 0 9 0.00 M M 13.6 37 340 M M 1 56 350
14 88 52 70 6 0 5 0.00 M M 12.8 28 150 M M 0 37 160
15 86 49 68 4 0 3 0.00 M M 10.5 24 170 M M 1 35 190
16 94 50 72 7 0 7 0.00 M M 7.4 25 150 M M 0 35 150
17 96 54 75 10 0 10 0.00 M M 15.0 33 160 M M 0 44 140
18 94 61 78 13 0 13 0.00 M M 17.7 38 180 M M 1 53 180
19 92 58 75 10 0 10 0.00 M M 18.8 41 180 M M 0 57 180
20 90 58 74 8 0 9 0.00 M M 16.0 33 30 M M 0 43 30
21 75 48 62 -4 3 0 0.00 M M 10.5 30 40 M M 0 38 50
22 81 42 62 -4 3 0 0.00 M M 12.4 25 170 M M 0 8 35 170
23 92 49 71 5 0 6 0.10 M M 6.0 30 80 M M 2 13 45 90
24 92 53 73 6 0 8 T M M 9.7 36 340 M M 1 47 330
25 78 55 67 0 0 2 0.00 M M 12.6 28 10 M M 2 8 38 10
26 73 53 63 -4 2 0 0.00 M M 12.9 23 160 M M 5 33 180
27 79 51 65 -3 0 0 0.00 M M 12.7 23 170 M M 0 32 140
28 91 43 67 -1 0 2 0.00 M M 11.1 23 150 M M 0 36 210
29 97 47 72 4 0 7 T M M 11.1 35 330 M M 0 45 360
30 92 58 75 7 0 10 0.08 M M 10.2 23 10 M M 3 38 330
================================================================================
SM 2565 1514 44 140 0.69 M 322.8 M 48
================================================================================
AV 85.5 50.5 10.8 FASTST M M 2 MAX(MPH)
MISC ----> 41 180 57 180
================================================================================
NOTES:
# LAST OF SEVERAL OCCURRENCES
COLUMN 17 PEAK WIND IN M.P.H.
PRELIMINARY LOCAL CLIMATOLOGICAL DATA (WS FORM: F-6) , PAGE 2
STATION: LIMON CO
MONTH: JUNE
YEAR: 2022
LATITUDE: 39 10 N
LONGITUDE: 103 42 W
[TEMPERATURE DATA] [PRECIPITATION DATA] SYMBOLS USED IN COLUMN 16
AVERAGE MONTHLY: 68.0 TOTAL FOR MONTH: 0.69 1 = FOG OR MIST
DPTR FM NORMAL: 3.7 DPTR FM NORMAL: -1.51 2 = FOG REDUCING VISIBILITY
HIGHEST: 97 ON 11,13 GRTST 24HR 0.45 ON 31- 1 TO 1/4 MILE OR LESS
LOWEST: 39 ON 3 3 = THUNDER
SNOW, ICE PELLETS, HAIL 4 = ICE PELLETS
TOTAL MONTH: M 5 = HAIL
GRTST 24HR M ON M 6 = FREEZING RAIN OR DRIZZLE
GRTST DEPTH: M ON M 7 = DUSTSTORM OR SANDSTORM:
VSBY 1/2 MILE OR LESS
8 = SMOKE OR HAZE
[NO. OF DAYS WITH] [WEATHER - DAYS WITH] 9 = BLOWING SNOW
X = TORNADO
MAX 32 OR BELOW: 0 0.01 INCH OR MORE: 4
MAX 90 OR ABOVE: 13 0.10 INCH OR MORE: 3
MIN 32 OR BELOW: 0 0.50 INCH OR MORE: 0
MIN 0 OR BELOW: 0 1.00 INCH OR MORE: 0
[HDD (BASE 65) ]
TOTAL THIS MO. 44 CLEAR (SCALE 0-3) 25
DPTR FM NORMAL -40 PTCLDY (SCALE 4-7) 4
TOTAL FM JUL 1 6375 CLOUDY (SCALE 8-10) 1
DPTR FM NORMAL -650
[CDD (BASE 65) ]
TOTAL THIS MO. 140
DPTR FM NORMAL 76 [PRESSURE DATA]
TOTAL FM JAN 1 155 HIGHEST SLP M ON M
DPTR FM NORMAL 86 LOWEST SLP 29.29 ON 13
[REMARKS]
#FINAL-06-22#