000
CXHW51 PHFO 011616
CLMLIH
CLIMATE REPORT
NATIONAL WEATHER SERVICE HONOLULU HI
616 AM HST MON JAN 01 2024
...................................
...THE LIHUE HI CLIMATE SUMMARY FOR THE MONTH OF DECEMBER 2023...
CLIMATE NORMAL PERIOD 1991 TO 2020
CLIMATE RECORD PERIOD 1950 TO 2023
WEATHER OBSERVED NORMAL DEPART LAST YEAR`S
VALUE DATE(S) VALUE FROM VALUE DATE(S)
NORMAL
................................................................
TEMPERATURE (F)
RECORD
HIGH 87 12/18/2005
LOW 52 12/28/1953
HIGHEST 82 12/11 79 3 85 12/25
LOWEST 63 12/08 68 -5 64 12/21
12/27
AVG. MAXIMUM 78.5 79.1 -0.6 82.1
AVG. MINIMUM 68.3 68.6 -0.3 69.5
MEAN 73.4 73.9 -0.5 75.8
DAYS MAX >= 93 0 0
DAYS MAX >= 90 0 0
DAYS MAX <= 80 21 3
DAYS MIN >= 72 5 11
DAYS MIN <= 60 0 0
DAYS MIN <= 55 0 0
PRECIPITATION (INCHES)
RECORD
MAXIMUM 22.91 1968
MINIMUM 0.08 2005
TOTALS 3.94 4.64 -0.70 4.93
DAILY AVG. 0.13 0.15 -0.02 0.16
DAYS >= .01 17 17.6 -0.6 16
DAYS >= .10 9 6.9 2.1 7
DAYS >= .50 2 1.8 0.2 2
DAYS >= 1.00 1 1.0 0.0 2
GREATEST
24 HR. TOTAL 1.68 12/19 TO 12/20 2.29
DEGREE DAYS
HEATING TOTAL 0 0 0 0
SINCE 7/1 0 0 0 MM
COOLING TOTAL 259 274 -15 344
SINCE 1/1 4446 4124 322 MM
................................................................
WIND (MPH)
AVERAGE WIND SPEED 13.1
HIGHEST WIND SPEED/DIRECTION 38/030 DATE 12/12
HIGHEST GUST SPEED/DIRECTION 45/030 DATE 12/12
SKY COVER
POSSIBLE SUNSHINE (PERCENT) MM
AVERAGE SKY COVER 0.64
NUMBER OF DAYS FAIR 5
NUMBER OF DAYS PC 15
NUMBER OF DAYS CLOUDY 10
AVERAGE RH (PERCENT) 78
WEATHER CONDITIONS. NUMBER OF DAYS WITH
THUNDERSTORM MM MIXED PRECIP MM
HEAVY RAIN 4 RAIN 6
LIGHT RAIN 17 FREEZING RAIN MM
LT FREEZING RAIN MM HAIL MM
HEAVY SNOW MM SNOW MM
LIGHT SNOW MM SLEET MM
FOG 15 FOG W/VIS <= 1/4 MILE MM
HAZE 9
- INDICATES NEGATIVE NUMBERS.
R INDICATES RECORD WAS SET OR TIED.
MM INDICATES DATA IS MISSING.
T INDICATES TRACE AMOUNT.
$$