000
CXUS54 KLZK 250859
CF6LIT
PRELIMINARY LOCAL CLIMATOLOGICAL DATA (WS FORM: F-6)
STATION: LITTLE ROCK ADAMS FIELD
MONTH: APRIL
YEAR: 2023
LATITUDE: 34 43 N
LONGITUDE: 92 14 W
TEMPERATURE IN F: :PCPN: SNOW: WIND :SUNSHINE: SKY :PK WND
================================================================================
1 2 3 4 5 6A 6B 7 8 9 10 11 12 13 14 15 16 17 18
12Z AVG MX 2MIN
DY MAX MIN AVG DEP HDD CDD WTR SNW DPTH SPD SPD DIR MIN PSBL S-S WX SPD DR
================================================================================
1 72 51 62 4 3 0 0.00 0.0 0 11.0 24 330 M M 2 32 340
2 80 45 63 5 2 0 0.68 0.0 0 7.6 26 210 M M 5 13 31 210
3 82 59 71 13 0 6 0.00 0.0 0 7.3 15 220 M M 7 8 21 230
4 89 70 80 22 0 15 0.01 0.0 0 14.6 25 180 M M 8 38 37 200
5 78 57 68 9 0 3 0.59 0.0 0 11.3 24 200 M M 10 138 32 210
6 58 54 56 -3 9 0 0.00 0.0 0 12.3 21 60 M M 10 26 60
7 64 51 58 -1 7 0 0.00 0.0 0 11.7 22 70 M M 9 25 70
8 71 54 63 3 2 0 0.00 0.0 0 7.1 14 130 M M 5 17 50
9 70 53 62 2 3 0 0.00 0.0 0 8.3 17 140 M M 7 21 140
10 76 54 65 5 0 0 0.00 0.0 0 4.0 14 120 M M 7 17 110
11 77 51 64 4 1 0 0.00 0.0 0 3.4 14 160 M M 1 21 170
12 79 49 64 3 1 0 0.00 0.0 0 3.1 14 140 M M 3 8 19 160
13 81 58 70 9 0 5 0.00 0.0 0 5.0 17 70 M M 8 22 20
14 83 53 68 7 0 3 0.00 0.0 0 4.5 15 190 M M 2 24 220
15 85 55 70 9 0 5 1.72 0.0 0 11.4 46 300 M M 8 123 57 270
16 68 49 59 -3 6 0 0.00 0.0 0 12.9 28 320 M M 3 36 350
17 78 43 61 -1 4 0 0.00 0.0 0 6.6 14 240 M M 1 8 17 210
18 82 47 65 3 0 0 0.00 0.0 0 8.1 21 220 M M 2 25 240
19 85 55 70 8 0 5 0.00 0.0 0 10.9 24 190 M M 4 31 210
20 82 63 73 10 0 8 2.61 0.0 0 10.7 16 220 M M 9 13 24 200
21 72 52 62 -1 3 0 0.70 0.0 0 9.9 23 40 M M 7 1 35 60
22 72 48 60 -3 5 0 T 0.0 0 7.7 16 320 M M 4 23 320
23 56 43 50 -13 15 0 0.15 0.0 0 5.3 12 170 M M 8 1 15 40
24 67 41 54 -10 11 0 0.00 0.0 0 7.2 18 90 M M 4 1 23 90
25 65 51 58 -6 7 0 0.78 0.0 0 5.8 14 140 M M 10 1 17 180
26 62 52 57 -7 8 0 0.20 0.0 0 6.8 15 90 M M 10 1 17 90
27 70 58 64 0 1 0 0.82 0.0 0 5.8 16 310 M M 10 123 20 310
28 69 56 63 -2 2 0 0.01 0.0 0 4.8 15 360 M M 9 19 10
29 70 54 62 -3 3 0 1.60 0.0 0 8.4 17 60 M M 8 13 21 40
30 75 49 62 -3 3 0 0.00 0.0 0 11.4 28 320 M M 1 37 330
================================================================================
SM 2218 1575 96 50 9.87 0.0 244.9 M 182
================================================================================
AV 73.9 52.5 8.2 FASTST M M 6 MAX(MPH)
MISC ----> 46 300 57 270
================================================================================
NOTES:
# LAST OF SEVERAL OCCURRENCES
COLUMN 17 PEAK WIND IN M.P.H.
PRELIMINARY LOCAL CLIMATOLOGICAL DATA (WS FORM: F-6) , PAGE 2
STATION: LITTLE ROCK ADAMS FIELD
MONTH: APRIL
YEAR: 2023
LATITUDE: 34 43 N
LONGITUDE: 92 14 W
[TEMPERATURE DATA] [PRECIPITATION DATA] SYMBOLS USED IN COLUMN 16
AVERAGE MONTHLY: 63.2 TOTAL FOR MONTH: 9.87 1 = FOG OR MIST
DPTR FM NORMAL: 1.8 DPTR FM NORMAL: 4.28 2 = FOG REDUCING VISIBILITY
HIGHEST: 89 ON 4 GRTST 24HR 3.31 ON 20-21 TO 1/4 MILE OR LESS
LOWEST: 41 ON 24 3 = THUNDER
SNOW, ICE PELLETS, HAIL 4 = ICE PELLETS
TOTAL MONTH: 0.0 INCH 5 = HAIL
GRTST 24HR 0.0 6 = FREEZING RAIN OR DRIZZLE
GRTST DEPTH: 0 7 = DUSTSTORM OR SANDSTORM:
VSBY 1/2 MILE OR LESS
8 = SMOKE OR HAZE
[NO. OF DAYS WITH] [WEATHER - DAYS WITH] 9 = BLOWING SNOW
X = TORNADO
MAX 32 OR BELOW: 0 0.01 INCH OR MORE: 12
MAX 90 OR ABOVE: 0 0.10 INCH OR MORE: 10
MIN 32 OR BELOW: 0 0.50 INCH OR MORE: 8
MIN 0 OR BELOW: 0 1.00 INCH OR MORE: 3
[HDD (BASE 65) ]
TOTAL THIS MO. 96 CLEAR (SCALE 0-3) 8
DPTR FM NORMAL -58 PTCLDY (SCALE 4-7) 13
TOTAL FM JUL 1 2346 CLOUDY (SCALE 8-10) 9
DPTR FM NORMAL -786
[CDD (BASE 65) ]
TOTAL THIS MO. 50
DPTR FM NORMAL 2 [PRESSURE DATA]
TOTAL FM JAN 1 85 HIGHEST SLP 30.39 ON 7
DPTR FM NORMAL 24 LOWEST SLP 29.63 ON 4
[REMARKS]
#FINAL-04-23#