000
CXUS54 KLZK 011330
CF6LIT
PRELIMINARY LOCAL CLIMATOLOGICAL DATA (WS FORM: F-6)
STATION: LITTLE ROCK ADAMS FIELD
MONTH: JANUARY
YEAR: 2024
LATITUDE: 34 43 N
LONGITUDE: 92 14 W
TEMPERATURE IN F: :PCPN: SNOW: WIND :SUNSHINE: SKY :PK WND
================================================================================
1 2 3 4 5 6A 6B 7 8 9 10 11 12 13 14 15 16 17 18
12Z AVG MX 2MIN
DY MAX MIN AVG DEP HDD CDD WTR SNW DPTH SPD SPD DIR MIN PSBL S-S WX SPD DR
================================================================================
1 46 28 37 -4 28 0 0.00 0.0 0 6.5 14 70 M M 3 19 60
2 44 26 35 -6 30 0 0.00 0.0 0 1.4 7 140 M M 4 1 11 90
3 55 34 45 5 20 0 0.00 0.0 0 2.3 10 340 M M 5 8 15 360
4 44 31 38 -2 27 0 0.00 0.0 0 8.0 17 90 M M 4 8 21 100
5 38 31 35 -5 30 0 0.80 0.7 0 8.1 17 70 M M 10 1 22 70
6 46 36 41 1 24 0 0.00 0.0 0 6.3 15 330 M M 9 1 19 320
7 56 30 43 3 22 0 0.00 0.0 0 5.0 12 350 M M 1 1 16 330
8 46 31 39 -1 26 0 1.18 0.0 0 9.6 22 120 M M 8 138 33 120
9 48 35 42 2 23 0 0.01 0.0 0 16.6 29 290 M M 8 12 40 290
10 57 27 42 2 23 0 0.00 0.0 0 7.2 20 200 M M 1 28 200
11 64 31 48 8 17 0 0.05 0.0 0 6.7 23 180 M M 5 3 32 170
12 65 32 49 9 16 0 1.27 0.0 0 15.0 28 290 M M 7 138 42 320
13 49 24 37 -3 28 0 0.00 0.0 0 7.9 22 310 M M 2 34 300
14 29 12 21 -19 44 0 0.30 2.4 0 10.9 16 10 M M 7 21 30
15 20 11 16 -24 49 0 0.05 0.6 2 10.2 16 10 M M 9 9 20 10
16 23 9 16 -24 49 0 0.00 0.0 3 8.6 17 350 M M 3 23 350
17 40 1 21 -19 44 0 0.00 0.0 2 7.0 15 210 M M 1 22 210
18 40 20 30 -10 35 0 T 0.0 1 2.4 8 190 M M 7 168 12 190
19 37 21 29 -12 36 0 0.00 0.0 0 11.4 22 10 M M 1 1 29 360
20 30 16 23 -18 42 0 0.00 0.0 0 8.3 14 90 M M 1 19 360
21 33 16 25 -16 40 0 0.00 0.0 0 7.6 13 130 M M 6 19 130
22 42 33 38 -3 27 0 1.09 0.0 0 7.6 20 140 M M 10 16 26 140
23 55 41 48 7 17 0 2.59 0.0 0 4.7 14 110 M M 10 128 18 110
24 57 51 54 13 11 0 0.12 0.0 0 2.6 16 140 M M 10 12 19 130
25 68 53 61 20 4 0 0.35 0.0 0 3.3 14 350 M M 9 128 17 360
26 56 42 49 8 16 0 0.04 0.0 0 5.1 15 30 M M 8 128 20 30
27 54 45 50 9 15 0 1.28 0.0 0 12.4 20 340 M M 10 1 26 350
28 59 40 50 9 15 0 0.00 0.0 0 9.7 18 320 M M 5 24 320
29 63 34 49 7 16 0 0.00 0.0 0 4.1 13 140 M M 0 17 140
30 74 42 58 16 7 0 0.00 0.0 0 6.6 16 340 M M 1 22 340
31 60 39 50 8 15 0 0.00 0.0 0 3.6 14 70 M M 0 17 70
================================================================================
SM 1498 922 796 0 9.13 3.7 226.7 M 165
================================================================================
AV 48.3 29.7 7.3 FASTST M M 5 MAX(MPH)
MISC ----> 29 290 42 320
================================================================================
NOTES:
# LAST OF SEVERAL OCCURRENCES
COLUMN 17 PEAK WIND IN M.P.H.
PRELIMINARY LOCAL CLIMATOLOGICAL DATA (WS FORM: F-6) , PAGE 2
STATION: LITTLE ROCK ADAMS FIELD
MONTH: JANUARY
YEAR: 2024
LATITUDE: 34 43 N
LONGITUDE: 92 14 W
[TEMPERATURE DATA] [PRECIPITATION DATA] SYMBOLS USED IN COLUMN 16
AVERAGE MONTHLY: 39.0 TOTAL FOR MONTH: 9.13 1 = FOG OR MIST
DPTR FM NORMAL: -1.7 DPTR FM NORMAL: 5.63 2 = FOG REDUCING VISIBILITY
HIGHEST: 74 ON 30 GRTST 24HR 2.59 ON 23-23 TO 1/4 MILE OR LESS
LOWEST: 1 ON 17 3 = THUNDER
SNOW, ICE PELLETS, HAIL 4 = ICE PELLETS
TOTAL MONTH: 3.7 INCHES 5 = HAIL
GRTST 24HR 2.4 ON 14-14 6 = FREEZING RAIN OR DRIZZLE
GRTST DEPTH: 3 ON 16 7 = DUSTSTORM OR SANDSTORM:
VSBY 1/2 MILE OR LESS
8 = SMOKE OR HAZE
[NO. OF DAYS WITH] [WEATHER - DAYS WITH] 9 = BLOWING SNOW
X = TORNADO
MAX 32 OR BELOW: 4 0.01 INCH OR MORE: 13
MAX 90 OR ABOVE: 0 0.10 INCH OR MORE: 9
MIN 32 OR BELOW: 18 0.50 INCH OR MORE: 6
MIN 0 OR BELOW: 0 1.00 INCH OR MORE: 5
[HDD (BASE 65) ]
TOTAL THIS MO. 796 CLEAR (SCALE 0-3) 10
DPTR FM NORMAL 42 PTCLDY (SCALE 4-7) 11
TOTAL FM JUL 1 1682 CLOUDY (SCALE 8-10) 10
DPTR FM NORMAL -338
[CDD (BASE 65) ]
TOTAL THIS MO. 0
DPTR FM NORMAL -1 [PRESSURE DATA]
TOTAL FM JAN 1 0 HIGHEST SLP 30.72 ON 20
DPTR FM NORMAL -1 LOWEST SLP 29.35 ON 12
[REMARKS]
#FINAL-01-24#