884
CXUS55 KRIW 010945
CF6LND
PRELIMINARY LOCAL CLIMATOLOGICAL DATA (WS FORM: F-6)
STATION: LANDER WY
MONTH: SEPTEMBER
YEAR: 2020
LATITUDE: 42 49 N
LONGITUDE: 108 44 W
TEMPERATURE IN F: :PCPN: SNOW: WIND :SUNSHINE: SKY :PK WND
================================================================================
1 2 3 4 5 6A 6B 7 8 9 10 11 12 13 14 15 16 17 18
12Z AVG MX 2MIN
DY MAX MIN AVG DEP HDD CDD WTR SNW DPTH SPD SPD DIR MIN PSBL S-S WX SPD DR
================================================================================
1 78 38 58 -7 7 0 0.00 0.0 0 5.0 13 230 M M 0 16 170
2 91 49 70 5 0 5 0.00 0.0 0 7.4 26 290 M M 0 36 290
3 84 50 67 3 0 2 0.00 0.0 0 5.2 17 300 M M 3 8 22 300
4 90 55 73 9 0 8 0.00 0.0 0 5.3 17 240 M M 0 22 40
5 96 55 76 12 0 11 0.00 0.0 0 6.6 16 230 M M 0 25 260
6 89 62 76 13 0 11 0.00 0.0 0 6.9 21 240 M M 0 25 240
7 75 32 54 -9 11 0 0.54 2.0 0 9.2 24 50 M M 4 1 31 60
8 34 26 30 -32 35 0 0.12 2.7 5 6.4 17 360 M M 9 1 23 360
9 48 21 35 -27 30 0 0.00 0.0 1 4.5 12 260 M M 0 13 230
10 60 30 45 -16 20 0 T 0.0 0 5.9 17 260 M M 4 23 260
11 74 44 59 -2 6 0 T 0.0 0 5.4 15 240 M M 3 18 250
12 81 49 65 5 0 0 0.00 0.0 0 6.9 17 240 M M 0 20 250
13 84 48 66 6 0 1 0.00 0.0 0 4.8 16 240 M M 0 23 230
14 85 50 68 9 0 3 0.00 0.0 0 5.3 18 230 M M 0 23 230
15 86 52 69 10 0 4 0.00 0.0 0 3.7 14 260 M M 0 17 120
16 77 50 64 6 1 0 0.00 0.0 0 4.2 12 320 M M 0 8 15 320
17 81 50 66 8 0 1 0.00 0.0 0 4.1 13 250 M M 0 8 16 250
18 77 48 63 6 2 0 0.00 0.0 0 3.7 13 250 M M 0 8 16 260
19 78 47 63 6 2 0 T 0.0 0 9.6 46 240 M M 0 65 240
20 72 41 57 1 8 0 0.00 0.0 0 4.0 15 330 M M 0 18 320
21 77 44 61 5 4 0 0.00 0.0 0 3.3 12 230 M M 0 8 14 230
22 77 48 63 7 2 0 T 0.0 0 6.6 33 310 M M 1 46 310
23 80 45 63 8 2 0 0.00 0.0 0 5.5 15 230 M M 0 18 230
24 87 49 68 14 0 3 0.00 0.0 0 7.5 26 250 M M 0 36 240
25 81 49 65 11 0 0 0.00 0.0 0 7.2 29 240 M M 0 41 230
26 70 44 57 3 8 0 0.00 0.0 0 11.0 36 260 M M 3 48 250
27 57 37 47 -6 18 0 T 0.0 0 7.1 14 60 M M 3 24 350
28 64 31 48 -5 17 0 0.00 0.0 0 4.5 13 130 M M 0 17 120
29 79 37 58 6 7 0 0.00 0.0 0 5.5 16 230 M M 0 18 230
30 71 43 57 5 8 0 0.00 0.0 0 6.5 15 240 M M 0 19 230
================================================================================
SM 2283 1324 188 49 0.66 4.7 178.8 M 30
================================================================================
AV 76.1 44.1 6.0 FASTST M M 1 MAX(MPH)
MISC ----> # 46 240 # 65 240
================================================================================
NOTES:
# LAST OF SEVERAL OCCURRENCES
COLUMN 17 PEAK WIND IN M.P.H.
PRELIMINARY LOCAL CLIMATOLOGICAL DATA (WS FORM: F-6) , PAGE 2
STATION: LANDER WY
MONTH: SEPTEMBER
YEAR: 2020
LATITUDE: 42 49 N
LONGITUDE: 108 44 W
[TEMPERATURE DATA] [PRECIPITATION DATA] SYMBOLS USED IN COLUMN 16
AVERAGE MONTHLY: 60.1 TOTAL FOR MONTH: 0.66 1 = FOG OR MIST
DPTR FM NORMAL: 1.5 DPTR FM NORMAL: -0.39 2 = FOG REDUCING VISIBILITY
HIGHEST: 96 ON 5 GRTST 24HR 0.54 ON 7- 7 TO 1/4 MILE OR LESS
LOWEST: 21 ON 9 3 = THUNDER
SNOW, ICE PELLETS, HAIL 4 = ICE PELLETS
TOTAL MONTH: 4.7 INCHES 5 = HAIL
GRTST 24HR 2.7 ON 8- 8 6 = FREEZING RAIN OR DRIZZLE
GRTST DEPTH: 5 ON 8 7 = DUSTSTORM OR SANDSTORM:
VSBY 1/2 MILE OR LESS
8 = SMOKE OR HAZE
[NO. OF DAYS WITH] [WEATHER - DAYS WITH] 9 = BLOWING SNOW
X = TORNADO
MAX 32 OR BELOW: 0 0.01 INCH OR MORE: 2
MAX 90 OR ABOVE: 3 0.10 INCH OR MORE: 2
MIN 32 OR BELOW: 5 0.50 INCH OR MORE: 1
MIN 0 OR BELOW: 0 1.00 INCH OR MORE: 0
[HDD (BASE 65) ]
TOTAL THIS MO. 188 CLEAR (SCALE 0-3) 27
DPTR FM NORMAL -31 PTCLDY (SCALE 4-7) 2
TOTAL FM JUL 1 207 CLOUDY (SCALE 8-10) 1
DPTR FM NORMAL -52
[CDD (BASE 65) ]
TOTAL THIS MO. 49
DPTR FM NORMAL 22 [PRESSURE DATA]
TOTAL FM JAN 1 686 HIGHEST SLP 30.61 ON 28
DPTR FM NORMAL 214 LOWEST SLP 29.76 ON 26
[REMARKS]
#FINAL-09-20#