000
CXUS53 KMKX 010810
CF6LNR
PRELIMINARY LOCAL CLIMATOLOGICAL DATA (WS FORM: F-6)
STATION: LONE ROCK WI
MONTH: SEPTEMBER
YEAR: 2023
LATITUDE: 43 12 N
LONGITUDE: 90 11 W
TEMPERATURE IN F: :PCPN: SNOW: WIND :SUNSHINE: SKY :PK WND
================================================================================
1 2 3 4 5 6A 6B 7 8 9 10 11 12 13 14 15 16 17 18
12Z AVG MX 2MIN
DY MAX MIN AVG DEP HDD CDD WTR SNW DPTH SPD SPD DIR MIN PSBL S-S WX SPD DR
================================================================================
1 83 47 65 -2 0 0 0.00 M M 5.5 16 200 M M 0 1 22 210
2 91 54 73 6 0 8 0.00 M M 6.2 17 200 M M 0 24 190
3 96 59 78 12 0 13 0.00 M M 6.5 16 200 M M 0 24 200
4 94 60 77 11 0 12 0.00 M M 6.9 20 200 M M 0 29 200
5 86 73 80 14 0 15 T M M 8.6 17 190 M M 1 26 190
6 80 64 72 6 0 7 T M M 9.0 20 300 M M 7 18 28 290
7 69 60 65 0 0 0 0.00 M M 5.3 12 20 M M 10 18 340
8 70 51 61 -4 4 0 T M M 2.6 10 360 M M 9 12 13 60
9 80 51 66 1 0 1 0.00 M M 1.7 8 140 M M 5 12 15 70
10 81 56 69 5 0 4 0.00 M M 4.9 14 20 M M 6 19 30
11 73 52 63 -1 2 0 0.16 M M 6.2 14 360 M M 7 1 19 360
12 72 45 59 -5 6 0 0.08 M M 3.8 28 290 M M 5 123 37 270
13 67 43 55 -8 10 0 0.00 M M 2.3 9 20 M M 6 12 12 20
14 75 41 58 -5 7 0 0.00 M M 2.8 10 190 M M 3 12 17 160
15 77 45 61 -2 4 0 0.00 M M 2.7 14 200 M M 6 1 21 190
16 68 51 60 -2 5 0 0.07 M M 2.8 14 330 M M 7 12 19 290
17 75 47 61 -1 4 0 0.00 M M 5.1 14 30 M M 5 1 18 50
18 76 44 60 -1 5 0 0.00 M M 3.2 12 170 M M 6 12 15 160
19 74 57 66 5 0 1 0.51 M M 6.9 17 170 M M 5 13 25 160
20 79 56 68 7 0 3 0.00 M M 2.6 13 200 M M 0 1 18 230
21 83 56 70 10 0 5 0.01 M M 5.2 18 130 M M 6 128 26 110
22 74 63 69 9 0 4 0.10 M M 7.1 15 160 M M 9 18 23 180
23 84 61 73 14 0 8 0.01 M M 8.7 17 150 M M 5 1 25 130
24 81 61 71 12 0 6 0.12 M M 8.9 15 110 M M 8 1 20 130
25 77 58 68 9 0 3 1.60 M M 7.1 24 290 M M 6 1238 31 280
26 72 61 67 9 0 2 0.24 M M 7.4 15 70 M M 10 1 21 70
27 73 63 68 10 0 3 0.01 M M 9.2 16 90 M M 10 1 22 100
28 69 54 62 5 3 0 T M M 4.0 9 100 M M 8 1 12 80
29 79 56 68 11 0 3 0.00 M M 6.5 14 180 M M 4 1 21 170
30 88 60 74 18 0 9 0.00 M M 6.9 13 150 M M 0 18 19 100
================================================================================
SM 2346 1649 50 107 2.91 M 166.6 M 154
================================================================================
AV 78.2 55.0 5.6 FASTST M M 5 MAX(MPH)
MISC ----> 28 290 37 270
================================================================================
NOTES:
# LAST OF SEVERAL OCCURRENCES
COLUMN 17 PEAK WIND IN M.P.H.
PRELIMINARY LOCAL CLIMATOLOGICAL DATA (WS FORM: F-6) , PAGE 2
STATION: LONE ROCK WI
MONTH: SEPTEMBER
YEAR: 2023
LATITUDE: 43 12 N
LONGITUDE: 90 11 W
[TEMPERATURE DATA] [PRECIPITATION DATA] SYMBOLS USED IN COLUMN 16
AVERAGE MONTHLY: 66.6 TOTAL FOR MONTH: 2.91 1 = FOG OR MIST
DPTR FM NORMAL: 4.5 DPTR FM NORMAL: -0.51 2 = FOG REDUCING VISIBILITY
HIGHEST: 96 ON 3 GRTST 24HR 1.84 ON 25-26 TO 1/4 MILE OR LESS
LOWEST: 41 ON 14 3 = THUNDER
SNOW, ICE PELLETS, HAIL 4 = ICE PELLETS
TOTAL MONTH: M 5 = HAIL
GRTST 24HR M ON M 6 = FREEZING RAIN OR DRIZZLE
GRTST DEPTH: M ON M 7 = DUSTSTORM OR SANDSTORM:
VSBY 1/2 MILE OR LESS
8 = SMOKE OR HAZE
[NO. OF DAYS WITH] [WEATHER - DAYS WITH] 9 = BLOWING SNOW
X = TORNADO
MAX 32 OR BELOW: 0 0.01 INCH OR MORE: 11
MAX 90 OR ABOVE: 3 0.10 INCH OR MORE: 6
MIN 32 OR BELOW: 0 0.50 INCH OR MORE: 2
MIN 0 OR BELOW: 0 1.00 INCH OR MORE: 1
[HDD (BASE 65) ]
TOTAL THIS MO. 50 CLEAR (SCALE 0-3) 7
DPTR FM NORMAL -94 PTCLDY (SCALE 4-7) 17
TOTAL FM JUL 1 67 CLOUDY (SCALE 8-10) 6
DPTR FM NORMAL -103
[CDD (BASE 65) ]
TOTAL THIS MO. 107
DPTR FM NORMAL 49 [PRESSURE DATA]
TOTAL FM JAN 1 747 HIGHEST SLP M ON M
DPTR FM NORMAL 108 LOWEST SLP 29.66 ON 6
[REMARKS]
#FINAL-09-23#