000
CXUS54 KCRP 011553
CF6LRD
PRELIMINARY LOCAL CLIMATOLOGICAL DATA (WS FORM: F-6)
STATION: LAREDO
MONTH: NOVEMBER
YEAR: 2020
LATITUDE: 27 31 N
LONGITUDE: 99 28 W
TEMPERATURE IN F: :PCPN: SNOW: WIND :SUNSHINE: SKY :PK WND
================================================================================
1 2 3 4 5 6A 6B 7 8 9 10 11 12 13 14 15 16 17 18
12Z AVG MX 2MIN
DY MAX MIN AVG DEP HDD CDD WTR SNW DPTH SPD SPD DIR MIN PSBL S-S WX SPD DR
================================================================================
1 85 54 70 -1 0 5 0.00 0.0 0 M M M M M 0 M M
2 79 53 66 -5 0 1 0.00 0.0 0 M M M M M 0 M M
3 83 48 66 -5 0 1 0.00 0.0 0 M M M M M 0 M M
4 85 56 71 1 0 6 0.00 0.0 0 M M M M M 0 M M
5 86 57 72 2 0 7 0.00 0.0 0 M M M M M 1 M M
6 86 60 73 4 0 8 0.00 0.0 0 M M M M M 1 M M
7 86 58 72 3 0 7 0.00 0.0 0 M M M M M 1 12 M M
8 88 68 78 9 0 13 0.00 0.0 0 M M M M M 5 M M
9 89 70 80 12 0 15 0.00 0.0 0 M M M M M 5 M M
10 78 66 72 4 0 7 0.00 0.0 0 M M M M M 7 M M
11 86 63 75 7 0 10 0.00 0.0 0 M M M M M 6 M M
12 89 66 78 11 0 13 0.00 0.0 0 M M M M M 6 1 M M
13 86 71 79 12 0 14 0.00 0.0 0 M M M M M 9 M M
14 90 72 81 15 0 16 0.00 0.0 0 M M M M M 4 M M
15 80 63 72 6 0 7 0.00 0.0 0 M M M M M 0 M M
16 82 54 68 2 0 3 0.00 0.0 0 M M M M M 0 M M
17 80 55 68 3 0 3 0.00 0.0 0 M M M M M 0 M M
18 83 51 67 2 0 2 0.00 0.0 0 M M M M M 1 M M
19 85 58 72 8 0 7 0.00 0.0 0 M M M M M 1 M M
20 86 61 74 10 0 9 0.00 0.0 0 M M M M M 0 M M
21 84 63 74 10 0 9 0.00 0.0 0 M M M M M 4 M M
22 83 63 73 10 0 8 0.00 0.0 0 M M M M M 6 1 M M
23 82 67 75 12 0 10 0.00 0.0 0 M M M M M 7 M M
24 91 67 79 16 0 14 0.00 0.0 0 M M M M M 4 M M
25 82 63 73 11 0 8 0.00 0.0 0 M M M M M 3 M M
26 82 59 71 9 0 6 0.00 0.0 0 M M M M M 4 1 M M
27 90 69 80 19 0 15 0.00 0.0 0 M M M M M 3 M M
28 71 58 65 4 0 0 0.05 0.0 0 M M M M M 10 1 M M
29 74 49 62 1 3 0 0.00 0.0 0 M M M M M 3 1 M M
30 63 39 51 -10 14 0 0.00 0.0 0 M M M M M 0 M M
================================================================================
SM 2494 1801 17 224 0.05 0.0 M M 91
================================================================================
AV 83.1 60.0 M FASTST M M 3 MAX(MPH)
MISC ----> M M M M
================================================================================
NOTES:
# LAST OF SEVERAL OCCURRENCES
COLUMN 17 PEAK WIND IN M.P.H.
PRELIMINARY LOCAL CLIMATOLOGICAL DATA (WS FORM: F-6) , PAGE 2
STATION: LAREDO
MONTH: NOVEMBER
YEAR: 2020
LATITUDE: 27 31 N
LONGITUDE: 99 28 W
[TEMPERATURE DATA] [PRECIPITATION DATA] SYMBOLS USED IN COLUMN 16
AVERAGE MONTHLY: 71.6 TOTAL FOR MONTH: 0.05 1 = FOG OR MIST
DPTR FM NORMAL: 5.8 DPTR FM NORMAL: -1.14 2 = FOG REDUCING VISIBILITY
HIGHEST: 91 ON 24 GRTST 24HR 0.05 ON 28-28 TO 1/4 MILE OR LESS
LOWEST: 39 ON 30 3 = THUNDER
SNOW, ICE PELLETS, HAIL 4 = ICE PELLETS
TOTAL MONTH: 0.0 INCH 5 = HAIL
GRTST 24HR 0.0 6 = FREEZING RAIN OR DRIZZLE
GRTST DEPTH: 0 7 = DUSTSTORM OR SANDSTORM:
VSBY 1/2 MILE OR LESS
8 = SMOKE OR HAZE
[NO. OF DAYS WITH] [WEATHER - DAYS WITH] 9 = BLOWING SNOW
X = TORNADO
MAX 32 OR BELOW: 0 0.01 INCH OR MORE: 1
MAX 90 OR ABOVE: 3 0.10 INCH OR MORE: 0
MIN 32 OR BELOW: 0 0.50 INCH OR MORE: 0
MIN 0 OR BELOW: 0 1.00 INCH OR MORE: 0
[HDD (BASE 65) ]
TOTAL THIS MO. 17 CLEAR (SCALE 0-3) 17
DPTR FM NORMAL -86 PTCLDY (SCALE 4-7) 11
TOTAL FM JUL 1 52 CLOUDY (SCALE 8-10) 2
DPTR FM NORMAL -63
[CDD (BASE 65) ]
TOTAL THIS MO. 224
DPTR FM NORMAL 98 [PRESSURE DATA]
TOTAL FM JAN 1 4644 HIGHEST SLP 30.49 ON 2
DPTR FM NORMAL 389 LOWEST SLP 29.73 ON 24
[REMARKS]
#FINAL-11-20#