000
CXUS54 KEPZ 011030
CF6LRU
PRELIMINARY LOCAL CLIMATOLOGICAL DATA (WS FORM: F-6)
STATION: LAS CRUCES
MONTH: MAY
YEAR: 2020
LATITUDE: 32 17 N
LONGITUDE: 106 46 W
TEMPERATURE IN F: :PCPN: SNOW: WIND :SUNSHINE: SKY :PK WND
================================================================================
1 2 3 4 5 6A 6B 7 8 9 10 11 12 13 14 15 16 17 18
12Z AVG MX 2MIN
DY MAX MIN AVG DEP HDD CDD WTR SNW DPTH SPD SPD DIR MIN PSBL S-S WX SPD DR
================================================================================
1 94 60 77 M 0 12 0.00 M M 12.3 28 260 M M 0 37 260
2 93 61 77 M 0 12 0.00 M M 13.3 22 260 M M 0 30 250
3 92 60 76 M 0 11 0.00 M M 12.3 23 280 M M 0 32 280
4 93 54 74 M 0 9 0.00 M M 9.8 18 250 M M 0 28 250
5 85 58 72 M 0 7 0.00 M M 9.6 16 340 M M 0 24 110
6 94 57 76 M 0 11 0.00 M M 6.7 14 180 M M 0 20 180
7 97 59 78 M 0 13 0.00 M M 13.7 30 260 M M 0 38 270
8 79 61 70 M 0 5 0.00 M M 13.6 21 120 M M 0 28 120
9 89 54 72 M 0 7 0.00 M M 6.5 13 180 M M 0 24 340
10 86 59 73 M 0 8 T M M 8.6 21 280 M M 4 37 140
11 88 53 71 M 0 6 0.00 M M 4.8 20 250 M M 2 25 90
12 89 58 74 M 0 9 0.00 M M 11.5 20 200 M M 0 28 230
13 87 57 72 M 0 7 0.00 M 0 12.9 21 250 M M 0 38 250
14 86 52 69 M 0 4 0.00 M M 10.7 16 280 M M 0 25 260
15 87 55 71 M 0 6 0.00 0.0 0 7.9 18 250 M M 0 23 260
16 92 54 73 M 0 8 0.00 M M 8.3 16 250 M M 0 26 240
17 94 59 77 M 0 12 0.00 M M 9.0 15 270 M M 0 31 240
18 98 57 78 M 0 13 0.00 M M 7.4 20 230 M M 0 27 260
19 93 62 78 M 0 13 0.00 M M 11.2 20 230 M M 0 29 260
20 86 53 70 M 0 5 0.00 M M 10.4 18 260 M M 0 30 270
21 85 49 67 M 0 2 0.00 M M 12.9 25 280 M M 0 37 270
22 88 46 67 M 0 2 0.00 M M 7.1 18 250 M M 0 27 240
23 89 54 72 M 0 7 0.00 M M 12.0 20 230 M M 0 28 230
24 86 59 73 M 0 8 0.00 M M 13.9 23 280 M M 0 32 270
25 86 56 71 M 0 6 0.00 M M 11.1 18 350 M M 0 8 27 340
26 87 55 71 M 0 6 0.00 M M 6.0 12 240 M M 0 20 280
27 96 55 76 M 0 11 0.00 M M 6.0 14 360 M M 0 26 30
28 98 62 80 M 0 15 0.01 M M 6.7 15 120 M M 1 32 150
29 93 67 80 M 0 15 0.00 M M 8.3 12 180 M M 0 24 130
30 93 66 80 M 0 15 0.00 M M 8.5 13 160 M M 0 21 170
31 92 66 79 M 0 14 0.00 M M 9.4 15 130 M M 0 23 110
================================================================================
SM 2795 1778 0 279 0.01 0.0 302.5 M 7
================================================================================
AV 90.2 57.4 9.8 FASTST M M 0 MAX(MPH)
MISC ----> 30 260 38 250
================================================================================
NOTES:
# LAST OF SEVERAL OCCURRENCES
COLUMN 17 PEAK WIND IN M.P.H.
PRELIMINARY LOCAL CLIMATOLOGICAL DATA (WS FORM: F-6) , PAGE 2
STATION: LAS CRUCES
MONTH: MAY
YEAR: 2020
LATITUDE: 32 17 N
LONGITUDE: 106 46 W
[TEMPERATURE DATA] [PRECIPITATION DATA] SYMBOLS USED IN COLUMN 16
AVERAGE MONTHLY: 73.8 TOTAL FOR MONTH: 0.01 1 = FOG OR MIST
DPTR FM NORMAL: 0.0 DPTR FM NORMAL: M 2 = FOG REDUCING VISIBILITY
HIGHEST: 98 ON 28,18 GRTST 24HR 0.01 ON 28-28 TO 1/4 MILE OR LESS
LOWEST: 46 ON 22 3 = THUNDER
SNOW, ICE PELLETS, HAIL 4 = ICE PELLETS
TOTAL MONTH: 0.0 INCH 5 = HAIL
GRTST 24HR 0.0 6 = FREEZING RAIN OR DRIZZLE
GRTST DEPTH: 0 7 = DUSTSTORM OR SANDSTORM:
VSBY 1/2 MILE OR LESS
8 = SMOKE OR HAZE
[NO. OF DAYS WITH] [WEATHER - DAYS WITH] 9 = BLOWING SNOW
X = TORNADO
MAX 32 OR BELOW: 0 0.01 INCH OR MORE: 1
MAX 90 OR ABOVE: 15 0.10 INCH OR MORE: 0
MIN 32 OR BELOW: 0 0.50 INCH OR MORE: 0
MIN 0 OR BELOW: 0 1.00 INCH OR MORE: 0
[HDD (BASE 65) ]
TOTAL THIS MO. 0 CLEAR (SCALE 0-3) 30
DPTR FM NORMAL M PTCLDY (SCALE 4-7) 1
TOTAL FM JUL 1 2668 CLOUDY (SCALE 8-10) 0
DPTR FM NORMAL M
[CDD (BASE 65) ]
TOTAL THIS MO. 279
DPTR FM NORMAL M [PRESSURE DATA]
TOTAL FM JAN 1 332 HIGHEST SLP M ON M
DPTR FM NORMAL M LOWEST SLP M ON M
[REMARKS]
#FINAL-05-20#