000
CXUS56 KMTR 011813
CF6LVK
PRELIMINARY LOCAL CLIMATOLOGICAL DATA (WS FORM: F-6)
STATION: LIVERMORE AIRPORT
MONTH: JUNE
YEAR: 2020
LATITUDE: 37 42 N
LONGITUDE: 121 49 W
TEMPERATURE IN F: :PCPN: SNOW: WIND :SUNSHINE: SKY :PK WND
================================================================================
1 2 3 4 5 6A 6B 7 8 9 10 11 12 13 14 15 16 17 18
12Z AVG MX 2MIN
DY MAX MIN AVG DEP HDD CDD WTR SNW DPTH SPD SPD DIR MIN PSBL S-S WX SPD DR
================================================================================
1 83 57 70 5 0 5 0.00 M M 6.6 16 270 M M 2 19 290
2 94 57 76 11 0 11 0.00 M M 4.8 18 270 M M 0 24 230
3 101 63 82 17 0 17 0.00 M M 4.4 17 270 M M 0 21 290
4 100 60 80 15 0 15 0.00 M M 6.7 20 290 M M 0 23 290
5 71 55 63 -2 2 0 0.00 M M 13.7 28 260 M M 2 33 270
6 70 53 62 -4 3 0 0.00 M M 15.2 25 260 M M 1 33 260
7 69 48 59 -7 6 0 0.00 M M 10.8 24 270 M M 1 29 250
8 82 48 65 -1 0 0 0.00 M M 6.4 22 260 M M 0 27 260
9 91 50 71 5 0 6 0.00 M M 5.2 18 260 M M 0 27 240
10 95 58 77 11 0 12 0.00 M M 5.9 16 270 M M 0 20 270
11 91 58 75 9 0 10 0.00 M M 8.1 24 270 M M 0 29 270
12 70 56 63 -4 2 0 0.00 M M 14.8 26 250 M M 2 34 250
13 71 56 64 -3 1 0 0.00 M M 12.3 20 270 M M 3 27 280
14 82 56 69 2 0 4 0.00 M M 7.5 21 270 M M 4 24 260
15 79 56 68 1 0 3 0.00 M M 10.8 28 270 M M 0 34 250
16 75 55 65 -3 0 0 0.00 M M 8.0 17 220 M M 0 22 230
17 89 51 70 2 0 5 0.00 M M 4.8 16 280 M M 0 21 290
18 96 56 76 8 0 11 0.00 M M 5.0 20 280 M M 0 23 280
19 91 58 75 7 0 10 0.00 M M 7.3 17 290 M M 0 23 280
20 84 56 70 1 0 5 0.00 M M 9.9 22 280 M M 0 1 25 280
21 89 56 73 4 0 8 0.00 M M 8.7 17 290 M M 0 21 300
22 95 57 76 7 0 11 0.00 M M 6.0 17 290 M M 0 21 280
23 95 58 77 8 0 12 0.00 M M 8.2 14 300 M M 0 M M
24 92 58 75 5 0 10 0.00 M M 7.5 15 300 M M 0 19 290
25 91 57 74 4 0 9 0.00 M M 8.0 17 290 M M 0 21 290
26 93 58 76 6 0 11 0.00 M M 8.3 17 300 M M 0 21 300
27 89 57 73 3 0 8 0.00 M M 11.9 23 290 M M 0 8 28 290
28 77 54 66 -4 0 1 0.00 M M 11.8 23 220 M M 1 30 250
29 85 51 68 -3 0 3 0.00 M M 5.9 20 270 M M 0 24 290
30 94 56 75 4 0 10 0.00 M M 6.2 20 290 M M 0 23 300
================================================================================
SM 2584 1669 14 197 0.00 M 250.7 M 16
================================================================================
AV 86.1 55.6 8.4 FASTST M M 1 MAX(MPH)
MISC ----> # 28 260 # 34 250
================================================================================
NOTES:
# LAST OF SEVERAL OCCURRENCES
COLUMN 17 PEAK WIND IN M.P.H.
PRELIMINARY LOCAL CLIMATOLOGICAL DATA (WS FORM: F-6) , PAGE 2
STATION: LIVERMORE AIRPORT
MONTH: JUNE
YEAR: 2020
LATITUDE: 37 42 N
LONGITUDE: 121 49 W
[TEMPERATURE DATA] [PRECIPITATION DATA] SYMBOLS USED IN COLUMN 16
AVERAGE MONTHLY: 70.9 TOTAL FOR MONTH: 0.00 1 = FOG OR MIST
DPTR FM NORMAL: 3.3 DPTR FM NORMAL: -0.04 2 = FOG REDUCING VISIBILITY
HIGHEST: 101 ON 3 GRTST 24HR 0.00 ON 1- 1 TO 1/4 MILE OR LESS
LOWEST: 48 ON 8, 7 3 = THUNDER
SNOW, ICE PELLETS, HAIL 4 = ICE PELLETS
TOTAL MONTH: M 5 = HAIL
GRTST 24HR M ON M 6 = FREEZING RAIN OR DRIZZLE
GRTST DEPTH: M ON M 7 = DUSTSTORM OR SANDSTORM:
VSBY 1/2 MILE OR LESS
8 = SMOKE OR HAZE
[NO. OF DAYS WITH] [WEATHER - DAYS WITH] 9 = BLOWING SNOW
X = TORNADO
MAX 32 OR BELOW: 0 0.01 INCH OR MORE: 0
MAX 90 OR ABOVE: 14 0.10 INCH OR MORE: 0
MIN 32 OR BELOW: 0 0.50 INCH OR MORE: 0
MIN 0 OR BELOW: 0 1.00 INCH OR MORE: 0
[HDD (BASE 65) ]
TOTAL THIS MO. 14 CLEAR (SCALE 0-3) 29
DPTR FM NORMAL -18 PTCLDY (SCALE 4-7) 1
TOTAL FM JUL 1 2306 CLOUDY (SCALE 8-10) 0
DPTR FM NORMAL -473
[CDD (BASE 65) ]
TOTAL THIS MO. 197
DPTR FM NORMAL 87 [PRESSURE DATA]
TOTAL FM JAN 1 313 HIGHEST SLP 30.18 ON 8
DPTR FM NORMAL 150 LOWEST SLP 29.64 ON 4
[REMARKS]
#FINAL-06-20#