000
CXUS55 KBYZ 011000
CF6LVM
PRELIMINARY LOCAL CLIMATOLOGICAL DATA (WS FORM: F-6)
STATION: LIVINGSTON MT
MONTH: AUGUST
YEAR: 2023
LATITUDE: 45 41 N
LONGITUDE: 110 26 W
TEMPERATURE IN F: :PCPN: SNOW: WIND :SUNSHINE: SKY :PK WND
================================================================================
1 2 3 4 5 6A 6B 7 8 9 10 11 12 13 14 15 16 17 18
12Z AVG MX 2MIN
DY MAX MIN AVG DEP HDD CDD WTR SNW DPTH SPD SPD DIR MIN PSBL S-S WX SPD DR
================================================================================
1 94 58 76 6 0 11 0.00 M M 8.7 25 220 M M 0 41 260
2 83 55 69 -1 0 4 0.00 M M 2.7 8 220 M M 0 12 90
3 75 62 69 0 0 4 T M M 6.7 18 140 M M 6 24 140
4 75 57 66 -3 0 1 0.19 M M 10.4 21 240 M M 6 13 27 320
5 75 55 65 -4 0 0 0.02 M M 10.2 22 70 M M 4 1 28 60
6 77 53 65 -4 0 0 0.32 M M 8.7 22 70 M M 6 13 29 70
7 78 52 65 -4 0 0 T M M 4.3 17 210 M M 5 3 24 220
8 80 56 68 -1 0 3 0.00 M M 12.9 24 230 M M 3 31 240
9 86 59 73 5 0 8 0.38 M M 17.9 33 250 M M 3 13 50 250
10 83 57 70 2 0 5 0.00 M M 15.3 29 280 M M 1 38 280
11 86 45 66 -2 0 1 0.00 M M 7.0 22 280 M M 1 30 280
12 86 48 67 -1 0 2 0.00 M M 10.5 24 100 M M 3 32 300
13 78 47 63 -4 2 0 0.00 M M 6.9 18 120 M M 2 29 120
14 89 43 66 -1 0 1 0.00 M M 4.8 14 260 M M 0 18 260
15 98 51 75 8 0 10 0.00 M M 9.6 20 280 M M 0 26 280
16 94 61 78 11 0 13 0.00 M M 12.7 24 250 M M 0 33 270
17 100 52 76 10 0 11 T M M 12.6 45 210 M M 0 60 220
18 93 58 76 10 0 11 0.08 M M 21.7 47 200 M M 2 3 64 200
19 75 52 64 -2 1 0 0.06 M M M M M M M M 3 36 70
20 62 53 58 -8 7 0 0.21 M M M M M M M 9 138 M M
21 78 58 68 3 0 3 0.01 M M 10.1 28 230 M M 7 18 38 240
22 83 66 75 10 0 10 0.00 M M 15.0 26 210 M M 2 36 210
23 85 54 70 5 0 5 T M M 10.2 24 240 M M 3 33 290
24 87 49 68 4 0 3 0.00 M M 10.4 23 280 M M 1 32 260
25 78 55 67 3 0 2 0.21 M M 15.6 26 70 M M 3 13 36 70
26 86 55 71 7 0 6 0.00 M M 8.8 24 220 M M 1 34 220
27 82 50 66 2 0 1 0.00 M M 10.0 28 210 M M 2 36 210
28 87 50 69 6 0 4 T M M 9.1 24 350 M M 1 3 34 350
29 93 48 71 8 0 6 0.01 M M 7.7 33 260 M M 1 3 51 260
30 76 54 65 2 0 0 0.07 M M 16.2 36 210 M M 3 3 61 220
31 82 59 71 9 0 6 0.00 M M 14.4 29 230 M M 2 42 210
================================================================================
SM 2584 1672 10 131 1.56 M 311.1 M 77
================================================================================
AV 83.4 53.9 10.7 FASTST M M 3 MAX(MPH)
MISC ----> 47 200 64 200
================================================================================
NOTES:
# LAST OF SEVERAL OCCURRENCES
COLUMN 17 PEAK WIND IN M.P.H.
PRELIMINARY LOCAL CLIMATOLOGICAL DATA (WS FORM: F-6) , PAGE 2
STATION: LIVINGSTON MT
MONTH: AUGUST
YEAR: 2023
LATITUDE: 45 41 N
LONGITUDE: 110 26 W
[TEMPERATURE DATA] [PRECIPITATION DATA] SYMBOLS USED IN COLUMN 16
AVERAGE MONTHLY: 68.6 TOTAL FOR MONTH: 1.56 1 = FOG OR MIST
DPTR FM NORMAL: 2.1 DPTR FM NORMAL: 0.49 2 = FOG REDUCING VISIBILITY
HIGHEST: 100 ON 17 GRTST 24HR 0.38 ON 9- 9 TO 1/4 MILE OR LESS
LOWEST: 43 ON 14 3 = THUNDER
SNOW, ICE PELLETS, HAIL 4 = ICE PELLETS
TOTAL MONTH: M 5 = HAIL
GRTST 24HR M ON M 6 = FREEZING RAIN OR DRIZZLE
GRTST DEPTH: M ON M 7 = DUSTSTORM OR SANDSTORM:
VSBY 1/2 MILE OR LESS
8 = SMOKE OR HAZE
[NO. OF DAYS WITH] [WEATHER - DAYS WITH] 9 = BLOWING SNOW
X = TORNADO
MAX 32 OR BELOW: 0 0.01 INCH OR MORE: 11
MAX 90 OR ABOVE: 6 0.10 INCH OR MORE: 5
MIN 32 OR BELOW: 0 0.50 INCH OR MORE: 0
MIN 0 OR BELOW: 0 1.00 INCH OR MORE: 0
[HDD (BASE 65) ]
TOTAL THIS MO. 10 CLEAR (SCALE 0-3) 20
DPTR FM NORMAL -48 PTCLDY (SCALE 4-7) 9
TOTAL FM JUL 1 46 CLOUDY (SCALE 8-10) 2
DPTR FM NORMAL -51
[CDD (BASE 65) ]
TOTAL THIS MO. 131
DPTR FM NORMAL 28 [PRESSURE DATA]
TOTAL FM JAN 1 271 HIGHEST SLP 30.29 ON 14
DPTR FM NORMAL 15 LOWEST SLP 29.57 ON 18
[REMARKS]
#FINAL-08-23#