000
CXUS53 KTOP 010910
CF6LWC
PRELIMINARY LOCAL CLIMATOLOGICAL DATA (WS FORM: F-6)
STATION: LAWRENCE KS
MONTH: FEBRUARY
YEAR: 2021
LATITUDE: 39 0 N
LONGITUDE: 95 13 W
TEMPERATURE IN F: :PCPN: SNOW: WIND :SUNSHINE: SKY :PK WND
================================================================================
1 2 3 4 5 6A 6B 7 8 9 10 11 12 13 14 15 16 17 18
12Z AVG MX 2MIN
DY MAX MIN AVG DEP HDD CDD WTR SNW DPTH SPD SPD DIR MIN PSBL S-S WX SPD DR
================================================================================
1 42 24 33 2 32 0 0.00 M M 6.3 15 360 M M 6 18 19 10
2 42 23 33 2 32 0 0.00 M M 7.6 14 150 M M 4 1 17 130
3 61 27 44 13 21 0 0.00 M M 11.0 21 170 M M 1 28 140
4 49 21 35 4 30 0 T M M 15.2 32 330 M M 4 1 44 350
5 44 20 32 0 33 0 0.00 M M 4.2 13 30 M M 2 17 30
6 26 7 17 -15 48 0 T M M 10.0 18 340 M M 8 18 25 20
7 9 6 8 -24 57 0 0.03 M M 9.3 16 90 M M 8 1 21 80
8 10 6 8 -24 57 0 T M M 8.8 14 360 M M 10 1 19 360
9 15 9 12 -20 53 0 0.00 M M 7.7 13 30 M M 10 18 19 50
10 16 11 14 -19 51 0 T M M 9.3 16 10 M M 10 8 21 360
11 17 9 13 -20 52 0 T M M 10.5 18 350 M M 10 23 360
12 12 1 7 -26 58 0 0.00 M M 11.8 21 30 M M 8 29 10
13 10 -1 5 -29 60 0 0.00 M M 10.9 18 340 M M 6 25 350
14 6 -7 0 -34 65 0 0.02 M M 12.5 18 360 M M 10 8 26 10
15 0 -11 -5 -39 70 0 0.01 M M 9.7 15 360 M M 7 8 22 10
16 10 -22 -6 -40 71 0 0.00 M M 3.6 9 90 M M 0 12 90
17 24 0 12 -23 53 0 0.01 M M 4.7 12 80 M M 9 1 14 90
18 28 0 14 -21 51 0 0.00 M M 5.2 12 290 M M 4 1 16 250
19 36 2 19 -16 46 0 0.00 M M 6.3 18 220 M M 0 1 23 200
20 43 15 29 -7 36 0 0.00 M M 8.2 15 170 M M 0 1 19 170
21 45 28 37 1 28 0 0.00 M M 10.8 22 290 M M 6 18 31 290
22 63 21 42 6 23 0 0.00 M M 8.0 23 250 M M 0 34 250
23 70 25 48 12 17 0 0.00 M M 6.6 22 200 M M 0 29 200
24 48 22 35 -2 30 0 0.00 M M 12.9 24 350 M M 3 33 10
25 44 21 33 -4 32 0 0.00 M M 2.8 9 330 M M 2 10 330
26 52 19 36 -2 29 0 0.00 M M 5.4 15 210 M M 4 21 210
27 65 25 45 7 20 0 T M M 9.9 25 150 M M 6 12 34 170
28 55 22 39 1 26 0 T M M 11.9 25 330 M M 2 34 10
================================================================================
SM 942 323 1181 0 0.07 M 241.1 M 140
================================================================================
AV 33.6 11.5 8.6 FASTST M M 5 MAX(MPH)
MISC ----> 32 330 44 350
================================================================================
NOTES:
# LAST OF SEVERAL OCCURRENCES
COLUMN 17 PEAK WIND IN M.P.H.
PRELIMINARY LOCAL CLIMATOLOGICAL DATA (WS FORM: F-6) , PAGE 2
STATION: LAWRENCE KS
MONTH: FEBRUARY
YEAR: 2021
LATITUDE: 39 0 N
LONGITUDE: 95 13 W
[TEMPERATURE DATA] [PRECIPITATION DATA] SYMBOLS USED IN COLUMN 16
AVERAGE MONTHLY: 22.6 TOTAL FOR MONTH: 0.07 1 = FOG OR MIST
DPTR FM NORMAL: -11.5 DPTR FM NORMAL: -1.23 2 = FOG REDUCING VISIBILITY
HIGHEST: 70 ON 23 GRTST 24HR 0.03 ON 6- 7 TO 1/4 MILE OR LESS
LOWEST: -22 ON 16 3 = THUNDER
SNOW, ICE PELLETS, HAIL 4 = ICE PELLETS
TOTAL MONTH: M 5 = HAIL
GRTST 24HR M ON M 6 = FREEZING RAIN OR DRIZZLE
GRTST DEPTH: M ON M 7 = DUSTSTORM OR SANDSTORM:
VSBY 1/2 MILE OR LESS
8 = SMOKE OR HAZE
[NO. OF DAYS WITH] [WEATHER - DAYS WITH] 9 = BLOWING SNOW
X = TORNADO
MAX 32 OR BELOW: 13 0.01 INCH OR MORE: 4
MAX 90 OR ABOVE: 0 0.10 INCH OR MORE: 0
MIN 32 OR BELOW: 28 0.50 INCH OR MORE: 0
MIN 0 OR BELOW: 6 1.00 INCH OR MORE: 0
[HDD (BASE 65) ]
TOTAL THIS MO. 1181 CLEAR (SCALE 0-3) 9
DPTR FM NORMAL 317 PTCLDY (SCALE 4-7) 12
TOTAL FM JUL 1 4036 CLOUDY (SCALE 8-10) 7
DPTR FM NORMAL 21
[CDD (BASE 65) ]
TOTAL THIS MO. 0
DPTR FM NORMAL 0 [PRESSURE DATA]
TOTAL FM JAN 1 0 HIGHEST SLP 30.67 ON 14
DPTR FM NORMAL 0 LOWEST SLP 29.51 ON 4
[REMARKS]
#FINAL-02-21#