000
CXUS53 KTOP 011425
CLMLWC
CLIMATE REPORT
NATIONAL WEATHER SERVICE TOPEKA KS
925 AM CDT SAT APR 01 2023
...................................
...THE LAWRENCE KS CLIMATE SUMMARY FOR THE MONTH OF MARCH 2023...
CLIMATE NORMAL PERIOD 1991 TO 2020
CLIMATE RECORD PERIOD 9999 TO 9999
WEATHER OBSERVED NORMAL DEPART LAST YEAR`S
VALUE DATE(S) VALUE FROM VALUE
NORMAL
..............................................................
TEMPERATURE (F)
HIGHEST 81 03/31 87
LOWEST 10 03/19 2
AVG. MAXIMUM 54.9 57.8 -2.9 58.5
AVG. MINIMUM 31.7 32.4 -0.7 30.5
MEAN 43.3 45.1 -1.8 44.5
DAYS MAX >= 90 0 0.0 0.0 0
DAYS MAX <= 32 0 0.9 -0.9 1
DAYS MIN <= 32 16 16.5 -0.5 16
DAYS MIN <= 0 0 0.3 -0.3 0
PRECIPITATION (INCHES)
TOTALS 2.56R 2.20 0.36 3.98
DAILY AVG. 0.08 0.13
DAYS >= .01 14 9
DAYS >= .10 8 5
DAYS >= .50 2 3
DAYS >= 1.00 0 1
GREATEST
24 HR. TOTAL 0.89 03/24 TO 03/24 1.68
DEGREE DAYS
HEATING TOTAL 666 621 45 627
SINCE 7/1 4455 4566 -111 MM
COOLING TOTAL 0 4 -4 0
SINCE 1/1 0 4 -4 MM
..............................................................
WIND (MPH)
AVERAGE WIND SPEED 10.5
HIGHEST WIND SPEED/DIRECTION 44/260 DATE 03/31
HIGHEST GUST SPEED/DIRECTION 68/250 DATE 03/31
SKY COVER
POSSIBLE SUNSHINE (PERCENT) MM
AVERAGE SKY COVER 0.48
NUMBER OF DAYS FAIR 11
NUMBER OF DAYS PC 13
NUMBER OF DAYS CLOUDY 7
AVERAGE RH (PERCENT) 65
WEATHER CONDITIONS. NUMBER OF DAYS WITH
THUNDERSTORM 0 MIXED PRECIP 0
HEAVY RAIN 1 RAIN 8
LIGHT RAIN 13 FREEZING RAIN 0
LT FREEZING RAIN 0 HAIL 0
HEAVY SNOW 1 SNOW 1
LIGHT SNOW 1 SLEET 0
FOG 19 FOG W/VIS <= 1/4 MILE 2
HAZE 17
- INDICATES NEGATIVE NUMBERS.
R INDICATES RECORD WAS SET OR TIED.
MM INDICATES DATA IS MISSING.
T INDICATES TRACE AMOUNT.
$$