000
CXUS56 KTFX 231110
CF6LWT
PRELIMINARY LOCAL CLIMATOLOGICAL DATA (WS FORM: F-6)
STATION: LEWISTOWN MT
MONTH: APRIL
YEAR: 2024
LATITUDE: 47 2 N
LONGITUDE: 109 28 W
TEMPERATURE IN F: :PCPN: SNOW: WIND :SUNSHINE: SKY :PK WND
================================================================================
1 2 3 4 5 6A 6B 7 8 9 10 11 12 13 14 15 16 17 18
12Z AVG MX 2MIN
DY MAX MIN AVG DEP HDD CDD WTR SNW DPTH SPD SPD DIR MIN PSBL S-S WX SPD DR
================================================================================
1 55 21 38 0 27 0 0.00 M M 6.3 17 300 M M 1 25 310
2 65 27 46 8 19 0 0.00 M M 7.3 20 300 M M 0 29 310
3 68 35 52 14 13 0 0.05 M M 7.3 25 230 M M 5 32 240
4 60 39 50 12 15 0 0.00 M M 6.8 16 10 M M 4 18 24 360
5 41 32 37 -2 28 0 0.16 M M 9.3 21 250 M M 10 123 26 250
6 32 29 31 -8 34 0 0.97 M M 10.1 18 320 M M 10 12 28 330
7 35 32 34 -5 31 0 0.35 M M 11.7 17 300 M M 10 1 28 310
8 41 31 36 -3 29 0 0.01 M M 10.6 20 230 M M 7 26 280
9 53 31 42 3 23 0 0.01 M M 15.1 33 270 M M 6 48 270
10 49 27 38 -2 27 0 0.06 M M 9.9 30 300 M M 4 1 41 310
11 59 26 43 3 22 0 0.00 M M 7.0 18 100 M M 0 24 100
12 75 36 56 16 9 0 0.00 M M 8.1 26 210 M M 5 38 240
13 71 41 56 16 9 0 0.00 M M 8.1 21 310 M M 1 31 280
14 76 37 57 17 8 0 0.21 M M 6.8 20 270 M M 3 3 31 290
15 56 39 48 7 17 0 0.38 M M 8.3 22 210 M M 9 1 28 210
16 54 32 43 2 22 0 0.00 M M 13.0 28 300 M M 4 40 320
17 32 24 28 -13 37 0 0.12 M M 14.9 25 300 M M 10 12 37 300
18 35 16 26 -15 39 0 T M M 11.1 22 300 M M 7 33 300
19 31 16 24 -18 41 0 T M M 7.5 16 300 M M 6 1 23 310
20 48 16 32 -10 33 0 0.00 M M 6.9 15 80 M M 1 19 80
21 65 25 45 3 20 0 0.00 M M 13.5 29 300 M M 1 45 310
22 55 27 41 -1 24 0 0.00 M M 16.3 29 300 M M 1 51 310
================================================================================
SM 1156 639 527 0 2.32 M 215.9 M 105
================================================================================
AV 52.5 29.0 9.8 FASTST M M 5 MAX(MPH)
MISC ----> 33 270 51 310
================================================================================
NOTES:
# LAST OF SEVERAL OCCURRENCES
COLUMN 17 PEAK WIND IN M.P.H.
PRELIMINARY LOCAL CLIMATOLOGICAL DATA (WS FORM: F-6) , PAGE 2
STATION: LEWISTOWN MT
MONTH: APRIL
YEAR: 2024
LATITUDE: 47 2 N
LONGITUDE: 109 28 W
[TEMPERATURE DATA] [PRECIPITATION DATA] SYMBOLS USED IN COLUMN 16
AVERAGE MONTHLY: 40.8 TOTAL FOR MONTH: 2.32 1 = FOG OR MIST
DPTR FM NORMAL: 0.8 DPTR FM NORMAL: 1.12 2 = FOG REDUCING VISIBILITY
HIGHEST: 76 ON 14 GRTST 24HR 1.05 ON 6- 7 TO 1/4 MILE OR LESS
LOWEST: 16 ON 20,19 3 = THUNDER
SNOW, ICE PELLETS, HAIL 4 = ICE PELLETS
TOTAL MONTH: M 5 = HAIL
GRTST 24HR M ON M 6 = FREEZING RAIN OR DRIZZLE
GRTST DEPTH: M ON M 7 = DUSTSTORM OR SANDSTORM:
VSBY 1/2 MILE OR LESS
8 = SMOKE OR HAZE
[NO. OF DAYS WITH] [WEATHER - DAYS WITH] 9 = BLOWING SNOW
X = TORNADO
MAX 32 OR BELOW: 3 0.01 INCH OR MORE: 10
MAX 90 OR ABOVE: 0 0.10 INCH OR MORE: 6
MIN 32 OR BELOW: 16 0.50 INCH OR MORE: 1
MIN 0 OR BELOW: 0 1.00 INCH OR MORE: 0
[HDD (BASE 65) ]
TOTAL THIS MO. 527 CLEAR (SCALE 0-3) 8
DPTR FM NORMAL -24 PTCLDY (SCALE 4-7) 9
TOTAL FM JUL 1 6812 CLOUDY (SCALE 8-10) 5
DPTR FM NORMAL -502
[CDD (BASE 65) ]
TOTAL THIS MO. 0
DPTR FM NORMAL 0 [PRESSURE DATA]
TOTAL FM JAN 1 0 HIGHEST SLP M ON M
DPTR FM NORMAL 0 LOWEST SLP 29.58 ON 5
[REMARKS]