000
CXUS53 KGID 011027
CF6LXN
PRELIMINARY LOCAL CLIMATOLOGICAL DATA (WS FORM: F-6)
STATION: LEXINGTON NE
MONTH: NOVEMBER
YEAR: 2022
LATITUDE: 40 47 N
LONGITUDE: 99 46 W
TEMPERATURE IN F: :PCPN: SNOW: WIND :SUNSHINE: SKY :PK WND
================================================================================
1 2 3 4 5 6A 6B 7 8 9 10 11 12 13 14 15 16 17 18
12Z AVG MX 2MIN
DY MAX MIN AVG DEP HDD CDD WTR SNW DPTH SPD SPD DIR MIN PSBL S-S WX SPD DR
================================================================================
1 78 28 53 M 12 0 0.00 M M 8.3 21 180 M M 0 8 29 190
2 80 52 66 M 0 1 0.00 M M 15.4 22 180 M M 0 31 200
3 60 34 47 M 18 0 0.02 M M 13.1 20 10 M M 5 8 28 10
4 46 22 34 M 31 0 0.04 M M 8.3 15 10 M M 5 22 320
5 70 17 44 M 21 0 0.00 M M 8.6 22 280 M M 0 28 250
6 58 32 45 M 20 0 0.00 M M 5.5 18 360 M M 3 30 320
7 53 32 43 M 22 0 0.00 M M 12.1 24 130 M M 3 29 140
8 73 42 58 M 7 0 0.00 M M 16.1 21 180 M M 8 1 29 170
9 76 39 58 M 7 0 0.00 M M 16.4 30 170 M M 6 41 170
10 67 20 44 M 21 0 0.00 M M 17.5 30 310 M M 3 36 310
11 36 10 23 M 42 0 0.00 M M 9.6 15 330 M M 0 21 340
12 38 8 23 M 42 0 0.00 M M 4.7 9 130 M M 0 M M
13 46 17 32 M 33 0 0.00 M M 10.7 20 150 M M 0 24 150
14 39 18 29 M 36 0 0.00 M M 9.8 18 350 M M 3 28 360
15 40 16 28 M 37 0 0.00 M M 10.9 17 330 M M 8 23 330
16 38 7 23 M 42 0 0.00 M M 9.3 23 320 M M 5 29 330
17 33 15 24 M 41 0 T M M 12.6 22 330 M M 9 31 340
18 29 8 19 M 46 0 0.00 M M 11.9 18 310 M M 0 24 310
19 35 12 24 M 41 0 0.00 M M 10.5 23 340 M M 0 31 340
20 54 18 36 M 29 0 0.00 M M 6.4 12 300 M M 0 8 M M
21 56 14 35 M 30 0 0.00 M M 5.9 12 300 M M 0 M M
22 60 14 37 M 28 0 0.00 M M 4.1 8 290 M M 0 M M
23 62 17 40 M 25 0 0.00 M M 4.7 10 300 M M 0 M M
24 52 19 36 M 29 0 0.00 M M 14.6 24 350 M M 1 29 360
25 58 17 38 M 27 0 0.00 M M 6.0 13 320 M M 0 16 200
26 60 20 40 M 25 0 0.00 M M 8.9 22 360 M M 2 29 360
27 45 26 36 M 29 0 0.00 M M 10.2 22 340 M M 1 28 340
28 56 17 37 M 28 0 0.00 M M 7.0 23 40 M M 1 33 40
29 36 10 23 M 42 0 M M M 17.7 29 30 M M 5 37 30
30 32 5 19 M 46 0 0.00 M M 7.7 13 160 M M 0 18 160
================================================================================
SM 1566 606 857 1 M M 304.5 M 68
================================================================================
AV 52.2 20.2 10.2 FASTST M M 2 MAX(MPH)
MISC ----> # 30 170 M M
================================================================================
NOTES:
# LAST OF SEVERAL OCCURRENCES
COLUMN 17 PEAK WIND IN M.P.H.
PRELIMINARY LOCAL CLIMATOLOGICAL DATA (WS FORM: F-6) , PAGE 2
STATION: LEXINGTON NE
MONTH: NOVEMBER
YEAR: 2022
LATITUDE: 40 47 N
LONGITUDE: 99 46 W
[TEMPERATURE DATA] [PRECIPITATION DATA] SYMBOLS USED IN COLUMN 16
AVERAGE MONTHLY: 36.2 TOTAL FOR MONTH: M 1 = FOG OR MIST
DPTR FM NORMAL: M DPTR FM NORMAL: M 2 = FOG REDUCING VISIBILITY
HIGHEST: 80 ON 2 GRTST 24HR M ON M TO 1/4 MILE OR LESS
LOWEST: 5 ON 30 3 = THUNDER
SNOW, ICE PELLETS, HAIL 4 = ICE PELLETS
TOTAL MONTH: M 5 = HAIL
GRTST 24HR M ON M 6 = FREEZING RAIN OR DRIZZLE
GRTST DEPTH: M ON M 7 = DUSTSTORM OR SANDSTORM:
VSBY 1/2 MILE OR LESS
8 = SMOKE OR HAZE
[NO. OF DAYS WITH] [WEATHER - DAYS WITH] 9 = BLOWING SNOW
X = TORNADO
MAX 32 OR BELOW: 2 0.01 INCH OR MORE: M
MAX 90 OR ABOVE: 0 0.10 INCH OR MORE: M
MIN 32 OR BELOW: 26 0.50 INCH OR MORE: M
MIN 0 OR BELOW: 0 1.00 INCH OR MORE: M
[HDD (BASE 65) ]
TOTAL THIS MO. 857 CLEAR (SCALE 0-3) 22
DPTR FM NORMAL M PTCLDY (SCALE 4-7) 7
TOTAL FM JUL 1 1278 CLOUDY (SCALE 8-10) 1
DPTR FM NORMAL M
[CDD (BASE 65) ]
TOTAL THIS MO. 1
DPTR FM NORMAL M [PRESSURE DATA]
TOTAL FM JAN 1 1225 HIGHEST SLP M ON M
DPTR FM NORMAL M LOWEST SLP M ON M
[REMARKS]
#FINAL-11-22#