000
CXUS53 KGID 020245
CF6LXN
PRELIMINARY LOCAL CLIMATOLOGICAL DATA (WS FORM: F-6)
STATION: LEXINGTON NE
MONTH: FEBRUARY
YEAR: 2024
LATITUDE: 40 47 N
LONGITUDE: 99 46 W
TEMPERATURE IN F: :PCPN: SNOW: WIND :SUNSHINE: SKY :PK WND
================================================================================
1 2 3 4 5 6A 6B 7 8 9 10 11 12 13 14 15 16 17 18
12Z AVG MX 2MIN
DY MAX MIN AVG DEP HDD CDD WTR SNW DPTH SPD SPD DIR MIN PSBL S-S WX SPD DR
================================================================================
1 60 28 44 M 21 0 0.00 M M 5.0 9 60 M M 2 1 M M
2 48 37 43 M 22 0 0.04 M M 5.3 10 230 M M 9 12 M M
3 48 41 45 M 20 0 1.04 M M 13.3 21 90 M M 10 12 33 90
4 43 37 40 M 25 0 0.25 M M 8.1 13 10 M M 10 1 M M
5 52 36 44 M 21 0 0.00 M M 4.7 12 170 M M 9 1 M M
6 50 36 43 M 22 0 0.00 M M 8.7 17 170 M M 5 12 23 160
7 55 45 50 M 15 0 0.00 M M 19.4 25 160 M M 2 32 180
8 55 30 43 M 22 0 T M M 13.3 23 310 M M 3 32 310
9 49 28 39 M 26 0 0.00 M M 5.9 9 10 M M 0 17 360
10 33 25 29 M 36 0 T M M 5.3 10 40 M M 7 M M
11 45 19 32 M 33 0 T M M 6.3 14 310 M M 5 1 17 290
12 56 26 41 M 24 0 0.00 M M 8.3 15 300 M M 1 20 300
13 56 25 41 M 24 0 0.00 M M 3.2 9 290 M M 1 16 300
14 57 28 43 M 22 0 0.00 M M 9.4 27 340 M M 3 32 360
15 32 26 29 M 36 0 0.00 M M 7.9 16 350 M M 10 23 50
16 29 13 21 M 44 0 M M M 12.2 16 360 M M 7 23 40
17 41 10 26 M 39 0 0.00 M M 11.5 16 290 M M 0 22 330
18 54 18 36 M 29 0 0.00 M M 7.0 12 270 M M 0 M M
19 59 28 44 M 21 0 0.00 M M 8.9 20 330 M M 0 27 310
20 71 24 48 M 17 0 0.00 M M 8.5 27 220 M M 0 37 220
21 65 29 47 M 18 0 0.00 M M 3.2 24 330 M M 1 31 350
22 60 30 45 M 20 0 0.02 M M 11.7 20 350 M M 2 25 340
23 60 30 45 M 20 0 0.00 M M 13.5 27 300 M M 1 33 300
24 64 24 44 M 21 0 0.00 M M 9.2 24 260 M M 0 30 260
25 70 27 49 M 16 0 0.00 M M 10.1 23 290 M M 0 31 290
26 74 30 52 M 13 0 0.00 M M 11.5 29 270 M M 0 40 270
27 41 12 27 M 38 0 M M M 18.0 32 350 M M 5 39 360
28 51 7 29 M 36 0 0.00 M M 9.0 17 190 M M 0 23 190
29 66 30 48 M 17 0 0.00 M M 14.2 22 190 M M 0 30 190
================================================================================
SM 1544 779 718 0 M M 272.6 M 93
================================================================================
AV 53.2 26.9 9.4 FASTST M M 3 MAX(MPH)
MISC ----> 32 350 M M
================================================================================
NOTES:
# LAST OF SEVERAL OCCURRENCES
COLUMN 17 PEAK WIND IN M.P.H.
PRELIMINARY LOCAL CLIMATOLOGICAL DATA (WS FORM: F-6) , PAGE 2
STATION: LEXINGTON NE
MONTH: FEBRUARY
YEAR: 2024
LATITUDE: 40 47 N
LONGITUDE: 99 46 W
[TEMPERATURE DATA] [PRECIPITATION DATA] SYMBOLS USED IN COLUMN 16
AVERAGE MONTHLY: 40.1 TOTAL FOR MONTH: M 1 = FOG OR MIST
DPTR FM NORMAL: M DPTR FM NORMAL: M 2 = FOG REDUCING VISIBILITY
HIGHEST: 74 ON 26 GRTST 24HR M ON M TO 1/4 MILE OR LESS
LOWEST: 7 ON 28 3 = THUNDER
SNOW, ICE PELLETS, HAIL 4 = ICE PELLETS
TOTAL MONTH: M 5 = HAIL
GRTST 24HR M ON M 6 = FREEZING RAIN OR DRIZZLE
GRTST DEPTH: M ON M 7 = DUSTSTORM OR SANDSTORM:
VSBY 1/2 MILE OR LESS
8 = SMOKE OR HAZE
[NO. OF DAYS WITH] [WEATHER - DAYS WITH] 9 = BLOWING SNOW
X = TORNADO
MAX 32 OR BELOW: 2 0.01 INCH OR MORE: M
MAX 90 OR ABOVE: 0 0.10 INCH OR MORE: M
MIN 32 OR BELOW: 23 0.50 INCH OR MORE: M
MIN 0 OR BELOW: 0 1.00 INCH OR MORE: M
[HDD (BASE 65) ]
TOTAL THIS MO. 718 CLEAR (SCALE 0-3) 19
DPTR FM NORMAL M PTCLDY (SCALE 4-7) 5
TOTAL FM JUL 1 4056 CLOUDY (SCALE 8-10) 5
DPTR FM NORMAL M
[CDD (BASE 65) ]
TOTAL THIS MO. 0
DPTR FM NORMAL M [PRESSURE DATA]
TOTAL FM JAN 1 0 HIGHEST SLP M ON M
DPTR FM NORMAL M LOWEST SLP M ON M
[REMARKS]
#FINAL-02-24#