000
CXUS53 KGID 011352
CF6LXN
PRELIMINARY LOCAL CLIMATOLOGICAL DATA (WS FORM: F-6)
STATION: LEXINGTON NE
MONTH: JANUARY
YEAR: 2024
LATITUDE: 40 47 N
LONGITUDE: 99 46 W
TEMPERATURE IN F: :PCPN: SNOW: WIND :SUNSHINE: SKY :PK WND
================================================================================
1 2 3 4 5 6A 6B 7 8 9 10 11 12 13 14 15 16 17 18
12Z AVG MX 2MIN
DY MAX MIN AVG DEP HDD CDD WTR SNW DPTH SPD SPD DIR MIN PSBL S-S WX SPD DR
================================================================================
1 35 15 25 M 40 0 0.00 M M 4.3 13 180 M M 4 12 16 180
2 43 24 34 M 31 0 0.00 M M 4.7 10 300 M M 0 1 M M
3 41 20 31 M 34 0 0.00 M M 5.3 10 70 M M 2 1 M M
4 32 25 29 M 36 0 0.00 M M 5.4 8 170 M M 10 12 M M
5 32 28 30 M 35 0 M M M 1.9 7 170 M M 10 12 M M
6 34 15 25 M 40 0 0.00 M M 6.8 17 340 M M 7 1 25 330
7 33 13 23 M 42 0 0.00 M M 7.7 18 110 M M 3 22 110
8 33 18 26 M 39 0 M M M 20.1 31 350 M M 10 39 360
9 32 14 23 M 42 0 M M M 14.2 27 340 M M 4 35 340
10 44 17 31 M 34 0 0.00 M M 8.3 24 300 M M 1 29 300
11 28 6 17 M 48 0 M M M 15.5 24 10 M M 7 28 60
12 7 -6 1 M 64 0 M M M 14.0 21 360 M M 3 23 350
13 -1 -15 -8 M 73 0 M M M 17.8 25 340 M M 3 8 32 350
14 1 -16 -7 M 72 0 0.00 M M 9.1 18 340 M M 4 22 340
15 1 -9 -4 M 69 0 M M M 13.9 25 330 M M 5 8 31 320
16 19 -17 1 M 64 0 0.00 M M 6.6 15 260 M M 0 16 300
17 28 3 16 M 49 0 0.00 M M 6.2 13 60 M M 3 M M
18 25 2 14 M 51 0 M M M 11.3 33 350 M M 4 39 350
19 15 -5 5 M 60 0 0.00 M M 9.4 18 330 M M 0 23 320
20 14 -6 4 M 61 0 0.00 M M 10.9 21 160 M M 0 24 160
21 32 8 20 M 45 0 0.00 M M 11.4 16 190 M M 0 22 170
22 43 17 30 M 35 0 0.00 M M 2.9 8 150 M M 2 12 M M
23 32 31 32 M 33 0 0.00 M M 3.8 8 170 M M 10 1 M M
24 34 31 33 M 32 0 0.00 M M 7.0 10 220 M M 10 1 M M
25 47 26 37 M 28 0 0.00 M M 3.2 7 340 M M 3 1 M M
26 46 24 35 M 30 0 0.00 M M 3.4 7 340 M M 0 M M
27 49 28 39 M 26 0 0.00 M M 5.0 10 310 M M 0 M M
28 55 24 40 M 25 0 0.00 M M 4.8 10 300 M M 0 M M
29 60 33 47 M 18 0 0.00 M M 8.8 16 300 M M 0 18 290
30 61 31 46 M 19 0 0.00 M M 5.8 12 300 M M 0 M M
31 68 29 49 M 16 0 0.00 M M 4.2 10 170 M M 0 M M
================================================================================
SM 1023 408 1291 0 M M 253.7 M 105
================================================================================
AV 33.0 13.2 8.2 FASTST M M 3 MAX(MPH)
MISC ----> 33 350 # M M
================================================================================
NOTES:
# LAST OF SEVERAL OCCURRENCES
COLUMN 17 PEAK WIND IN M.P.H.
PRELIMINARY LOCAL CLIMATOLOGICAL DATA (WS FORM: F-6) , PAGE 2
STATION: LEXINGTON NE
MONTH: JANUARY
YEAR: 2024
LATITUDE: 40 47 N
LONGITUDE: 99 46 W
[TEMPERATURE DATA] [PRECIPITATION DATA] SYMBOLS USED IN COLUMN 16
AVERAGE MONTHLY: 23.1 TOTAL FOR MONTH: M 1 = FOG OR MIST
DPTR FM NORMAL: M DPTR FM NORMAL: M 2 = FOG REDUCING VISIBILITY
HIGHEST: 68 ON 31 GRTST 24HR M ON M TO 1/4 MILE OR LESS
LOWEST: -17 ON 16 3 = THUNDER
SNOW, ICE PELLETS, HAIL 4 = ICE PELLETS
TOTAL MONTH: M 5 = HAIL
GRTST 24HR M ON M 6 = FREEZING RAIN OR DRIZZLE
GRTST DEPTH: M ON M 7 = DUSTSTORM OR SANDSTORM:
VSBY 1/2 MILE OR LESS
8 = SMOKE OR HAZE
[NO. OF DAYS WITH] [WEATHER - DAYS WITH] 9 = BLOWING SNOW
X = TORNADO
MAX 32 OR BELOW: 15 0.01 INCH OR MORE: M
MAX 90 OR ABOVE: 0 0.10 INCH OR MORE: M
MIN 32 OR BELOW: 30 0.50 INCH OR MORE: M
MIN 0 OR BELOW: 7 1.00 INCH OR MORE: M
[HDD (BASE 65) ]
TOTAL THIS MO. 1291 CLEAR (SCALE 0-3) 18
DPTR FM NORMAL M PTCLDY (SCALE 4-7) 8
TOTAL FM JUL 1 3338 CLOUDY (SCALE 8-10) 5
DPTR FM NORMAL M
[CDD (BASE 65) ]
TOTAL THIS MO. 0
DPTR FM NORMAL M [PRESSURE DATA]
TOTAL FM JAN 1 0 HIGHEST SLP M ON M
DPTR FM NORMAL M LOWEST SLP M ON M
[REMARKS]
#FINAL-01-24#