000
CXUS55 KEAX 010736
CF6LXT
PRELIMINARY LOCAL CLIMATOLOGICAL DATA (WS FORM: F-6)
STATION: LEE`S SUMMIT MO
MONTH: MARCH
YEAR: 2020
LATITUDE: 38 57 N
LONGITUDE: 94 22 W
TEMPERATURE IN F: :PCPN: SNOW: WIND :SUNSHINE: SKY :PK WND
================================================================================
1 2 3 4 5 6A 6B 7 8 9 10 11 12 13 14 15 16 17 18
12Z AVG MX 2MIN
DY MAX MIN AVG DEP HDD CDD WTR SNW DPTH SPD SPD DIR MIN PSBL S-S WX SPD DR
================================================================================
1 65 49 57 18 8 0 0.00 M M 12.5 26 210 M M 3 36 220
2 53 34 44 5 21 0 0.00 M M 8.1 20 10 M M 2 18 27 10
3 61 37 49 9 16 0 0.00 M M 9.7 20 290 M M 0 29 260
4 59 42 51 11 14 0 0.00 M M 7.4 16 310 M M 0 26 310
5 59 41 50 10 15 0 0.00 M M 17.7 32 330 M M 0 44 310
6 55 31 43 3 22 0 0.00 M M 8.8 23 330 M M 0 29 340
7 68 38 53 12 12 0 0.00 M M 16.0 26 190 M M 0 36 210
8 70 45 58 17 7 0 M M M 21.0 35 210 M M 0 47 200
9 59 37 48 6 17 0 1.34 M M 16.3 25 290 M M 10 13 35 320
10 53 31 42 0 23 0 0.00 M M 6.1 15 350 M M 3 19 350
11 67 40 54 12 11 0 0.00 M M 6.1 14 150 M M 1 1 16 150
12 66 44 55 12 10 0 0.06 M M 13.0 25 340 M M 5 13 37 360
13 44 36 40 -3 25 0 T M M 9.2 16 360 M M 7 22 20
14 41 34 38 -5 27 0 0.46 M M 13.3 23 70 M M 10 1 30 60
15 38 33 36 -8 29 0 T M M 9.0 16 100 M M 10 18 22 110
16 44 35 40 -4 25 0 0.15 M M 4.7 10 100 M M 10 1 12 100
17 49 41 45 1 20 0 0.01 M M 8.0 13 140 M M 9 1 18 150
18 62 47 55 10 10 0 0.56 M M 7.5 15 150 M M 9 1 24 130
19 69 54 62 17 3 0 0.34 M M 15.3 29 180 M M 5 1 38 180
20 54 29 42 -3 23 0 T M M 16.8 32 350 M M 4 18 42 350
21 46 24 35 -11 30 0 0.00 M M 6.5 12 110 M M 2 16 100
22 43 37 40 -6 25 0 0.17 M M 8.3 15 110 M M 10 1 22 110
23 51 41 46 0 19 0 0.01 M M 7.1 21 130 M M 10 12 29 120
24 49 42 46 -1 19 0 0.02 M M 9.0 17 70 M M 9 1 23 80
25 69 43 56 9 9 0 0.00 M M 10.4 21 190 M M 6 12 29 200
26 71 51 61 14 4 0 0.65 M M 8.9 20 70 M M 1 13 27 70
27 65 52 59 11 6 0 0.30 M M 6.7 16 300 M M 8 123 19 130
28 75 55 65 17 0 0 T M M 17.8 38 220 M M 4 12 53 210
29 67 M M M M M 0.00 M M 12.5 26 310 M M 0 43 320
30 68 M M M M M 0.00 M M 7.9 16 80 M M 1 21 70
31 68 47 58 9 7 0 0.00 M M 6.2 15 360 M M 2 18 20
================================================================================
SM 1808 1170 457 0 4.07 M 327.8 M 141
================================================================================
AV 58.3 40.3 10.6 FASTST M M 5 MAX(MPH)
MISC ----> 38 220 53 210
================================================================================
NOTES:
# LAST OF SEVERAL OCCURRENCES
COLUMN 17 PEAK WIND IN M.P.H.
PRELIMINARY LOCAL CLIMATOLOGICAL DATA (WS FORM: F-6) , PAGE 2
STATION: LEE`S SUMMIT MO
MONTH: MARCH
YEAR: 2020
LATITUDE: 38 57 N
LONGITUDE: 94 22 W
[TEMPERATURE DATA] [PRECIPITATION DATA] SYMBOLS USED IN COLUMN 16
AVERAGE MONTHLY: 49.3 TOTAL FOR MONTH: 4.07 1 = FOG OR MIST
DPTR FM NORMAL: 5.3 DPTR FM NORMAL: 1.75 2 = FOG REDUCING VISIBILITY
HIGHEST: 75 ON 28 GRTST 24HR 1.36 ON 8- 9 TO 1/4 MILE OR LESS
LOWEST: 24 ON 21 3 = THUNDER
SNOW, ICE PELLETS, HAIL 4 = ICE PELLETS
TOTAL MONTH: M 5 = HAIL
GRTST 24HR M ON M 6 = FREEZING RAIN OR DRIZZLE
GRTST DEPTH: M ON M 7 = DUSTSTORM OR SANDSTORM:
VSBY 1/2 MILE OR LESS
8 = SMOKE OR HAZE
[NO. OF DAYS WITH] [WEATHER - DAYS WITH] 9 = BLOWING SNOW
X = TORNADO
MAX 32 OR BELOW: 0 0.01 INCH OR MORE: 12
MAX 90 OR ABOVE: 0 0.10 INCH OR MORE: 8
MIN 32 OR BELOW: 4 0.50 INCH OR MORE: 3
MIN 0 OR BELOW: 0 1.00 INCH OR MORE: 1
[HDD (BASE 65) ]
TOTAL THIS MO. 457 CLEAR (SCALE 0-3) 14
DPTR FM NORMAL -196 PTCLDY (SCALE 4-7) 8
TOTAL FM JUL 1 4041 CLOUDY (SCALE 8-10) 9
DPTR FM NORMAL -569
[CDD (BASE 65) ]
TOTAL THIS MO. 0
DPTR FM NORMAL 0 [PRESSURE DATA]
TOTAL FM JAN 1 0 HIGHEST SLP M ON M
DPTR FM NORMAL 0 LOWEST SLP 29.44 ON 28
[REMARKS]
#FINAL-03-20#