000
CXUS54 KLZK 061833
CF6LZK
PRELIMINARY LOCAL CLIMATOLOGICAL DATA (WS FORM: F-6)
STATION: NORTH LITTLE ROCK
MONTH: MARCH
YEAR: 2021
LATITUDE: 34 50 N
LONGITUDE: 92 16 W
TEMPERATURE IN F: :PCPN: SNOW: WIND :SUNSHINE: SKY :PK WND
================================================================================
1 2 3 4 5 6A 6B 7 8 9 10 11 12 13 14 15 16 17 18
12Z AVG MX 2MIN
DY MAX MIN AVG DEP HDD CDD WTR SNW DPTH SPD SPD DIR MIN PSBL S-S WX SPD DR
================================================================================
1 50 40 45 -4 20 0 0.00 0.0 0 7.9 15 360 M M 2 22 20
2 51 36 44 -6 21 0 0.00 0.0 0 4.8 8 220 M M 3 14 200
3 66 33 50 0 15 0 0.00 0.0 0 5.4 10 260 M M 2 12 0
4 70 43 57 7 8 0 0.00 0.0 0 5.8 10 40 M M 2 16 150
5 54 40 47 -4 18 0 T 0.0 0 12.0 20 50 M M 6 23 30
6 60 36 48 -3 17 0 0.00 0.0 0 6.8 13 70 M M 2 12 99
7 63 40 52 1 13 0 0.00 0.0 0 4.4 10 130 M M 4 14 150
8 69 43 56 4 9 0 0.00 0.0 0 7.8 14 180 M M 2 24 210
9 72 49 61 9 4 0 0.00 0.0 0 10.0 17 210 M M 8 23 210
10 69 59 64 12 1 0 0.00 0.0 0 12.4 18 200 M M 10 29 200
11 70 64 67 15 0 2 0.01 0.0 0 9.2 15 210 M M 9 13 30 210
12 73 54 64 11 1 0 0.00 0.0 0 7.9 14 60 M M 10 1 16 210
13 68 50 59 6 6 0 0.02 0.0 0 9.1 15 70 M M 9 12 M M
14 71 52 62 9 3 0 0.63 0.0 0 9.3 10 60 M M 10 12 M M
15 75 49 62 8 3 0 0.01 0.0 0 10.3 20 220 M M 5 2 29 240
16 75 55 65 11 0 0 0.00 0.0 0 7.0 13 100 M M 5 18 100
17 73 56 65 11 0 0 2.36 0.0 0 8.7 17 180 M M 3 13 25 180
18 54 42 48 -7 17 0 0.00 0.0 0 16.7 24 280 M M 10 38 280
19 61 42 52 -3 13 0 T 0.0 0 9.7 13 330 M M 5 22 350
20 61 39 50 -5 15 0 0.00 0.0 0 7.0 12 50 M M 3 13 130
21 66 42 54 -2 11 0 0.00 0.0 0 6.4 13 130 M M 1 22 120
22 68 46 57 1 8 0 T 0.0 0 7.0 14 140 M M 4 21 140
23 72 53 63 7 2 0 1.14 0.0 0 12.2 21 200 M M 5 3 31 200
24 78 48 63 7 2 0 0.00 0.0 0 6.3 12 200 M M 0 17 130
25 64 51 58 1 7 0 1.44 0.0 0 10.6 20 240 M M 4 13 29 40
26 69 45 57 0 8 0 0.00 0.0 0 6.6 10 110 M M 2 16 99
27 80 55 68 11 0 3 0.08 0.0 0 4.8 12 220 M M 5 3 18 220
28 64 49 57 -1 8 0 0.00 0.0 0 8.6 13 320 M M 0 18 320
29 69 46 58 0 7 0 0.00 0.0 0 10.2 14 140 M M 2 20 140
30 57 50 54 -4 11 0 0.31 0.0 0 6.6 14 200 M M 8 12 16 170
31 59 47 53 -5 12 0 T T 0 12.8 20 350 M M 5 14 29 40
================================================================================
SM 2051 1454 260 5 6.00 T 264.3 M 146
================================================================================
AV 66.2 46.9 8.5 FASTST M M 5 MAX(MPH)
MISC ----> 24 280 38 280
================================================================================
NOTES:
# LAST OF SEVERAL OCCURRENCES
COLUMN 17 PEAK WIND IN M.P.H.
PRELIMINARY LOCAL CLIMATOLOGICAL DATA (WS FORM: F-6) , PAGE 2
STATION: NORTH LITTLE ROCK
MONTH: MARCH
YEAR: 2021
LATITUDE: 34 50 N
LONGITUDE: 92 16 W
[TEMPERATURE DATA] [PRECIPITATION DATA] SYMBOLS USED IN COLUMN 16
AVERAGE MONTHLY: 56.5 TOTAL FOR MONTH: 6.00 1 = FOG OR MIST
DPTR FM NORMAL: 2.6 DPTR FM NORMAL: 1.23 2 = FOG REDUCING VISIBILITY
HIGHEST: 80 ON 27 GRTST 24HR 2.36 ON 17-17 TO 1/4 MILE OR LESS
LOWEST: 33 ON 3 3 = THUNDER
SNOW, ICE PELLETS, HAIL 4 = ICE PELLETS
TOTAL MONTH: T 5 = HAIL
GRTST 24HR T ON 31-31 6 = FREEZING RAIN OR DRIZZLE
GRTST DEPTH: 0 7 = DUSTSTORM OR SANDSTORM:
VSBY 1/2 MILE OR LESS
8 = SMOKE OR HAZE
[NO. OF DAYS WITH] [WEATHER - DAYS WITH] 9 = BLOWING SNOW
X = TORNADO
MAX 32 OR BELOW: 0 0.01 INCH OR MORE: 9
MAX 90 OR ABOVE: 0 0.10 INCH OR MORE: 5
MIN 32 OR BELOW: 0 0.50 INCH OR MORE: 4
MIN 0 OR BELOW: 0 1.00 INCH OR MORE: 3
[HDD (BASE 65) ]
TOTAL THIS MO. 260 CLEAR (SCALE 0-3) 12
DPTR FM NORMAL -100 PTCLDY (SCALE 4-7) 13
TOTAL FM JUL 1 2924 CLOUDY (SCALE 8-10) 6
DPTR FM NORMAL 77
[CDD (BASE 65) ]
TOTAL THIS MO. 5
DPTR FM NORMAL -12 [PRESSURE DATA]
TOTAL FM JAN 1 5 HIGHEST SLP M ON M
DPTR FM NORMAL -14 LOWEST SLP M ON M
[REMARKS]
#FINAL-03-21#