000
CXUS56 KHNX 191203
CF6MAE
PRELIMINARY LOCAL CLIMATOLOGICAL DATA (WS FORM: F-6)
STATION: MADERA CA AIRPORT
MONTH: APRIL
YEAR: 2024
LATITUDE: 36 58 N
LONGITUDE: 120 7 W
TEMPERATURE IN F: :PCPN: SNOW: WIND :SUNSHINE: SKY :PK WND
================================================================================
1 2 3 4 5 6A 6B 7 8 9 10 11 12 13 14 15 16 17 18
12Z AVG MX 2MIN
DY MAX MIN AVG DEP HDD CDD WTR SNW DPTH SPD SPD DIR MIN PSBL S-S WX SPD DR
================================================================================
1 70 42 56 -2 9 0 0.00 0.0 0 2.9 14 290 M M 1 18 310
2 77 46 62 4 3 0 0.00 0.0 0 5.1 12 120 M M 0 18 150
3 81 47 64 6 1 0 T 0.0 0 6.0 23 330 M M 2 30 330
4 58 41 50 -8 15 0 0.22 0.0 0 12.1 22 330 M M 8 1 30 330
5 54 38 46 -12 19 0 0.11 0.0 0 5.3 16 130 M M 7 1 23 120
6 62 37 50 -9 15 0 0.00 0.0 0 4.4 12 270 M M 1 14 270
7 64 39 52 -7 13 0 0.00 0.0 0 7.9 16 300 M M 1 22 300
8 70 38 54 -5 11 0 0.00 0.0 0 3.2 12 290 M M 0 17 320
9 76 47 62 3 3 0 0.00 0.0 0 4.3 9 250 M M 0 13 210
10 81 47 64 5 1 0 0.00 0.0 0 3.9 12 310 M M 0 16 300
11 85 50 68 8 0 3 0.00 0.0 0 2.9 8 300 M M 0 12 260
12 88 49 69 9 0 4 0.00 0.0 0 8.9 22 310 M M 0 31 150
13 68 44 56 -4 9 0 0.60 0.0 0 11.0 23 300 M M 7 1 33 320
14 62 44 53 -7 12 0 0.27 0.0 0 7.2 17 110 M M 7 1 23 110
15 68 41 55 -5 10 0 0.00 0.0 0 5.0 14 310 M M 4 12 19 310
16 75 50 63 2 2 0 0.00 0.0 0 3.2 14 330 M M 5 1 21 320
17 80 51 66 5 0 1 0.00 0.0 0 3.2 9 300 M M 0 1 16 280
18 84 51 68 7 0 3 0.00 0.0 0 3.7 9 320 M M 0 1 13 290
================================================================================
SM 1303 802 123 11 1.20 0.0 100.2 M 43
================================================================================
AV 72.4 44.6 5.6 FASTST M M 2 MAX(MPH)
MISC ----> # 23 330 33 320
================================================================================
NOTES:
# LAST OF SEVERAL OCCURRENCES
COLUMN 17 PEAK WIND IN M.P.H.
PRELIMINARY LOCAL CLIMATOLOGICAL DATA (WS FORM: F-6) , PAGE 2
STATION: MADERA CA AIRPORT
MONTH: APRIL
YEAR: 2024
LATITUDE: 36 58 N
LONGITUDE: 120 7 W
[TEMPERATURE DATA] [PRECIPITATION DATA] SYMBOLS USED IN COLUMN 16
AVERAGE MONTHLY: 58.5 TOTAL FOR MONTH: 1.20 1 = FOG OR MIST
DPTR FM NORMAL: -0.9 DPTR FM NORMAL: 0.57 2 = FOG REDUCING VISIBILITY
HIGHEST: 88 ON 12 GRTST 24HR 0.87 ON 13-14 TO 1/4 MILE OR LESS
LOWEST: 37 ON 6 3 = THUNDER
SNOW, ICE PELLETS, HAIL 4 = ICE PELLETS
TOTAL MONTH: 0.0 INCH 5 = HAIL
GRTST 24HR 0.0 6 = FREEZING RAIN OR DRIZZLE
GRTST DEPTH: 0 7 = DUSTSTORM OR SANDSTORM:
VSBY 1/2 MILE OR LESS
8 = SMOKE OR HAZE
[NO. OF DAYS WITH] [WEATHER - DAYS WITH] 9 = BLOWING SNOW
X = TORNADO
MAX 32 OR BELOW: 0 0.01 INCH OR MORE: 4
MAX 90 OR ABOVE: 0 0.10 INCH OR MORE: 4
MIN 32 OR BELOW: 0 0.50 INCH OR MORE: 1
MIN 0 OR BELOW: 0 1.00 INCH OR MORE: 0
[HDD (BASE 65) ]
TOTAL THIS MO. 123 CLEAR (SCALE 0-3) 12
DPTR FM NORMAL 10 PTCLDY (SCALE 4-7) 6
TOTAL FM JUL 1 1942 CLOUDY (SCALE 8-10) 0
DPTR FM NORMAL -325
[CDD (BASE 65) ]
TOTAL THIS MO. 11
DPTR FM NORMAL 2 [PRESSURE DATA]
TOTAL FM JAN 1 11 HIGHEST SLP M ON M
DPTR FM NORMAL -1 LOWEST SLP 29.67 ON 12
[REMARKS]