000
CXUS56 KHNX 011146
CF6MAE
PRELIMINARY LOCAL CLIMATOLOGICAL DATA (WS FORM: F-6)
STATION: MADERA CA AIRPORT
MONTH: JULY
YEAR: 2020
LATITUDE: 36 58 N
LONGITUDE: 120 7 W
TEMPERATURE IN F: :PCPN: SNOW: WIND :SUNSHINE: SKY :PK WND
================================================================================
1 2 3 4 5 6A 6B 7 8 9 10 11 12 13 14 15 16 17 18
12Z AVG MX 2MIN
DY MAX MIN AVG DEP HDD CDD WTR SNW DPTH SPD SPD DIR MIN PSBL S-S WX SPD DR
================================================================================
1 96 58 77 -1 0 12 0.00 0.0 0 5.8 15 300 M M 0 19 300
2 92 56 74 -4 0 9 0.00 0.0 0 5.7 16 310 M M 0 21 310
3 94 55 75 -3 0 10 0.00 0.0 0 6.1 13 310 M M 0 19 290
4 98 58 78 0 0 13 0.00 0.0 0 6.7 12 290 M M 0 16 300
5 99 58 79 1 0 14 0.00 0.0 0 8.3 16 300 M M 0 8 20 300
6 96 55 76 -2 0 11 0.00 0.0 0 8.1 16 290 M M 0 8 20 290
7 93 53 73 -6 0 8 0.00 0.0 0 7.7 14 300 M M 0 20 290
8 96 57 77 -2 0 12 0.00 0.0 0 5.9 10 290 M M 0 14 310
9 98 60 79 0 0 14 0.00 0.0 0 6.9 12 300 M M 0 15 270
10 102 60 81 2 0 16 0.00 0.0 0 6.0 13 330 M M 0 17 340
11 105 62 84 5 0 19 0.00 0.0 0 5.2 10 300 M M 1 14 300
12 105 63 84 5 0 19 0.00 0.0 0 6.0 13 290 M M 0 15 300
13 102 64 83 4 0 18 0.00 0.0 0 7.4 14 300 M M 0 18 310
14 95 60 78 -1 0 13 0.00 0.0 0 6.4 10 300 M M 0 16 320
15 96 60 78 -1 0 13 0.00 0.0 0 6.8 10 290 M M 0 14 260
16 97 63 80 1 0 15 0.00 0.0 0 7.4 12 310 M M 0 16 290
17 100 63 82 3 0 17 0.00 0.0 0 6.9 16 160 M M 0 21 50
18 99 62 81 2 0 16 0.00 0.0 0 6.5 10 300 M M 0 25 290
19 99 62 81 2 0 16 0.00 0.0 0 7.3 13 300 M M 0 17 300
20 98 64 81 2 0 16 0.00 0.0 0 8.4 13 300 M M 0 17 290
21 94 61 78 -1 0 13 0.00 0.0 0 6.8 12 290 M M 0 16 320
22 94 57 76 -3 0 11 0.00 0.0 0 6.9 10 310 M M 0 M M
23 93 57 75 -4 0 10 0.00 0.0 0 7.7 13 310 M M 0 17 340
24 96 60 78 -1 0 13 0.00 0.0 0 6.9 14 340 M M 0 16 290
25 97 61 79 0 0 14 0.00 0.0 0 6.5 12 280 M M 0 15 290
26 101 61 81 2 0 16 0.00 0.0 0 7.2 14 350 M M 1 16 340
27 100 63 82 3 0 17 0.00 0.0 0 7.7 13 290 M M 1 17 280
28 101 60 81 2 0 16 0.00 0.0 0 7.3 13 300 M M 1 21 350
29 103 60 82 3 0 17 0.00 0.0 0 7.1 13 290 M M 1 17 290
30 101 60 81 3 0 16 0.00 0.0 0 6.9 14 290 M M 1 17 290
31 100 59 80 2 0 15 0.00 0.0 0 9.2 15 290 M M 1 19 290
================================================================================
SM 3040 1852 0 439 0.00 0.0 215.7 M 7
================================================================================
AV 98.1 59.7 7.0 FASTST M M 0 MAX(MPH)
MISC ----> # 16 310 # 25 290
================================================================================
NOTES:
# LAST OF SEVERAL OCCURRENCES
COLUMN 17 PEAK WIND IN M.P.H.
PRELIMINARY LOCAL CLIMATOLOGICAL DATA (WS FORM: F-6) , PAGE 2
STATION: MADERA CA AIRPORT
MONTH: JULY
YEAR: 2020
LATITUDE: 36 58 N
LONGITUDE: 120 7 W
[TEMPERATURE DATA] [PRECIPITATION DATA] SYMBOLS USED IN COLUMN 16
AVERAGE MONTHLY: 78.9 TOTAL FOR MONTH: 0.00 1 = FOG OR MIST
DPTR FM NORMAL: 0.2 DPTR FM NORMAL: -0.02 2 = FOG REDUCING VISIBILITY
HIGHEST: 105 ON 12,11 GRTST 24HR 0.00 ON 31-31 TO 1/4 MILE OR LESS
LOWEST: 53 ON 7 3 = THUNDER
SNOW, ICE PELLETS, HAIL 4 = ICE PELLETS
TOTAL MONTH: 0.0 INCH 5 = HAIL
GRTST 24HR 0.0 6 = FREEZING RAIN OR DRIZZLE
GRTST DEPTH: 0 7 = DUSTSTORM OR SANDSTORM:
VSBY 1/2 MILE OR LESS
8 = SMOKE OR HAZE
[NO. OF DAYS WITH] [WEATHER - DAYS WITH] 9 = BLOWING SNOW
X = TORNADO
MAX 32 OR BELOW: 0 0.01 INCH OR MORE: 0
MAX 90 OR ABOVE: 31 0.10 INCH OR MORE: 0
MIN 32 OR BELOW: 0 0.50 INCH OR MORE: 0
MIN 0 OR BELOW: 0 1.00 INCH OR MORE: 0
[HDD (BASE 65) ]
TOTAL THIS MO. 0 CLEAR (SCALE 0-3) 31
DPTR FM NORMAL 0 PTCLDY (SCALE 4-7) 0
TOTAL FM JUL 1 0 CLOUDY (SCALE 8-10) 0
DPTR FM NORMAL 0
[CDD (BASE 65) ]
TOTAL THIS MO. 439
DPTR FM NORMAL 13 [PRESSURE DATA]
TOTAL FM JAN 1 963 HIGHEST SLP M ON M
DPTR FM NORMAL 113 LOWEST SLP 29.68 ON 1
[REMARKS]
#FINAL-07-20#