000
CXUS54 KMAF 011110
CF6MAF
PRELIMINARY LOCAL CLIMATOLOGICAL DATA (WS FORM: F-6)
STATION: MIDLAND INTERNATIONAL AIRPORT
MONTH: MAY
YEAR: 2020
LATITUDE: 31 57 N
LONGITUDE: 102 11 W
TEMPERATURE IN F: :PCPN: SNOW: WIND :SUNSHINE: SKY :PK WND
================================================================================
1 2 3 4 5 6A 6B 7 8 9 10 11 12 13 14 15 16 17 18
12Z AVG MX 2MIN
DY MAX MIN AVG DEP HDD CDD WTR SNW DPTH SPD SPD DIR MIN PSBL S-S WX SPD DR
================================================================================
1 101 68 85 16 0 20 0.00 0.0 0 13.8 29 190 M M 0 38 37 170
2 104 71 88 18 0 23 0.00 0.0 0 12.7 28 200 M M 0 8 36 200
3 103 73 88 18 0 23 0.00 0.0 0 9.3 16 180 M M 0 24 160
4 104 74 89 19 0 24 0.00 0.0 M 11.4 24 240 M M 0 31 260
5 83 66 75 5 0 10 0.00 0.0 0 19.7 39 50 M M 1 8 50 50
6 87 57 72 1 0 7 0.00 0.0 M 11.4 24 130 M M 0 30 130
7 100 66 83 12 0 18 0.00 0.0 0 19.3 32 170 M M 0 8 41 170
8 80 58 69 -2 0 4 0.00 0.0 0 19.6 40 20 M M 1 8 47 20
9 84 49 67 -5 0 2 0.00 0.0 0 10.2 20 150 M M 0 24 160
10 83 59 71 -1 0 6 T 0.0 0 13.8 28 150 M M 1 34 160
11 86 59 73 1 0 8 0.08 0.0 0 19.0 45 170 M M 3 3 58 170
12 91 57 74 2 0 9 0.00 0.0 0 9.6 23 170 M M 1 28 170
13 93 68 81 8 0 16 T 0.0 0 16.5 40 190 M M 1 38 51 180
14 97 65 81 8 0 16 0.00 0.0 0 11.2 22 200 M M 0 27 210
15 91 61 76 3 0 11 0.06 0.0 0 11.3 33 90 M M 3 3 45 300
16 86 61 74 0 0 9 0.00 0.0 0 10.5 24 70 M M 3 33 50
17 93 59 76 2 0 11 0.00 0.0 0 8.9 17 190 M M 0 26 180
18 105 64 85 11 0 20 0.00 0.0 0 10.4 20 180 M M 0 25 170
19 104 75 90 16 0 25 0.00 0.0 0 12.2 31 250 M M 0 8 38 250
20 101 69 85 10 0 20 0.00 0.0 0 10.0 29 110 M M 0 8 36 110
21 97 61 79 4 0 14 0.00 0.0 0 10.9 22 260 M M 0 28 270
22 97 68 83 8 0 18 0.00 0.0 0 10.4 18 220 M M 0 8 26 220
23 93 67 80 4 0 15 0.00 0.0 0 15.6 35 170 M M 2 38 41 180
24 94 64 79 3 0 14 0.00 0.0 0 13.9 39 130 M M 1 38 48 120
25 75 59 67 -9 0 2 T 0.0 0 12.5 24 40 M M 5 31 50
26 83 50 67 -9 0 2 0.00 0.0 0 6.3 23 200 M M 0 30 210
27 96 59 78 1 0 13 0.00 0.0 0 9.1 24 70 M M 0 29 60
28 91 60 76 -1 0 11 0.00 0.0 0 9.6 25 40 M M 0 34 40
29 88 56 72 -5 0 7 0.00 0.0 0 9.1 18 80 M M 0 25 120
30 90 59 75 -2 0 10 0.00 0.0 0 10.2 21 120 M M 0 8 32 120
31 87 62 75 -3 0 10 0.00 0.0 0 11.1 24 150 M M 0 31 160
================================================================================
SM 2867 1944 0 398 0.14 0.0 379.5 M 22
================================================================================
AV 92.5 62.7 12.2 FASTST M M 1 MAX(MPH)
MISC ----> 45 170 58 170
================================================================================
NOTES:
# LAST OF SEVERAL OCCURRENCES
COLUMN 17 PEAK WIND IN M.P.H.
PRELIMINARY LOCAL CLIMATOLOGICAL DATA (WS FORM: F-6) , PAGE 2
STATION: MIDLAND INTERNATIONAL AIRPORT
MONTH: MAY
YEAR: 2020
LATITUDE: 31 57 N
LONGITUDE: 102 11 W
[TEMPERATURE DATA] [PRECIPITATION DATA] SYMBOLS USED IN COLUMN 16
AVERAGE MONTHLY: 77.6 TOTAL FOR MONTH: 0.14 1 = FOG OR MIST
DPTR FM NORMAL: 4.0 DPTR FM NORMAL: -1.60 2 = FOG REDUCING VISIBILITY
HIGHEST: 105 ON 18 GRTST 24HR 0.08 ON 11-11 TO 1/4 MILE OR LESS
LOWEST: 49 ON 9 3 = THUNDER
SNOW, ICE PELLETS, HAIL 4 = ICE PELLETS
TOTAL MONTH: 0.0 INCH 5 = HAIL
GRTST 24HR 0.0 6 = FREEZING RAIN OR DRIZZLE
GRTST DEPTH: 0 7 = DUSTSTORM OR SANDSTORM:
VSBY 1/2 MILE OR LESS
8 = SMOKE OR HAZE
[NO. OF DAYS WITH] [WEATHER - DAYS WITH] 9 = BLOWING SNOW
X = TORNADO
MAX 32 OR BELOW: 0 0.01 INCH OR MORE: 2
MAX 90 OR ABOVE: 20 0.10 INCH OR MORE: 0
MIN 32 OR BELOW: 0 0.50 INCH OR MORE: 0
MIN 0 OR BELOW: 0 1.00 INCH OR MORE: 0
[HDD (BASE 65) ]
TOTAL THIS MO. 0 CLEAR (SCALE 0-3) 30
DPTR FM NORMAL -16 PTCLDY (SCALE 4-7) 1
TOTAL FM JUL 1 2217 CLOUDY (SCALE 8-10) 0
DPTR FM NORMAL -452
[CDD (BASE 65) ]
TOTAL THIS MO. 398
DPTR FM NORMAL 117 [PRESSURE DATA]
TOTAL FM JAN 1 591 HIGHEST SLP 30.16 ON 29
DPTR FM NORMAL 202 LOWEST SLP 29.49 ON 24
[REMARKS]
#FINAL-05-20#