000
CXUS52 KTAE 010900
CF6MAI
PRELIMINARY LOCAL CLIMATOLOGICAL DATA (WS FORM: F-6)
STATION: MARIANNA
MONTH: JANUARY
YEAR: 2024
LATITUDE: 30 50 N
LONGITUDE: 85 11 W
TEMPERATURE IN F: :PCPN: SNOW: WIND :SUNSHINE: SKY :PK WND
================================================================================
1 2 3 4 5 6A 6B 7 8 9 10 11 12 13 14 15 16 17 18
12Z AVG MX 2MIN
DY MAX MIN AVG DEP HDD CDD WTR SNW DPTH SPD SPD DIR MIN PSBL S-S WX SPD DR
================================================================================
1 69 38 54 2 11 0 0.00 0.0 0 7.8 17 280 M M 1 25 300
2 55 29 42 -10 23 0 0.00 0.0 0 4.3 13 360 M M 0 18 360
3 49 30 40 -12 25 0 0.11 0.0 0 5.4 14 10 M M 6 1 19 360
4 59 33 46 -6 19 0 0.00 0.0 0 4.5 14 10 M M 1 1 21 340
5 65 30 48 -4 17 0 0.96 M M 6.9 14 100 M M 3 1 22 160
6 70 47 59 7 6 0 0.47 0.0 0 8.9 17 160 M M 4 31 170
7 56 41 49 -3 16 0 0.00 0.0 0 5.7 15 310 M M 1 20 310
8 60 43 52 0 13 0 0.45 0.0 0 9.1 18 110 M M 4 3 31 110
9 71 44 58 6 7 0 2.75 0.0 0 17.0 39 230 M M 6 13 60 180
10 56 33 45 -7 20 0 0.00 0.0 0 7.3 16 270 M M 0 24 300
11 63 40 52 0 13 0 0.00 0.0 M 2.2 7 90 M M 0 10 110
12 73 50 62 10 3 0 0.15 0.0 M 11.3 30 220 M M 8 1 43 200
13 57 37 47 -5 18 0 0.00 0.0 M 8.1 18 320 M M 0 26 300
14 63 32 48 -4 17 0 0.00 0.0 M 1.1 7 20 M M 0 10 40
15 68 32 50 -2 15 0 T M M 2.5 12 190 M M 1 14 190
16 56 25 41 -11 24 0 0.08 0.0 0 11.4 23 330 M M 6 33 330
17 44 20 32 -20 33 0 0.00 0.0 M 4.5 14 350 M M 0 22 30
18 56 24 40 -12 25 0 0.00 0.0 0 2.4 12 190 M M 3 16 190
19 60 36 48 -4 17 0 0.06 0.0 0 11.2 21 330 M M 3 1 30 340
20 44 28 36 -16 29 0 0.00 0.0 0 10.3 17 350 M M 0 24 350
21 45 23 34 -18 31 0 0.00 0.0 M 8.7 17 70 M M 0 21 60
22 65 31 48 -4 17 0 0.00 0.0 0 7.3 13 170 M M 0 8 19 130
23 66 52 59 7 6 0 T 0.0 M 7.4 13 80 M M 5 1 19 80
24 79 58 69 17 0 4 0.04 0.0 M 7.1 17 180 M M 8 13 23 180
25 75 63 69 17 0 4 0.24 0.0 0 9.1 29 270 M M 9 1 43 270
26 75 61 68 16 0 3 0.01 0.0 0 3.1 15 310 M M 3 26 310
27 76 59 68 16 0 3 0.63 0.0 0 8.3 21 180 M M 7 13 29 190
28 60 47 54 2 11 0 0.00 0.0 0 13.5 22 330 M M 7 30 340
29 62 41 52 0 13 0 0.00 0.0 0 9.0 21 330 M M 4 28 340
30 64 32 48 -5 17 0 0.00 0.0 0 4.3 15 220 M M 0 21 210
31 65 38 52 -1 13 0 0.00 0.0 0 6.1 17 320 M M 0 1 24 320
================================================================================
SM 1926 1197 459 14 5.95 0.0 225.8 M 90
================================================================================
AV 62.1 38.6 7.3 FASTST M M 3 MAX(MPH)
MISC ----> 39 230 60 180
================================================================================
NOTES:
# LAST OF SEVERAL OCCURRENCES
COLUMN 17 PEAK WIND IN M.P.H.
PRELIMINARY LOCAL CLIMATOLOGICAL DATA (WS FORM: F-6) , PAGE 2
STATION: MARIANNA
MONTH: JANUARY
YEAR: 2024
LATITUDE: 30 50 N
LONGITUDE: 85 11 W
[TEMPERATURE DATA] [PRECIPITATION DATA] SYMBOLS USED IN COLUMN 16
AVERAGE MONTHLY: 50.4 TOTAL FOR MONTH: 5.95 1 = FOG OR MIST
DPTR FM NORMAL: -1.4 DPTR FM NORMAL: 1.91 2 = FOG REDUCING VISIBILITY
HIGHEST: 79 ON 24 GRTST 24HR 2.77 ON 8- 9 TO 1/4 MILE OR LESS
LOWEST: 20 ON 17 3 = THUNDER
SNOW, ICE PELLETS, HAIL 4 = ICE PELLETS
TOTAL MONTH: 0.0 INCH 5 = HAIL
GRTST 24HR 0.0 6 = FREEZING RAIN OR DRIZZLE
GRTST DEPTH: 0 7 = DUSTSTORM OR SANDSTORM:
VSBY 1/2 MILE OR LESS
8 = SMOKE OR HAZE
[NO. OF DAYS WITH] [WEATHER - DAYS WITH] 9 = BLOWING SNOW
X = TORNADO
MAX 32 OR BELOW: 0 0.01 INCH OR MORE: 12
MAX 90 OR ABOVE: 0 0.10 INCH OR MORE: 8
MIN 32 OR BELOW: 12 0.50 INCH OR MORE: 3
MIN 0 OR BELOW: 0 1.00 INCH OR MORE: 1
[HDD (BASE 65) ]
TOTAL THIS MO. 459 CLEAR (SCALE 0-3) 17
DPTR FM NORMAL 39 PTCLDY (SCALE 4-7) 13
TOTAL FM JUL 1 1044 CLOUDY (SCALE 8-10) 1
DPTR FM NORMAL 16
[CDD (BASE 65) ]
TOTAL THIS MO. 14
DPTR FM NORMAL 3 [PRESSURE DATA]
TOTAL FM JAN 1 14 HIGHEST SLP 30.59 ON 21
DPTR FM NORMAL 3 LOWEST SLP 29.41 ON 9
[REMARKS]
#FINAL-01-24#