000
CXUS53 KABR 011100
CF6MBG
PRELIMINARY LOCAL CLIMATOLOGICAL DATA (WS FORM: F-6)
STATION: MOBRIDGE SD
MONTH: AUGUST
YEAR: 2023
LATITUDE: 45 32 N
LONGITUDE: 100 25 W
TEMPERATURE IN F: :PCPN: SNOW: WIND :SUNSHINE: SKY :PK WND
================================================================================
1 2 3 4 5 6A 6B 7 8 9 10 11 12 13 14 15 16 17 18
12Z AVG MX 2MIN
DY MAX MIN AVG DEP HDD CDD WTR SNW DPTH SPD SPD DIR MIN PSBL S-S WX SPD DR
================================================================================
1 91 71 81 6 0 16 0.00 0.0 0 9.4 25 20 M M 0 34 20
2 89 69 79 4 0 14 0.00 0.0 0 9.7 25 80 M M 2 37 80
3 90 71 81 6 0 16 0.00 0.0 0 8.3 15 90 M M 0 20 100
4 80 67 74 -1 0 9 0.37 0.0 0 14.0 24 90 M M 5 138 34 70
5 69 64 67 -8 0 2 1.83 0.0 0 14.0 28 20 M M 10 138 40 20
6 79 58 69 -6 0 4 0.01 0.0 0 9.2 18 350 M M 4 26 350
7 79 55 67 -8 0 2 0.00 0.0 0 3.9 12 260 M M 0 1 16 250
8 81 56 69 -5 0 4 0.00 0.0 0 5.0 13 230 M M 0 17 230
9 86 59 73 -1 0 8 0.12 0.0 0 7.6 28 350 M M 2 3 40 360
10 82 61 72 -2 0 7 T 0.0 0 9.4 22 80 M M 0 30 60
11 83 56 70 -4 0 5 0.00 0.0 0 6.3 20 320 M M 0 29 320
12 84 53 69 -5 0 4 0.00 0.0 0 4.2 14 180 M M 0 18 70
13 69 60 65 -9 0 0 0.66 0.0 0 10.9 22 330 M M 8 1 28 340
14 80 55 68 -6 0 3 0.00 0.0 0 6.0 13 330 M M 1 18 330
15 86 58 72 -1 0 7 0.00 0.0 0 7.5 14 150 M M 0 17 190
16 85 57 71 -2 0 6 0.00 0.0 0 11.1 28 350 M M 0 38 360
17 76 52 64 -9 1 0 0.00 0.0 0 7.2 18 150 M M 0 23 140
18 91 65 78 5 0 13 0.00 0.0 0 11.7 23 160 M M 0 30 170
19 84 56 70 -2 0 5 0.00 0.0 0 10.3 24 350 M M 0 8 37 340
20 72 56 64 -8 1 0 T 0.0 0 10.3 20 100 M M 4 25 100
21 80 63 72 0 0 7 0.00 0.0 0 10.1 21 50 M M 8 27 60
22 78 68 73 1 0 8 0.00 0.0 0 4.6 12 70 M M 8 12 19 80
23 89 66 78 6 0 13 0.00 0.0 0 5.4 13 80 M M 6 12 20 80
24 91 60 76 5 0 11 0.00 0.0 0 5.4 16 130 M M 1 19 130
25 81 60 71 0 0 6 0.00 0.0 0 10.4 18 350 M M 1 1 27 360
26 75 49 62 -9 3 0 0.00 0.0 0 7.1 15 120 M M 0 19 70
27 91 62 77 7 0 12 T 0.0 0 8.2 18 160 M M 2 24 160
28 88 57 73 3 0 8 0.00 0.0 0 6.1 15 320 M M 0 23 10
29 86 56 71 1 0 6 0.00 0.0 0 7.0 15 10 M M 0 18 19 10
30 88 58 73 4 0 8 0.00 0.0 0 18.3 31 140 M M 0 18 43 150
31 90 63 77 8 0 12 0.00 0.0 0 7.4 26 160 M M 0 36 170
================================================================================
SM 2573 1861 5 216 2.99 0.0 266.0 M 62
================================================================================
AV 83.0 60.0 8.6 FASTST M M 2 MAX(MPH)
MISC ----> 31 140 43 150
================================================================================
NOTES:
# LAST OF SEVERAL OCCURRENCES
COLUMN 17 PEAK WIND IN M.P.H.
PRELIMINARY LOCAL CLIMATOLOGICAL DATA (WS FORM: F-6) , PAGE 2
STATION: MOBRIDGE SD
MONTH: AUGUST
YEAR: 2023
LATITUDE: 45 32 N
LONGITUDE: 100 25 W
[TEMPERATURE DATA] [PRECIPITATION DATA] SYMBOLS USED IN COLUMN 16
AVERAGE MONTHLY: 71.5 TOTAL FOR MONTH: 2.99 1 = FOG OR MIST
DPTR FM NORMAL: -1.3 DPTR FM NORMAL: 0.94 2 = FOG REDUCING VISIBILITY
HIGHEST: 91 ON 27,24 GRTST 24HR 1.98 ON 4- 5 TO 1/4 MILE OR LESS
LOWEST: 49 ON 26 3 = THUNDER
SNOW, ICE PELLETS, HAIL 4 = ICE PELLETS
TOTAL MONTH: 0.0 INCH 5 = HAIL
GRTST 24HR 0.0 6 = FREEZING RAIN OR DRIZZLE
GRTST DEPTH: 0 7 = DUSTSTORM OR SANDSTORM:
VSBY 1/2 MILE OR LESS
8 = SMOKE OR HAZE
[NO. OF DAYS WITH] [WEATHER - DAYS WITH] 9 = BLOWING SNOW
X = TORNADO
MAX 32 OR BELOW: 0 0.01 INCH OR MORE: 5
MAX 90 OR ABOVE: 6 0.10 INCH OR MORE: 4
MIN 32 OR BELOW: 0 0.50 INCH OR MORE: 2
MIN 0 OR BELOW: 0 1.00 INCH OR MORE: 1
[HDD (BASE 65) ]
TOTAL THIS MO. 5 CLEAR (SCALE 0-3) 23
DPTR FM NORMAL -8 PTCLDY (SCALE 4-7) 6
TOTAL FM JUL 1 15 CLOUDY (SCALE 8-10) 2
DPTR FM NORMAL 0
[CDD (BASE 65) ]
TOTAL THIS MO. 216
DPTR FM NORMAL -38 [PRESSURE DATA]
TOTAL FM JAN 1 729 HIGHEST SLP 30.30 ON 20
DPTR FM NORMAL 8 LOWEST SLP 29.47 ON 18
[REMARKS]
#FINAL-08-23#