000
CXUS53 KABR 021147
CLMMBG
CLIMATE REPORT
NATIONAL WEATHER SERVICE ABERDEEN SD
647 AM CDT TUE MAY 02 2023
...................................
...THE MOBRIDGE SD CLIMATE SUMMARY FOR THE MONTH OF APRIL 2023...
CLIMATE NORMAL PERIOD 1991 TO 2020
CLIMATE RECORD PERIOD 1911 TO 2023
WEATHER OBSERVED NORMAL DEPART LAST YEAR`S
VALUE DATE(S) VALUE FROM VALUE DATE(S)
NORMAL
................................................................
TEMPERATURE (F)
RECORD
HIGH 96 04/30/1992
LOW 04/01/1975
HIGHEST 90 04/11 MM MM 67 04/09
LOWEST 2 04/06 MM MM 17 04/16
AVG. MAXIMUM 53.9 58.6 -4.7 51.6
AVG. MINIMUM 28.2 33.0 -4.8 30.5
MEAN 41.0 45.8 -4.8 41.0
DAYS MAX >= 90 1 0.0 1.0 0
DAYS MAX <= 32 2 1.0 1.0 3
DAYS MIN <= 32 19 14.6 4.4 19
DAYS MIN <= 0 0 0.0 0.0 0
PRECIPITATION (INCHES)
RECORD
MAXIMUM 5.37 1970
MINIMUM 0.02 1952
TOTALS 1.63 1.58 0.05 2.95
DAYS >= .01 6 7.8 -1.8 10
DAYS >= .10 3 4.2 -1.2 6
DAYS >= .50 1 1.0 0.0 3
DAYS >= 1.00 0 0.2 -0.2 0
SNOWFALL (INCHES)
RECORDS
TOTAL 16.3 1970
SNOW DEPTH 1 04/13/2022
04/14/2022
TOTALS 13.0 3.2 9.8 1.0
SINCE 7/1 45.2 31.0 14.2 MM
SNOWDEPTH AVG. 2 0
DAYS >= TRACE 4 1.0 3.0 9
DAYS >= 1.0 2 1.0 1.0 1
GREATEST
SNOW DEPTH 14R 04/05 1 04/13
04/14
DEGREE DAYS
HEATING TOTAL 713 577 136 713
SINCE 7/1 7872 7242 630 MM
COOLING TOTAL 2 1 1 0
SINCE 1/1 2 1 1 MM
FREEZE DATES
RECORD
EARLIEST MM
LATEST MM
EARLIEST 10/07
LATEST 05/22
................................................................
WIND (MPH)
AVERAGE WIND SPEED 11.7
RESULTANT WIND SPEED/DIRECTION 4/010
HIGHEST WIND SPEED/DIRECTION 37/140 DATE 04/18
HIGHEST GUST SPEED/DIRECTION 47/130 DATE 04/18
SKY COVER
POSSIBLE SUNSHINE (PERCENT) MM
AVERAGE SKY COVER 0.27
NUMBER OF DAYS FAIR 19
NUMBER OF DAYS PC 8
NUMBER OF DAYS CLOUDY 3
AVERAGE RH (PERCENT) 60
WEATHER CONDITIONS. NUMBER OF DAYS WITH
THUNDERSTORM 2 MIXED PRECIP 0
HEAVY RAIN 1 RAIN 2
LIGHT RAIN 5 FREEZING RAIN 0
LT FREEZING RAIN 0 HAIL 0
HEAVY SNOW 0 SNOW 1
LIGHT SNOW 4 SLEET 0
FOG 6 FOG W/VIS <= 1/4 MILE 1
HAZE 5
- INDICATES NEGATIVE NUMBERS.
R INDICATES RECORD WAS SET OR TIED.
MM INDICATES DATA IS MISSING.
T INDICATES TRACE AMOUNT.
$$