000
CXUS54 KLIX 010910
CF6MCB
PRELIMINARY LOCAL CLIMATOLOGICAL DATA (WS FORM: F-6)
STATION: MCCOMB
MONTH: FEBRUARY
YEAR: 2024
LATITUDE: 31 10 N
LONGITUDE: 90 28 W
TEMPERATURE IN F: :PCPN: SNOW: WIND :SUNSHINE: SKY :PK WND
================================================================================
1 2 3 4 5 6A 6B 7 8 9 10 11 12 13 14 15 16 17 18
12Z AVG MX 2MIN
DY MAX MIN AVG DEP HDD CDD WTR SNW DPTH SPD SPD DIR MIN PSBL S-S WX SPD DR
================================================================================
1 65 37 51 1 14 0 0.00 0.0 M 2.5 10 170 M M 0 13 200
2 71 37 54 4 11 0 0.00 0.0 M 1.5 10 170 M M 0 1 15 150
3 56 43 50 -1 15 0 1.09 M M 5.4 23 100 M M 7 1 41 100
4 66 48 57 6 8 0 0.43 M M 5.6 14 330 M M 6 123 21 280
5 63 44 54 3 11 0 0.08 M M 11.3 22 360 M M 6 1 35 350
6 68 42 55 4 10 0 0.00 0.0 M 7.3 15 330 M M 0 21 330
7 68 35 52 1 13 0 0.00 0.0 M 7.1 17 170 M M 0 24 160
8 69 49 59 7 6 0 0.00 0.0 M 8.5 18 170 M M 5 1 26 130
9 77 58 68 16 0 3 T 0.0 M 5.8 15 170 M M 8 1 20 170
10 73 59 66 14 0 1 T 0.0 M 8.5 16 180 M M 7 1 23 160
11 78 62 70 18 0 5 0.90 0.0 M 8.1 21 150 M M 9 13 26 190
12 62 43 53 1 12 0 0.13 M M 11.5 24 310 M M 9 13 38 340
13 60 37 49 -4 16 0 0.00 0.0 M 6.0 16 330 M M 3 23 300
14 66 32 49 -4 16 0 0.00 0.0 M 2.7 9 180 M M 0 16 100
15 70 38 54 1 11 0 0.00 0.0 M 1.2 9 330 M M 0 18 14 320
16 64 49 57 4 8 0 0.01 M M 4.6 22 160 M M 3 1 30 170
17 58 36 47 -7 18 0 T M M 12.4 22 340 M M 5 1 33 360
18 54 31 43 -11 22 0 0.00 0.0 M 7.4 15 320 M M 1 21 320
19 62 25 44 -10 21 0 0.00 0.0 M 2.3 9 240 M M 0 14 120
20 71 31 51 -3 14 0 0.00 0.0 M 2.5 12 280 M M 0 18 16 270
21 75 40 58 4 7 0 0.00 0.0 M 7.2 21 170 M M 2 128 29 160
22 74 52 63 8 2 0 M 0.0 M 9.7 26 190 M M 7 1 35 190
23 72 48 60 5 5 0 0.00 0.0 M 7.8 22 310 M M 4 32 340
24 73 36 55 0 10 0 0.00 0.0 M 5.3 23 330 M M 0 32 330
25 76 34 55 0 10 0 0.00 0.0 M 6.1 18 190 M M 0 29 160
26 80 44 62 6 3 0 0.00 0.0 M 8.5 20 180 M M 1 1 27 170
27 81 63 72 16 0 7 0.00 0.0 M 13.3 24 170 M M 5 34 170
28 77 50 64 8 1 0 0.09 M M 11.0 26 340 M M 7 1 37 330
29 54 47 51 -5 14 0 0.00 0.0 M 5.8 14 70 M M 7 23 80
================================================================================
SM 1983 1250 278 16 2.73 0.0 196.9 M 102
================================================================================
AV 68.4 43.1 6.8 FASTST M M 4 MAX(MPH)
MISC ----> # 26 190 41 100
================================================================================
NOTES:
# LAST OF SEVERAL OCCURRENCES
COLUMN 17 PEAK WIND IN M.P.H.
PRELIMINARY LOCAL CLIMATOLOGICAL DATA (WS FORM: F-6) , PAGE 2
STATION: MCCOMB
MONTH: FEBRUARY
YEAR: 2024
LATITUDE: 31 10 N
LONGITUDE: 90 28 W
[TEMPERATURE DATA] [PRECIPITATION DATA] SYMBOLS USED IN COLUMN 16
AVERAGE MONTHLY: 55.7 TOTAL FOR MONTH: 2.73 1 = FOG OR MIST
DPTR FM NORMAL: 2.7 DPTR FM NORMAL: -2.40 2 = FOG REDUCING VISIBILITY
HIGHEST: 81 ON 27 GRTST 24HR 1.52 ON 3- 4 TO 1/4 MILE OR LESS
LOWEST: 25 ON 19 3 = THUNDER
SNOW, ICE PELLETS, HAIL 4 = ICE PELLETS
TOTAL MONTH: 0.0 INCH 5 = HAIL
GRTST 24HR 0.0 6 = FREEZING RAIN OR DRIZZLE
GRTST DEPTH: M ON M 7 = DUSTSTORM OR SANDSTORM:
VSBY 1/2 MILE OR LESS
8 = SMOKE OR HAZE
[NO. OF DAYS WITH] [WEATHER - DAYS WITH] 9 = BLOWING SNOW
X = TORNADO
MAX 32 OR BELOW: 0 0.01 INCH OR MORE: 7
MAX 90 OR ABOVE: 0 0.10 INCH OR MORE: 4
MIN 32 OR BELOW: 4 0.50 INCH OR MORE: 2
MIN 0 OR BELOW: 0 1.00 INCH OR MORE: 1
[HDD (BASE 65) ]
TOTAL THIS MO. 278 CLEAR (SCALE 0-3) 13
DPTR FM NORMAL -70 PTCLDY (SCALE 4-7) 14
TOTAL FM JUL 1 1596 CLOUDY (SCALE 8-10) 2
DPTR FM NORMAL -46
[CDD (BASE 65) ]
TOTAL THIS MO. 16
DPTR FM NORMAL 2 [PRESSURE DATA]
TOTAL FM JAN 1 17 HIGHEST SLP 30.37 ON 29
DPTR FM NORMAL -3 LOWEST SLP 29.47 ON 3
[REMARKS]
#FINAL-02-24#