000
CXUS53 KEAX 011039
CF6MCI
PRELIMINARY LOCAL CLIMATOLOGICAL DATA (WS FORM: F-6)
STATION: KANSAS CITY INTERNATIONAL MO
MONTH: MAY
YEAR: 2021
LATITUDE: 39 19 N
LONGITUDE: 94 43 W
TEMPERATURE IN F: :PCPN: SNOW: WIND :SUNSHINE: SKY :PK WND
================================================================================
1 2 3 4 5 6A 6B 7 8 9 10 11 12 13 14 15 16 17 18
12Z AVG MX 2MIN
DY MAX MIN AVG DEP HDD CDD WTR SNW DPTH SPD SPD DIR MIN PSBL S-S WX SPD DR
================================================================================
1 82 60 71 12 0 6 0.00 0.0 0 15.4 26 210 M M 4 8 37 220
2 77 59 68 8 0 3 0.00 0.0 0 13.0 22 200 M M 4 8 28 220
3 69 59 64 4 1 0 0.00 0.0 0 10.6 18 340 M M 7 18 27 320
4 66 48 57 -3 8 0 0.06 0.0 0 12.7 24 10 M M 7 8 31 10
5 70 38 54 -7 11 0 T 0.0 0 6.2 28 220 M M 4 8 39 250
6 66 47 57 -4 8 0 0.00 0.0 0 9.1 21 350 M M 4 8 28 350
7 73 43 58 -3 7 0 T 0.0 0 8.0 17 240 M M 6 8 25 220
8 74 51 63 1 2 0 0.89 0.0 0 15.1 32 300 M M 8 13 46 300
9 55 44 50 -12 15 0 0.65 0.0 0 11.8 35 70 M M 9 138 44 70
10 65 39 52 -10 13 0 0.00 0.0 0 3.4 10 330 M M 5 1 13 340
11 62 49 56 -7 9 0 0.00 0.0 0 9.0 17 60 M M 9 8 24 50
12 65 49 57 -6 8 0 0.00 0.0 0 7.6 16 120 M M 4 8 22 80
13 70 46 58 -6 7 0 0.00 0.0 0 7.3 14 160 M M 0 8 19 160
14 76 53 65 1 0 0 T 0.0 0 10.4 20 190 M M 6 8 26 160
15 71 58 65 1 0 0 0.05 0.0 0 9.5 17 200 M M 8 24 200
16 67 56 62 -3 3 0 1.18 0.0 0 9.8 23 120 M M 8 13 29 120
17 70 62 66 1 0 1 0.27 0.0 0 9.7 16 60 M M 10 18 22 50
18 80 63 72 7 0 7 0.01 0.0 0 7.0 15 200 M M 9 138 20 140
19 77 67 72 6 0 7 0.45 0.0 0 10.4 21 130 M M 10 138 26 140
20 75 64 70 4 0 5 0.22 0.0 0 12.2 25 150 M M 10 1 35 140
21 77 69 73 7 0 8 0.04 0.0 0 13.8 23 170 M M 9 1 32 150
22 73 64 69 2 0 4 0.25 0.0 0 10.5 20 220 M M 9 1 27 210
23 81 65 73 6 0 8 0.02 0.0 0 7.4 21 190 M M 6 28 180
24 83 65 74 6 0 9 0.00 0.0 0 8.7 20 210 M M 8 18 27 190
25 82 65 74 6 0 9 0.00 0.0 0 10.4 20 210 M M 8 8 26 230
26 88 64 76 8 0 11 0.00 0.0 0 6.4 17 160 M M 6 1 23 150
27 77 60 69 0 0 4 1.05 0.0 0 9.7 24 200 M M 9 138 44 220
28 60 51 56 -13 9 0 0.00 0.0 0 11.4 21 340 M M 10 30 340
29 68 49 59 -10 6 0 0.00 0.0 0 7.8 16 40 M M 6 21 30
30 68 47 58 -12 7 0 0.00 0.0 0 5.2 13 120 M M 7 16 140
31 64 59 62 -8 3 0 0.33 0.0 0 4.8 9 30 M M 10 1 12 50
================================================================================
SM 2231 1713 117 82 5.47 0.0 294.3 M 220
================================================================================
AV 72.0 55.3 9.5 FASTST M M 7 MAX(MPH)
MISC ----> 35 70 46 300
================================================================================
NOTES:
# LAST OF SEVERAL OCCURRENCES
COLUMN 17 PEAK WIND IN M.P.H.
PRELIMINARY LOCAL CLIMATOLOGICAL DATA (WS FORM: F-6) , PAGE 2
STATION: KANSAS CITY INTERNATIONAL MO
MONTH: MAY
YEAR: 2021
LATITUDE: 39 19 N
LONGITUDE: 94 43 W
[TEMPERATURE DATA] [PRECIPITATION DATA] SYMBOLS USED IN COLUMN 16
AVERAGE MONTHLY: 63.6 TOTAL FOR MONTH: 5.47 1 = FOG OR MIST
DPTR FM NORMAL: -1.0 DPTR FM NORMAL: 0.15 2 = FOG REDUCING VISIBILITY
HIGHEST: 88 ON 26 GRTST 24HR 1.46 ON 8- 9 TO 1/4 MILE OR LESS
LOWEST: 38 ON 5 3 = THUNDER
SNOW, ICE PELLETS, HAIL 4 = ICE PELLETS
TOTAL MONTH: 0.0 INCH 5 = HAIL
GRTST 24HR 0.0 6 = FREEZING RAIN OR DRIZZLE
GRTST DEPTH: 0 7 = DUSTSTORM OR SANDSTORM:
VSBY 1/2 MILE OR LESS
8 = SMOKE OR HAZE
[NO. OF DAYS WITH] [WEATHER - DAYS WITH] 9 = BLOWING SNOW
X = TORNADO
MAX 32 OR BELOW: 0 0.01 INCH OR MORE: 14
MAX 90 OR ABOVE: 0 0.10 INCH OR MORE: 9
MIN 32 OR BELOW: 0 0.50 INCH OR MORE: 4
MIN 0 OR BELOW: 0 1.00 INCH OR MORE: 2
[HDD (BASE 65) ]
TOTAL THIS MO. 117 CLEAR (SCALE 0-3) 1
DPTR FM NORMAL 8 PTCLDY (SCALE 4-7) 18
TOTAL FM JUL 1 4790 CLOUDY (SCALE 8-10) 12
DPTR FM NORMAL -272
[CDD (BASE 65) ]
TOTAL THIS MO. 82
DPTR FM NORMAL -16 [PRESSURE DATA]
TOTAL FM JAN 1 116 HIGHEST SLP M ON M
DPTR FM NORMAL -4 LOWEST SLP 29.11 ON 31
[REMARKS]
#FINAL-05-21#