000
CXUS53 KGLD 010800
CF6MCK
PRELIMINARY LOCAL CLIMATOLOGICAL DATA (WS FORM: F-6)
STATION: MCCOOK NE
MONTH: FEBRUARY
YEAR: 2024
LATITUDE: 40 13 N
LONGITUDE: 100 35 W
TEMPERATURE IN F: :PCPN: SNOW: WIND :SUNSHINE: SKY :PK WND
================================================================================
1 2 3 4 5 6A 6B 7 8 9 10 11 12 13 14 15 16 17 18
12Z AVG MX 2MIN
DY MAX MIN AVG DEP HDD CDD WTR SNW DPTH SPD SPD DIR MIN PSBL S-S WX SPD DR
================================================================================
1 60 30 45 16 20 0 0.00 M M 5.5 10 300 M M 1 18 13 330
2 46 31 39 10 26 0 0.19 M M 4.7 16 80 M M 8 12 21 80
3 51 43 47 18 18 0 0.29 M M 13.0 22 120 M M 10 12 31 110
4 46 41 44 15 21 0 0.06 M M 9.7 16 10 M M 10 1 22 60
5 57 39 48 18 17 0 0.00 M M 5.2 13 170 M M 7 128 19 180
6 56 37 47 17 18 0 0.00 M M 7.6 16 180 M M 0 18 22 190
7 62 47 55 25 10 0 0.00 M M 17.9 32 190 M M 0 50 190
8 58 36 47 17 18 0 0.00 M M 13.2 28 290 M M 3 36 300
9 54 29 42 12 23 0 0.00 M M 5.5 15 10 M M 4 21 310
10 35 23 29 -1 36 0 T M M 5.1 14 40 M M 6 1 18 30
11 48 25 37 7 28 0 T M M 7.1 18 300 M M 6 1 24 280
12 56 22 39 8 26 0 0.00 M M 8.7 16 260 M M 0 22 260
13 60 27 44 13 21 0 0.00 M M 8.5 20 330 M M 0 24 330
14 62 23 43 12 22 0 0.00 M M 7.7 28 350 M M 1 37 350
15 43 27 35 4 30 0 T M M 9.8 20 120 M M 5 26 110
16 32 18 25 -7 40 0 T M M 11.3 21 40 M M 8 18 26 40
17 42 10 26 -6 39 0 0.00 M M 8.8 20 270 M M 1 27 280
18 57 16 37 5 28 0 0.00 M M 8.2 14 250 M M 0 19 190
19 62 30 46 14 19 0 0.00 M M 11.3 29 320 M M 1 39 320
20 74 25 50 17 15 0 0.00 M M 6.2 22 200 M M 0 27 210
21 67 29 48 15 17 0 0.00 M M 7.5 32 350 M M 1 46 350
22 62 36 49 16 16 0 0.00 M M 12.2 24 330 M M 3 29 350
23 63 32 48 14 17 0 0.00 M M 15.6 36 320 M M 0 46 320
24 69 26 48 14 17 0 0.00 M M 11.0 23 280 M M 0 8 33 280
25 75 28 52 18 13 0 0.00 M M 10.0 26 320 M M 0 8 36 320
26 77 29 53 18 12 0 0.00 M M 9.6 23 300 M M 0 31 310
27 41 14 28 -7 37 0 T M M 16.4 32 350 M M 2 8 39 350
28 54 8 31 -5 34 0 0.00 M M 7.8 20 270 M M 0 28 270
29 72 22 47 11 18 0 0.00 M M 11.9 25 190 M M 0 34 180
================================================================================
SM 1641 803 656 0 0.54 M 277.0 M 77
================================================================================
AV 56.6 27.7 9.6 FASTST M M 3 MAX(MPH)
MISC ----> 36 320 50 190
================================================================================
NOTES:
# LAST OF SEVERAL OCCURRENCES
COLUMN 17 PEAK WIND IN M.P.H.
PRELIMINARY LOCAL CLIMATOLOGICAL DATA (WS FORM: F-6) , PAGE 2
STATION: MCCOOK NE
MONTH: FEBRUARY
YEAR: 2024
LATITUDE: 40 13 N
LONGITUDE: 100 35 W
[TEMPERATURE DATA] [PRECIPITATION DATA] SYMBOLS USED IN COLUMN 16
AVERAGE MONTHLY: 42.1 TOTAL FOR MONTH: 0.54 1 = FOG OR MIST
DPTR FM NORMAL: 10.6 DPTR FM NORMAL: 0.19 2 = FOG REDUCING VISIBILITY
HIGHEST: 77 ON 26 GRTST 24HR 0.45 ON 2- 3 TO 1/4 MILE OR LESS
LOWEST: 8 ON 28 3 = THUNDER
SNOW, ICE PELLETS, HAIL 4 = ICE PELLETS
TOTAL MONTH: M 5 = HAIL
GRTST 24HR M ON M 6 = FREEZING RAIN OR DRIZZLE
GRTST DEPTH: M ON M 7 = DUSTSTORM OR SANDSTORM:
VSBY 1/2 MILE OR LESS
8 = SMOKE OR HAZE
[NO. OF DAYS WITH] [WEATHER - DAYS WITH] 9 = BLOWING SNOW
X = TORNADO
MAX 32 OR BELOW: 1 0.01 INCH OR MORE: 3
MAX 90 OR ABOVE: 0 0.10 INCH OR MORE: 2
MIN 32 OR BELOW: 22 0.50 INCH OR MORE: 0
MIN 0 OR BELOW: 0 1.00 INCH OR MORE: 0
[HDD (BASE 65) ]
TOTAL THIS MO. 656 CLEAR (SCALE 0-3) 20
DPTR FM NORMAL -280 PTCLDY (SCALE 4-7) 5
TOTAL FM JUL 1 3780 CLOUDY (SCALE 8-10) 4
DPTR FM NORMAL -703
[CDD (BASE 65) ]
TOTAL THIS MO. 0
DPTR FM NORMAL 0 [PRESSURE DATA]
TOTAL FM JAN 1 0 HIGHEST SLP M ON M
DPTR FM NORMAL 0 LOWEST SLP 29.30 ON 7
[REMARKS]
#FINAL-02-24#