000
CXUS53 KGLD 021420
CF6MCK
PRELIMINARY LOCAL CLIMATOLOGICAL DATA (WS FORM: F-6)
STATION: MCCOOK NE
MONTH: OCTOBER
YEAR: 2023
LATITUDE: 40 13 N
LONGITUDE: 100 35 W
TEMPERATURE IN F: :PCPN: SNOW: WIND :SUNSHINE: SKY :PK WND
================================================================================
1 2 3 4 5 6A 6B 7 8 9 10 11 12 13 14 15 16 17 18
12Z AVG MX 2MIN
DY MAX MIN AVG DEP HDD CDD WTR SNW DPTH SPD SPD DIR MIN PSBL S-S WX SPD DR
================================================================================
1 88 69 79 19 0 14 0.00 M M 16.7 31 190 M M 0 8 44 190
2 90 64 77 18 0 12 0.00 M M 15.5 30 170 M M 0 40 180
3 79 49 64 5 1 0 T M M 10.2 32 200 M M 4 3 43 180
4 73 44 59 1 6 0 0.00 M M 5.8 15 310 M M 0 8 20 320
5 74 51 63 5 2 0 0.00 M M 10.4 21 330 M M 3 29 340
6 61 32 47 -10 18 0 0.00 M M 12.7 28 350 M M 4 8 36 350
7 75 28 52 -5 13 0 0.00 M M 4.3 16 280 M M 0 8 19 270
8 82 39 61 5 4 0 0.00 M M 5.9 13 30 M M 0 16 30
9 73 37 55 -1 10 0 0.00 M M 4.7 12 150 M M 0 17 140
10 76 41 59 4 6 0 0.00 M M 6.9 15 110 M M 0 22 120
11 85 43 64 9 1 0 0.00 M M 9.9 22 120 M M 0 29 130
12 72 45 59 5 6 0 0.03 M M 12.4 28 310 M M 6 138 40 300
13 52 41 47 -7 18 0 T M M 27.0 45 330 M M 7 63 340
14 52 39 46 -7 19 0 0.00 M M 10.9 21 340 M M 8 24 340
15 57 31 44 -9 21 0 0.00 M M 5.1 13 360 M M 4 17 360
16 71 27 49 -3 16 0 0.00 M M 3.5 10 120 M M 0 1 13 110
17 87 35 61 9 4 0 0.00 M M 6.5 16 240 M M 0 1 23 230
18 75 44 60 8 5 0 0.00 M M 16.0 36 330 M M 0 48 340
19 84 38 61 10 4 0 0.00 M M 11.4 26 330 M M 0 8 37 340
20 89 40 65 14 0 0 0.00 M M 7.5 15 270 M M 0 8 19 280
21 77 39 58 8 7 0 0.00 M M 8.1 16 100 M M 0 20 90
22 72 39 56 6 9 0 0.00 M M 7.5 18 140 M M 0 25 120
23 78 35 57 8 8 0 0.00 M M 4.6 12 190 M M 0 8 15 200
24 71 51 61 12 4 0 0.00 M M 9.2 18 360 M M 2 1 27 190
25 57 49 53 5 12 0 0.01 M M 5.4 13 20 M M 10 128 16 40
26 60 37 49 1 16 0 T M M 12.0 29 350 M M 10 12 38 340
27 46 24 35 -13 30 0 0.00 M M 9.6 23 350 M M 3 30 340
28 34 24 29 -18 36 0 0.01 M M 10.3 18 360 M M 7 18 22 10
29 38 19 29 -18 36 0 T M M 9.1 21 350 M M 8 18 28 340
30 50 13 32 -14 33 0 0.00 M M 9.3 17 350 M M 0 25 260
31 41 17 29 -17 36 0 0.00 M M 6.7 17 350 M M 0 23 350
================================================================================
SM 2119 1184 381 26 0.05 M 295.1 M 76
================================================================================
AV 68.4 38.2 9.5 FASTST M M 2 MAX(MPH)
MISC ----> 45 330 63 340
================================================================================
NOTES:
# LAST OF SEVERAL OCCURRENCES
COLUMN 17 PEAK WIND IN M.P.H.
PRELIMINARY LOCAL CLIMATOLOGICAL DATA (WS FORM: F-6) , PAGE 2
STATION: MCCOOK NE
MONTH: OCTOBER
YEAR: 2023
LATITUDE: 40 13 N
LONGITUDE: 100 35 W
[TEMPERATURE DATA] [PRECIPITATION DATA] SYMBOLS USED IN COLUMN 16
AVERAGE MONTHLY: 53.3 TOTAL FOR MONTH: 0.05 1 = FOG OR MIST
DPTR FM NORMAL: 0.7 DPTR FM NORMAL: -1.38 2 = FOG REDUCING VISIBILITY
HIGHEST: 90 ON 2 GRTST 24HR 0.03 ON 12-12 TO 1/4 MILE OR LESS
LOWEST: 13 ON 30 3 = THUNDER
SNOW, ICE PELLETS, HAIL 4 = ICE PELLETS
TOTAL MONTH: M 5 = HAIL
GRTST 24HR M ON M 6 = FREEZING RAIN OR DRIZZLE
GRTST DEPTH: M ON M 7 = DUSTSTORM OR SANDSTORM:
VSBY 1/2 MILE OR LESS
8 = SMOKE OR HAZE
[NO. OF DAYS WITH] [WEATHER - DAYS WITH] 9 = BLOWING SNOW
X = TORNADO
MAX 32 OR BELOW: 0 0.01 INCH OR MORE: 3
MAX 90 OR ABOVE: 1 0.10 INCH OR MORE: 0
MIN 32 OR BELOW: 9 0.50 INCH OR MORE: 0
MIN 0 OR BELOW: 0 1.00 INCH OR MORE: 0
[HDD (BASE 65) ]
TOTAL THIS MO. 381 CLEAR (SCALE 0-3) 19
DPTR FM NORMAL -17 PTCLDY (SCALE 4-7) 10
TOTAL FM JUL 1 396 CLOUDY (SCALE 8-10) 2
DPTR FM NORMAL -98
[CDD (BASE 65) ]
TOTAL THIS MO. 26
DPTR FM NORMAL 13 [PRESSURE DATA]
TOTAL FM JAN 1 1128 HIGHEST SLP 30.61 ON 31
DPTR FM NORMAL -26 LOWEST SLP 29.20 ON 12
[REMARKS]
#FINAL-10-23#