536
CXUS53 KGLD 030126 RRA
CLAMCK
CLIMATE REPORT
NATIONAL WEATHER SERVICE GOODLAND
623 PM MST THU JAN 2 2020
...................................
...THE MCCOOK CLIMATE SUMMARY FOR THE YEAR OF 2019...
CLIMATE NORMAL PERIOD 1981 TO 2010
CLIMATE RECORD PERIOD 1896 TO 2020
WEATHER OBSERVED NORMAL DEPART LAST YEAR`S
VALUE DATE(S) VALUE FROM VALUE DATE(S)
NORMAL
................................................................
TEMPERATURE (F)
RECORD
HIGH 115 06/26/2012
LOW -30 01/12/1912
HIGHEST 104 06/29 105 -1 106 06/28
LOWEST -10 03/04 -10 0 -6 01/02
AVG. MAXIMUM 63.7 64.9 -1.2 64.3
AVG. MINIMUM 37.5 36.6 0.9 37.8
MEAN 50.6 50.8 -0.2 51.0
DAYS MAX >= 90 50 44.7 5.3 57
DAYS MAX <= 32 41 27.6 13.4 27
DAYS MIN <= 32 165 161.0 4.0 168
DAYS MIN <= 0 7 8.6 -1.6 5
PRECIPITATION (INCHES)
RECORD
MAXIMUM 26.12 2018
MINIMUM 9.41 2012
TOTALS 19.41 22.53 -3.12
DAYS >= .01 86 75.1 10.9 85
DAYS >= .10 41 43.8 -2.8 40
DAYS >= .50 14 14.5 -0.5 18
DAYS >= 1.00 4 5.1 -1.1 6
GREATEST
24 HR. TOTAL 1.53 2.92
.................................................................
- INDICATES NEGATIVE NUMBERS.
R INDICATES RECORD WAS SET OR TIED.
MM INDICATES DATA IS MISSING.
T INDICATES TRACE AMOUNT.
$$