847
CXUS54 KMAF 011110
CF6MDD
PRELIMINARY LOCAL CLIMATOLOGICAL DATA (WS FORM: F-6)
STATION: MIDLAND AIRPARK
MONTH: MARCH
YEAR: 2021
LATITUDE: 32 2 N
LONGITUDE: 102 6 W
TEMPERATURE IN F: :PCPN: SNOW: WIND :SUNSHINE: SKY :PK WND
================================================================================
1 2 3 4 5 6A 6B 7 8 9 10 11 12 13 14 15 16 17 18
12Z AVG MX 2MIN
DY MAX MIN AVG DEP HDD CDD WTR SNW DPTH SPD SPD DIR MIN PSBL S-S WX SPD DR
================================================================================
1 47 32 40 M 25 0 M M M 13.7 24 70 M M 8 30 70
2 60 26 43 M 22 0 M M M 5.7 10 190 M M 0 M M
3 78 35 57 M 8 0 M M M 8.6 15 200 M M 0 21 240
4 85 49 67 M 0 2 M M M 15.7 31 290 M M 0 8 40 290
5 65 45 55 M 10 0 M M M 16.5 26 340 M M 4 8 36 10
6 63 34 49 M 16 0 M M M 6.2 12 140 M M 0 17 130
7 67 41 54 M 11 0 M M M 12.6 22 160 M M 0 26 160
8 75 43 59 M 6 0 M M M 13.1 20 170 M M 0 28 170
9 75 55 65 M 0 0 M M M 17.7 25 180 M M 0 29 180
10 80 56 68 M 0 3 M M M 14.2 21 150 M M 0 26 190
11 78 56 67 M 0 2 M M M 10.8 20 150 M M 1 25 140
12 82 61 72 M 0 7 M M M 15.3 21 150 M M 3 29 160
13 86 54 70 M 0 5 0.03 M M 17.8 30 170 M M 7 38 44 170
14 65 39 52 M 13 0 M M M 18.4 29 260 M M 3 8 40 250
15 74 49 62 M 3 0 M M M 9.8 15 250 M M 0 24 250
16 85 58 72 M 0 7 M M M 14.0 29 270 M M 2 8 35 270
17 56 47 52 M 13 0 M M M 22.3 33 280 M M 2 8 40 280
18 M M M M M M M M M M M M M M M M M
19 65 36 51 M 14 0 M M M 7.9 12 60 M M 0 17 60
20 73 41 57 M 8 0 M M M 12.1 21 180 M M 0 26 150
21 81 51 66 M 0 1 M M M 15.8 22 180 M M 0 26 170
22 71 46 59 M 6 0 0.02 M M 16.5 32 280 M M 5 38 49 260
23 75 37 56 M 9 0 M M M 6.7 15 230 M M 0 22 240
24 69 46 58 M 7 0 M M M 13.9 25 350 M M 2 8 33 350
25 70 37 54 M 11 0 M M M 9.3 17 260 M M 1 24 250
26 82 45 64 M 1 0 M M M 9.1 17 190 M M 0 24 250
27 80 47 64 M 1 0 M M M 11.1 24 10 M M 0 8 31 10
28 72 46 59 M 6 0 M M M 8.8 15 30 M M 0 20 90
29 82 50 66 M 0 1 M M M 13.7 20 170 M M 0 31 200
30 83 56 70 M 0 5 M M M 13.9 20 70 M M 0 28 70
31 65 44 55 M 10 0 M M M 14.4 20 60 M M 1 31 50
================================================================================
SM 2189 1362 200 33 0.05 M 385.7 M 39
================================================================================
AV 73.0 45.4 12.9 FASTST M M 1 MAX(MPH)
MISC ----> 33 280 49 260
================================================================================
NOTES:
# LAST OF SEVERAL OCCURRENCES
COLUMN 17 PEAK WIND IN M.P.H.
PRELIMINARY LOCAL CLIMATOLOGICAL DATA (WS FORM: F-6) , PAGE 2
STATION: MIDLAND AIRPARK
MONTH: MARCH
YEAR: 2021
LATITUDE: 32 2 N
LONGITUDE: 102 6 W
[TEMPERATURE DATA] [PRECIPITATION DATA] SYMBOLS USED IN COLUMN 16
AVERAGE MONTHLY: 59.2 TOTAL FOR MONTH: 0.05 1 = FOG OR MIST
DPTR FM NORMAL: 0.0 DPTR FM NORMAL: M 2 = FOG REDUCING VISIBILITY
HIGHEST: 86 ON 13 GRTST 24HR 0.03 ON 13-13 TO 1/4 MILE OR LESS
LOWEST: 26 ON 2 3 = THUNDER
SNOW, ICE PELLETS, HAIL 4 = ICE PELLETS
TOTAL MONTH: M 5 = HAIL
GRTST 24HR M ON M 6 = FREEZING RAIN OR DRIZZLE
GRTST DEPTH: M ON M 7 = DUSTSTORM OR SANDSTORM:
VSBY 1/2 MILE OR LESS
8 = SMOKE OR HAZE
[NO. OF DAYS WITH] [WEATHER - DAYS WITH] 9 = BLOWING SNOW
X = TORNADO
MAX 32 OR BELOW: 0 0.01 INCH OR MORE: 2
MAX 90 OR ABOVE: 0 0.10 INCH OR MORE: 0
MIN 32 OR BELOW: 2 0.50 INCH OR MORE: 0
MIN 0 OR BELOW: 0 1.00 INCH OR MORE: 0
[HDD (BASE 65) ]
TOTAL THIS MO. 200 CLEAR (SCALE 0-3) 25
DPTR FM NORMAL M PTCLDY (SCALE 4-7) 5
TOTAL FM JUL 1 2373 CLOUDY (SCALE 8-10) 1
DPTR FM NORMAL M
[CDD (BASE 65) ]
TOTAL THIS MO. 33
DPTR FM NORMAL M [PRESSURE DATA]
TOTAL FM JAN 1 33 HIGHEST SLP M ON M
DPTR FM NORMAL M LOWEST SLP M ON M
[REMARKS]
#FINAL-03-21#