000
CXUS54 KMAF 011210
CF6MDD
PRELIMINARY LOCAL CLIMATOLOGICAL DATA (WS FORM: F-6)
STATION: MIDLAND AIRPARK
MONTH: DECEMBER
YEAR: 2020
LATITUDE: 32 2 N
LONGITUDE: 102 6 W
TEMPERATURE IN F: :PCPN: SNOW: WIND :SUNSHINE: SKY :PK WND
================================================================================
1 2 3 4 5 6A 6B 7 8 9 10 11 12 13 14 15 16 17 18
12Z AVG MX 2MIN
DY MAX MIN AVG DEP HDD CDD WTR SNW DPTH SPD SPD DIR MIN PSBL S-S WX SPD DR
================================================================================
1 66 38 52 M 13 0 M M M 11.7 18 230 M M 0 25 220
2 45 31 38 M 27 0 M M M 14.6 23 360 M M 3 32 360
3 45 27 36 M 29 0 M M M 9.1 15 350 M M 3 20 350
4 56 23 40 M 25 0 M M M 3.4 7 300 M M 0 M M
5 46 33 40 M 25 0 M M M 5.6 14 200 M M 8 17 260
6 64 32 48 M 17 0 M M M 7.1 10 330 M M 0 M M
7 68 32 50 M 15 0 M M M 3.5 7 270 M M 0 M M
8 73 34 54 M 11 0 M M M 5.5 9 240 M M 0 M M
9 72 38 55 M 10 0 M M M 7.0 13 240 M M 0 17 220
10 80 39 60 M 5 0 0.10 M M 7.8 17 180 M M 4 23 180
11 66 47 57 M 8 0 0.02 M M 11.7 18 250 M M 2 31 250
12 59 35 47 M 18 0 M M M 8.5 16 130 M M 0 16 140
13 50 29 40 M 25 0 M M M 13.4 28 300 M M 3 36 300
14 52 22 37 M 28 0 M M M 10.0 20 160 M M 0 24 160
15 50 32 41 M 24 0 M M M 14.2 23 310 M M 3 8 32 320
16 56 23 40 M 25 0 M M M 4.7 12 230 M M 0 M M
17 61 25 43 M 22 0 M M M 6.8 14 170 M M 0 22 170
18 63 43 53 M 12 0 M M M 12.2 21 180 M M 0 26 170
19 59 32 46 M 19 0 M M M 8.8 14 270 M M 1 20 340
20 61 35 48 M 17 0 M M M 8.5 14 300 M M 0 17 10
21 67 31 49 M 16 0 M M M 3.7 7 200 M M 0 M M
22 71 35 53 M 12 0 M M M 9.4 18 200 M M 0 25 220
23 58 33 46 M 19 0 M M M 12.3 20 20 M M 0 8 33 20
24 58 23 41 M 24 0 M M M 9.8 17 310 M M 0 8 25 300
25 63 30 47 M 18 0 M M M 7.3 15 210 M M 0 21 210
26 67 36 52 M 13 0 M M M 10.0 18 210 M M 0 22 210
27 70 39 55 M 10 0 M M M 6.8 12 90 M M 0 M M
28 60 40 50 M 15 0 M M M 10.7 17 110 M M 2 23 90
29 71 49 60 M 5 0 M M M 16.3 29 180 M M 6 35 180
30 59 31 45 M 20 0 0.04 M M 15.2 25 50 M M 10 1 32 30
31 35 28 32 M 33 0 0.04 M M 9.8 15 30 M M 10 1 24 30
================================================================================
SM 1871 1025 560 0 0.20 M 285.5 M 55
================================================================================
AV 60.4 33.1 9.2 FASTST M M 2 MAX(MPH)
MISC ----> 29 180 36 300
================================================================================
NOTES:
# LAST OF SEVERAL OCCURRENCES
COLUMN 17 PEAK WIND IN M.P.H.
PRELIMINARY LOCAL CLIMATOLOGICAL DATA (WS FORM: F-6) , PAGE 2
STATION: MIDLAND AIRPARK
MONTH: DECEMBER
YEAR: 2020
LATITUDE: 32 2 N
LONGITUDE: 102 6 W
[TEMPERATURE DATA] [PRECIPITATION DATA] SYMBOLS USED IN COLUMN 16
AVERAGE MONTHLY: 46.7 TOTAL FOR MONTH: 0.20 1 = FOG OR MIST
DPTR FM NORMAL: 0.0 DPTR FM NORMAL: M 2 = FOG REDUCING VISIBILITY
HIGHEST: 80 ON 10 GRTST 24HR 0.10 ON 10-10 TO 1/4 MILE OR LESS
LOWEST: 22 ON 14 3 = THUNDER
SNOW, ICE PELLETS, HAIL 4 = ICE PELLETS
TOTAL MONTH: M 5 = HAIL
GRTST 24HR M ON M 6 = FREEZING RAIN OR DRIZZLE
GRTST DEPTH: M ON M 7 = DUSTSTORM OR SANDSTORM:
VSBY 1/2 MILE OR LESS
8 = SMOKE OR HAZE
[NO. OF DAYS WITH] [WEATHER - DAYS WITH] 9 = BLOWING SNOW
X = TORNADO
MAX 32 OR BELOW: 0 0.01 INCH OR MORE: 4
MAX 90 OR ABOVE: 0 0.10 INCH OR MORE: 1
MIN 32 OR BELOW: 16 0.50 INCH OR MORE: 0
MIN 0 OR BELOW: 0 1.00 INCH OR MORE: 0
[HDD (BASE 65) ]
TOTAL THIS MO. 560 CLEAR (SCALE 0-3) 25
DPTR FM NORMAL M PTCLDY (SCALE 4-7) 4
TOTAL FM JUL 1 919 CLOUDY (SCALE 8-10) 2
DPTR FM NORMAL M
[CDD (BASE 65) ]
TOTAL THIS MO. 0
DPTR FM NORMAL M [PRESSURE DATA]
TOTAL FM JAN 1 3053 HIGHEST SLP M ON M
DPTR FM NORMAL M LOWEST SLP M ON M
[REMARKS]
#FINAL-12-20#