000
CXUS51 KCTP 011421
CF6MDT
PRELIMINARY LOCAL CLIMATOLOGICAL DATA (WS FORM: F-6)
STATION: HARRISBURG PA
MONTH: JULY
YEAR: 2020
LATITUDE: 40 11 N
LONGITUDE: 76 46 W
TEMPERATURE IN F: :PCPN: SNOW: WIND :SUNSHINE: SKY :PK WND
================================================================================
1 2 3 4 5 6A 6B 7 8 9 10 11 12 13 14 15 16 17 18
12Z AVG MX 2MIN
DY MAX MIN AVG DEP HDD CDD WTR SNW DPTH SPD SPD DIR MIN PSBL S-S WX SPD DR
================================================================================
1 86 68 77 2 0 12 0.00 0.0 0 4.7 13 50 M M 4 24 20
2 93 69 81 6 0 16 0.00 0.0 0 7.4 14 330 M M 2 20 320
3 97 76 87 11 0 22 T 0.0 0 8.4 22 30 M M 4 30 40
4 94 73 84 8 0 19 0.00 0.0 0 4.3 12 30 M M 3 8 17 350
5 96 73 85 9 0 20 0.00 0.0 0 3.5 15 200 M M 6 8 18 210
6 97 73 85 9 0 20 0.22 0.0 0 6.0 26 150 M M 6 138 32 150
7 84 71 78 2 0 13 0.00 0.0 0 4.2 13 140 M M 8 8 15 140
8 92 76 84 8 0 19 0.03 0.0 0 4.8 20 140 M M 8 26 140
9 93 73 83 7 0 18 0.00 0.0 0 4.8 12 160 M M 4 18 15 120
10 80 74 77 1 0 12 0.15 0.0 0 7.4 15 310 M M 7 22 290
11 89 71 80 4 0 15 T 0.0 0 8.6 28 280 M M 6 34 280
12 91 68 80 4 0 15 0.17 0.0 0 4.9 29 220 M M 5 1 38 230
13 88 69 79 3 0 14 0.00 0.0 0 6.9 18 290 M M 5 1 27 360
14 89 67 78 2 0 13 0.00 0.0 0 5.3 22 300 M M 3 15 310
15 92 67 80 4 0 15 0.00 0.0 0 7.2 20 160 M M 3 8 24 130
16 85 72 79 3 0 14 0.01 0.0 0 12.2 21 150 M M 9 8 25 150
17 93 72 83 7 0 18 0.19 0.0 0 5.3 14 310 M M 7 18 17 140
18 97 67 82 6 0 17 0.00 0.0 0 3.5 14 210 M M 2 18 200
19 100 73 87 11 0 22 0.00 0.0 0 5.4 17 210 M M 4 24 250
20 98 79 89 13 0 24 0.00 0.0 0 6.7 17 270 M M 4 25 240
21 96 74 85 9 0 20 0.03 0.0 0 3.6 23 290 M M 5 8 28 280
22 95 72 84 8 0 19 0.11 0.0 0 5.3 16 210 M M 7 138 21 310
23 91 73 82 6 0 17 0.06 0.0 0 5.5 14 300 M M 8 18 18 280
24 88 74 81 5 0 16 0.38 0.0 0 5.5 16 130 M M 8 13 21 110
25 92 72 82 6 0 17 T 0.0 0 5.4 14 220 M M 7 18 18 220
26 95 74 85 9 0 20 0.00 0.0 0 6.8 18 300 M M 5 24 240
27 97 71 84 8 0 19 0.00 0.0 0 7.2 18 230 M M 4 8 26 220
28 91 79 85 9 0 20 T 0.0 0 7.5 17 290 M M 6 8 21 310
29 94 72 83 7 0 18 0.00 0.0 0 8.1 15 220 M M 2 8 21 190
30 96 72 84 8 0 19 T 0.0 0 3.4 18 210 M M 8 8 22 210
31 88 74 81 5 0 16 T 0.0 0 5.1 12 220 M M 7 22 40
================================================================================
SM 2857 2238 0 539 1.35 0.0 184.9 M 167
================================================================================
AV 92.2 72.2 6.0 FASTST M M 5 MAX(MPH)
MISC ----> 29 220 38 230
================================================================================
NOTES:
# LAST OF SEVERAL OCCURRENCES
COLUMN 17 PEAK WIND IN M.P.H.
PRELIMINARY LOCAL CLIMATOLOGICAL DATA (WS FORM: F-6) , PAGE 2
STATION: HARRISBURG PA
MONTH: JULY
YEAR: 2020
LATITUDE: 40 11 N
LONGITUDE: 76 46 W
[TEMPERATURE DATA] [PRECIPITATION DATA] SYMBOLS USED IN COLUMN 16
AVERAGE MONTHLY: 82.2 TOTAL FOR MONTH: 1.35 1 = FOG OR MIST
DPTR FM NORMAL: 6.3 DPTR FM NORMAL: -3.26 2 = FOG REDUCING VISIBILITY
HIGHEST: 100 ON 19 GRTST 24HR 0.44 ON 23-24 TO 1/4 MILE OR LESS
LOWEST: 67 ON 18,15 3 = THUNDER
SNOW, ICE PELLETS, HAIL 4 = ICE PELLETS
TOTAL MONTH: 0.0 INCH 5 = HAIL
GRTST 24HR 0.0 6 = FREEZING RAIN OR DRIZZLE
GRTST DEPTH: 0 7 = DUSTSTORM OR SANDSTORM:
VSBY 1/2 MILE OR LESS
8 = SMOKE OR HAZE
[NO. OF DAYS WITH] [WEATHER - DAYS WITH] 9 = BLOWING SNOW
X = TORNADO
MAX 32 OR BELOW: 0 0.01 INCH OR MORE: 10
MAX 90 OR ABOVE: 22 0.10 INCH OR MORE: 6
MIN 32 OR BELOW: 0 0.50 INCH OR MORE: 0
MIN 0 OR BELOW: 0 1.00 INCH OR MORE: 0
[HDD (BASE 65) ]
TOTAL THIS MO. 0 CLEAR (SCALE 0-3) 6
DPTR FM NORMAL 0 PTCLDY (SCALE 4-7) 22
TOTAL FM JUL 1 0 CLOUDY (SCALE 8-10) 3
DPTR FM NORMAL 0
[CDD (BASE 65) ]
TOTAL THIS MO. 539
DPTR FM NORMAL 201 [PRESSURE DATA]
TOTAL FM JAN 1 863 HIGHEST SLP 30.24 ON 16
DPTR FM NORMAL 247 LOWEST SLP 29.65 ON 11
[REMARKS]
#FINAL-07-20#