000
CXUS56 KPDT 011810
CF6MEH
PRELIMINARY LOCAL CLIMATOLOGICAL DATA (WS FORM: F-6)
STATION: MEACHAM OR
MONTH: APRIL
YEAR: 2021
LATITUDE: 45 30 N
LONGITUDE: 118 24 W
TEMPERATURE IN F: :PCPN: SNOW: WIND :SUNSHINE: SKY :PK WND
================================================================================
1 2 3 4 5 6A 6B 7 8 9 10 11 12 13 14 15 16 17 18
12Z AVG MX 2MIN
DY MAX MIN AVG DEP HDD CDD WTR SNW DPTH SPD SPD DIR MIN PSBL S-S WX SPD DR
================================================================================
1 65 33 49 11 16 0 0.00 M M 0.9 12 100 M M 0 23 90
2 63 29 46 8 19 0 0.00 M M 1.1 7 270 M M 0 13 270
3 60 30 45 6 20 0 0.00 M M 0.3 6 340 M M 0 10 10
4 54 27 41 2 24 0 0.07 M M 1.3 8 300 M M 3 8 17 330
5 45 23 34 -5 31 0 T M M 1.6 9 320 M M 4 17 360
6 60 20 40 1 25 0 0.00 M M 0.5 5 20 M M 0 10 90
7 59 26 43 4 22 0 0.00 M M 1.0 9 320 M M 2 17 300
8 44 26 35 -4 30 0 0.16 M M 2.3 10 280 M M 7 22 260
9 55 20 38 -2 27 0 0.00 M M 0.7 8 90 M M 0 14 90
10 39 30 35 -5 30 0 0.18 M M 3.5 13 270 M M 9 32 310
11 42 18 30 -10 35 0 0.00 M M 1.2 8 10 M M 2 16 350
12 49 15 32 -8 33 0 0.00 M M 1.7 10 50 M M 0 17 320
13 51 20 36 -4 29 0 0.00 M M 1.6 9 30 M M 0 21 10
14 50 21 36 -4 29 0 0.00 M M 1.7 9 30 M M 0 18 40
15 58 25 42 2 23 0 0.00 M M 1.4 9 30 M M 0 17 30
16 63 30 47 6 18 0 0.00 M M 2.8 13 60 M M 0 22 20
17 68 28 48 7 17 0 0.00 M M 0.7 8 90 M M 0 14 60
18 71 29 50 9 15 0 0.00 M M 2.0 9 300 M M 0 18 290
19 52 29 41 0 24 0 0.00 M M 2.1 9 280 M M 2 18 320
20 55 25 40 -1 25 0 0.00 M M 1.0 9 30 M M 0 15 30
21 60 24 42 0 23 0 0.00 M M 1.7 8 270 M M 0 15 260
22 62 30 46 4 19 0 0.00 M M 2.1 10 270 M M 2 21 230
23 61 30 46 4 19 0 0.00 M M 1.0 6 240 M M 0 10 280
24 49 35 42 0 23 0 0.30 M M 1.1 7 270 M M M 15 250
25 54 34 44 2 21 0 0.13 M M 0.3 7 260 M M M 1 14 290
26 55 32 44 1 21 0 0.00 M M 0.9 7 300 M M 7 17 250
27 60 28 44 1 21 0 0.00 M M 0.8 7 270 M M 0 17 260
28 68 30 49 6 16 0 0.00 M M 0.7 7 310 M M 0 14 260
29 81 37 59 16 6 0 0.00 M M 1.1 8 30 M M 0 14 310
30 69 35 52 8 13 0 0.00 M M 1.2 8 280 M M 2 17 280
================================================================================
SM 1722 819 674 0 0.84 M 40.3 M 40
================================================================================
AV 57.4 27.3 1.3 FASTST M M 1 MAX(MPH)
MISC ----> # 13 270 32 310
================================================================================
NOTES:
# LAST OF SEVERAL OCCURRENCES
COLUMN 17 PEAK WIND IN M.P.H.
PRELIMINARY LOCAL CLIMATOLOGICAL DATA (WS FORM: F-6) , PAGE 2
STATION: MEACHAM OR
MONTH: APRIL
YEAR: 2021
LATITUDE: 45 30 N
LONGITUDE: 118 24 W
[TEMPERATURE DATA] [PRECIPITATION DATA] SYMBOLS USED IN COLUMN 16
AVERAGE MONTHLY: 42.4 TOTAL FOR MONTH: 0.84 1 = FOG OR MIST
DPTR FM NORMAL: 1.8 DPTR FM NORMAL: -2.08 2 = FOG REDUCING VISIBILITY
HIGHEST: 81 ON 29 GRTST 24HR 0.30 ON 24-24 TO 1/4 MILE OR LESS
LOWEST: 15 ON 12 3 = THUNDER
SNOW, ICE PELLETS, HAIL 4 = ICE PELLETS
TOTAL MONTH: M 5 = HAIL
GRTST 24HR M ON M 6 = FREEZING RAIN OR DRIZZLE
GRTST DEPTH: M ON M 7 = DUSTSTORM OR SANDSTORM:
VSBY 1/2 MILE OR LESS
8 = SMOKE OR HAZE
[NO. OF DAYS WITH] [WEATHER - DAYS WITH] 9 = BLOWING SNOW
X = TORNADO
MAX 32 OR BELOW: 0 0.01 INCH OR MORE: 5
MAX 90 OR ABOVE: 0 0.10 INCH OR MORE: 4
MIN 32 OR BELOW: 25 0.50 INCH OR MORE: 0
MIN 0 OR BELOW: 0 1.00 INCH OR MORE: 0
[HDD (BASE 65) ]
TOTAL THIS MO. 674 CLEAR (SCALE 0-3) 24
DPTR FM NORMAL -56 PTCLDY (SCALE 4-7) 3
TOTAL FM JUL 1 6401 CLOUDY (SCALE 8-10) 3
DPTR FM NORMAL -1040
[CDD (BASE 65) ]
TOTAL THIS MO. 0
DPTR FM NORMAL 0 [PRESSURE DATA]
TOTAL FM JAN 1 0 HIGHEST SLP 30.32 ON 28
DPTR FM NORMAL 0 LOWEST SLP 29.65 ON 25
[REMARKS]
#FINAL-04-21#